000
CDUS45 KPIH 070744
CLISNT


CLIMATE REPORT
NATIONAL WEATHER SERVICE POCATELLO ID
1239 AM MST WED DEC 7 2016


...................................

...THE STANLEY ID CLIMATE SUMMARY FOR DECEMBER 6 2016...

CLIMATE NORMAL PERIOD 1981 TO 2010
CLIMATE RECORD PERIOD 1916 TO 2016


WEATHER ITEM   OBSERVED TIME   RECORD YEAR NORMAL DEPARTURE LAST
                VALUE   (LST)  VALUE       VALUE  FROM      YEAR
                                                  NORMAL
..................................................................
TEMPERATURE (F)
 YESTERDAY
  MAXIMUM         11    254 PM  60    1918  26    -15       36
  MINIMUM        -16    114 AM -30    1978   5    -21        8
  AVERAGE         -2                        15    -17       22

PRECIPITATION (IN)
  YESTERDAY        0.03          0.49 1971   0.04  -0.01     0.10
  MONTH TO DATE    0.53                      0.21   0.32     0.33
  SINCE OCT 1      5.99                      3.79   2.20     2.94
  SINCE JAN 1     16.98                     16.00   0.98    15.55

SNOWFALL (IN)
  YESTERDAY       MM
  MONTH TO DATE   MM
  SINCE DEC 1     MM
  SINCE JUL 1     MM
  SNOW DEPTH      MM

DEGREE DAYS
 HEATING
  YESTERDAY       67                        50     17       43
  MONTH TO DATE  305                       293     12      272
  SINCE DEC 1    305                       293     12      272
  SINCE JUL 1   2922                      3390   -468     3044

 COOLING
  YESTERDAY        0                         0      0        0
  MONTH TO DATE    0                         0      0        0
  SINCE DEC 1      0                         0      0        0
  SINCE JAN 1      4                         3      1       25
..................................................................


WIND (MPH)
  HIGHEST WIND SPEED     7   HIGHEST WIND DIRECTION     N (360)
  HIGHEST GUST SPEED    10   HIGHEST GUST DIRECTION     N (350)
  AVERAGE WIND SPEED     1.1


SKY COVER
  POSSIBLE SUNSHINE  MM
  AVERAGE SKY COVER 0.0


WEATHER CONDITIONS
 THE FOLLOWING WEATHER WAS RECORDED YESTERDAY.
  NO SIGNIFICANT WEATHER WAS OBSERVED.


RELATIVE HUMIDITY (PERCENT)
 HIGHEST    88           600 PM
 LOWEST     70           200 AM
 AVERAGE    79

..........................................................


THE STANLEY ID CLIMATE NORMALS FOR TODAY
                         NORMAL    RECORD    YEAR
 MAXIMUM TEMPERATURE (F)   25        52      1918
                                             1987
 MINIMUM TEMPERATURE (F)    5       -29      1978


SUNRISE AND SUNSET
DECEMBER  7 2016......SUNRISE   802 AM MST   SUNSET   501 PM MST
DECEMBER  8 2016......SUNRISE   803 AM MST   SUNSET   501 PM MST


-  INDICATES NEGATIVE NUMBERS.
R  INDICATES RECORD WAS SET OR TIED.
MM INDICATES DATA IS MISSING.
T  INDICATES TRACE AMOUNT.




$$
