788
CDUS45 KPIH 230731
CLISNT


CLIMATE REPORT
NATIONAL WEATHER SERVICE POCATELLO ID
1230 AM MST MON JAN 23 2017


...................................

...THE STANLEY ID CLIMATE SUMMARY FOR JANUARY 22 2017...

CLIMATE NORMAL PERIOD 1981 TO 2010
CLIMATE RECORD PERIOD 1916 TO 2017


WEATHER ITEM   OBSERVED TIME   RECORD YEAR NORMAL DEPARTURE LAST
                VALUE   (LST)  VALUE       VALUE  FROM      YEAR
                                                  NORMAL
..................................................................
TEMPERATURE (F)
 YESTERDAY
  MAXIMUM         29   1115 AM  42    1919  28      1       40
  MINIMUM          8    822 AM -44    1927   2      6       10
  AVERAGE         19                        15      4       25

PRECIPITATION (IN)
  YESTERDAY       MM             1.10 1993   0.05  MM        0.00
  MONTH TO DATE    0.00                      1.14  -1.14     1.54
  SINCE OCT 1     11.33                      5.99   5.34     9.11
  SINCE JAN 1      0.00                      1.14  -1.14     1.54

SNOWFALL (IN)
  YESTERDAY       MM
  MONTH TO DATE   MM
  SINCE DEC 1     MM
  SINCE JUL 1     MM
  SNOW DEPTH      MM

DEGREE DAYS
 HEATING
  YESTERDAY       46                        50     -4       40
  MONTH TO DATE 1294                      1120    174     1067
  SINCE DEC 1   3039                      2685    354     2570
  SINCE JUL 1   5656                      5782   -126     5342

 COOLING
  YESTERDAY        0                         0      0        0
  MONTH TO DATE    0                         0      0        0
  SINCE DEC 1      0                         0      0        0
  SINCE JAN 1      0                         0      0        0
..................................................................


WIND (MPH)
  HIGHEST WIND SPEED    22   HIGHEST WIND DIRECTION    SE (150)
  HIGHEST GUST SPEED    31   HIGHEST GUST DIRECTION    SE (150)
  AVERAGE WIND SPEED     6.9


SKY COVER
  POSSIBLE SUNSHINE  MM
  AVERAGE SKY COVER 0.0


WEATHER CONDITIONS
 THE FOLLOWING WEATHER WAS RECORDED YESTERDAY.
  NO SIGNIFICANT WEATHER WAS OBSERVED.


RELATIVE HUMIDITY (PERCENT)
 HIGHEST    96           500 AM
 LOWEST     63          1100 AM
 AVERAGE    80

..........................................................


THE STANLEY ID CLIMATE NORMALS FOR TODAY
                         NORMAL    RECORD    YEAR
 MAXIMUM TEMPERATURE (F)   28        45      1923
 MINIMUM TEMPERATURE (F)    1       -27      1997


SUNRISE AND SUNSET
JANUARY 23 2017.......SUNRISE   806 AM MST   SUNSET   538 PM MST
JANUARY 24 2017.......SUNRISE   805 AM MST   SUNSET   539 PM MST


-  INDICATES NEGATIVE NUMBERS.
R  INDICATES RECORD WAS SET OR TIED.
MM INDICATES DATA IS MISSING.
T  INDICATES TRACE AMOUNT.




$$
