716
CDUS45 KPIH 262329
CLISNT


CLIMATE REPORT
NATIONAL WEATHER SERVICE POCATELLO ID
428 PM MST SUN FEB 26 2017


...................................

...THE STANLEY ID CLIMATE SUMMARY FOR FEBRUARY 26 2017...
VALID TODAY AS OF 0400 PM LOCAL TIME.

CLIMATE NORMAL PERIOD 1981 TO 2010
CLIMATE RECORD PERIOD 1916 TO 2017


WEATHER ITEM   OBSERVED TIME   RECORD YEAR NORMAL DEPARTURE LAST
                VALUE   (LST)  VALUE       VALUE  FROM      YEAR
                                                  NORMAL
..................................................................
TEMPERATURE (F)
 TODAY
  MAXIMUM         24    218 PM  50    2006  37    -13       48
                                      1986
  MINIMUM          9    455 AM -23    1964   7      2        3
  AVERAGE         17                        22     -5       26

PRECIPITATION (IN)
  TODAY            0.00          0.47 2009   0.07  -0.07     0.00
  MONTH TO DATE    6.74                      1.65   5.09     1.03
  SINCE OCT 1     18.33                      8.02  10.31    11.05
  SINCE JAN 1      7.00                      3.17   3.83     3.48

SNOWFALL (IN)
  TODAY           MM
  MONTH TO DATE   MM
  SINCE DEC 1     MM
  SINCE JUL 1     MM
  SNOW DEPTH      MM

DEGREE DAYS
 HEATING
  TODAY           48                        43      5       39
  MONTH TO DATE 1019                      1220   -201     1079
  SINCE DEC 1   4545                      4352    193     4072
  SINCE JUL 1   7162                      7449   -287     6844

 COOLING
  TODAY            0                         0      0        0
  MONTH TO DATE    0                         0      0        0
  SINCE DEC 1      0                         0      0        0
  SINCE JAN 1      0                         0      0        0
..................................................................


WIND (MPH)
  HIGHEST WIND SPEED    16   HIGHEST WIND DIRECTION    SE (150)
  HIGHEST GUST SPEED    24   HIGHEST GUST DIRECTION     S (160)
  AVERAGE WIND SPEED     6.6


SKY COVER
  POSSIBLE SUNSHINE  MM
  AVERAGE SKY COVER 0.0


WEATHER CONDITIONS
 THE FOLLOWING WEATHER WAS RECORDED TODAY.
  NO SIGNIFICANT WEATHER WAS OBSERVED.


RELATIVE HUMIDITY (PERCENT)
 HIGHEST    84           900 AM
 LOWEST     50           200 PM
 AVERAGE    67

..........................................................


THE STANLEY ID CLIMATE NORMALS FOR TOMORROW
                         NORMAL    RECORD    YEAR
 MAXIMUM TEMPERATURE (F)   37        54      2001
 MINIMUM TEMPERATURE (F)    7       -27      1993


SUNRISE AND SUNSET
FEBRUARY 26 2017......SUNRISE   721 AM MST   SUNSET   624 PM MST
FEBRUARY 27 2017......SUNRISE   720 AM MST   SUNSET   626 PM MST


-  INDICATES NEGATIVE NUMBERS.
R  INDICATES RECORD WAS SET OR TIED.
MM INDICATES DATA IS MISSING.
T  INDICATES TRACE AMOUNT.




$$
