000
CDUS45 KPIH 040742
CLISNT


CLIMATE REPORT
NATIONAL WEATHER SERVICE POCATELLO ID
132 AM MDT TUE AUG 4 2015


...................................

...THE STANLEY ID CLIMATE SUMMARY FOR AUGUST 3 2015...

CLIMATE NORMAL PERIOD 1981 TO 2010
CLIMATE RECORD PERIOD 1916 TO 2015


WEATHER ITEM   OBSERVED TIME   RECORD YEAR NORMAL DEPARTURE LAST
                VALUE   (LST)  VALUE       VALUE  FROM      YEAR
                                                  NORMAL
..................................................................
TEMPERATURE (F)
 YESTERDAY
  MAXIMUM         79   1250 PM  89    1969  80     -1       87
  MINIMUM         44    426 AM  22    1980  37      7       46
  AVERAGE         62                        59      3       67

PRECIPITATION (IN)
  YESTERDAY        0.00          0.87 1973   0.02  -0.02     0.03
  MONTH TO DATE    0.00                      0.06  -0.06     0.03
  SINCE OCT 1     16.66                     15.52   1.14    17.26
  SINCE JAN 1      9.95                     10.67  -0.72    13.65

SNOWFALL (IN)
  YESTERDAY       MM
  MONTH TO DATE   MM
  SINCE JUN 1     MM
  SINCE JUL 1     MM
  SNOW DEPTH      MM

DEGREE DAYS
 HEATING
  YESTERDAY        3                         6     -3        0
  MONTH TO DATE    6                        18    -12        2
  SINCE JUN 1    456                       713   -257      584
  SINCE JUL 1    222                       259    -37      114

 COOLING
  YESTERDAY        0                         0      0        2
  MONTH TO DATE    0                         0      0        4
  SINCE JUN 1     18                         3     15       16
  SINCE JAN 1     18                         3     15       16
..................................................................


WIND (MPH)
  HIGHEST WIND SPEED    15   HIGHEST WIND DIRECTION     W (250)
  HIGHEST GUST SPEED    22   HIGHEST GUST DIRECTION    SW (240)
  AVERAGE WIND SPEED     3.6


SKY COVER
  POSSIBLE SUNSHINE  MM
  AVERAGE SKY COVER 0.0


WEATHER CONDITIONS
 THE FOLLOWING WEATHER WAS RECORDED YESTERDAY.
  NO SIGNIFICANT WEATHER WAS OBSERVED.


RELATIVE HUMIDITY (PERCENT)
 HIGHEST    65           500 AM
 LOWEST     19          1200 PM
 AVERAGE    42

..........................................................


THE STANLEY ID CLIMATE NORMALS FOR TODAY
                         NORMAL    RECORD    YEAR
 MAXIMUM TEMPERATURE (F)   80        91      1979
 MINIMUM TEMPERATURE (F)   37        23      1928


SUNRISE AND SUNSET
AUGUST  4 2015........SUNRISE   631 AM MDT   SUNSET   900 PM MDT
AUGUST  5 2015........SUNRISE   632 AM MDT   SUNSET   859 PM MDT


-  INDICATES NEGATIVE NUMBERS.
R  INDICATES RECORD WAS SET OR TIED.
MM INDICATES DATA IS MISSING.
T  INDICATES TRACE AMOUNT.




$$
