000
CDUS45 KPIH 250730
CLISNT


CLIMATE REPORT
NATIONAL WEATHER SERVICE POCATELLO ID
129 AM MDT SAT MAR 25 2017


...................................

...THE STANLEY ID CLIMATE SUMMARY FOR MARCH 24 2017...

CLIMATE NORMAL PERIOD 1981 TO 2010
CLIMATE RECORD PERIOD 1916 TO 2017


WEATHER ITEM   OBSERVED TIME   RECORD YEAR NORMAL DEPARTURE LAST
                VALUE   (LST)  VALUE       VALUE  FROM      YEAR
                                                  NORMAL
..................................................................
TEMPERATURE (F)
 YESTERDAY
  MAXIMUM         43   1104 AM  58    1922  43      0       41
  MINIMUM         12    702 AM -19    1965  15     -3       25
  AVERAGE         28                        29     -1       33

PRECIPITATION (IN)
  YESTERDAY        0.23          0.42 1928   0.07   0.16     0.11
  MONTH TO DATE    3.83                      1.36   2.47     2.97
  SINCE OCT 1     22.26                      9.52  12.74    14.15
  SINCE JAN 1     10.93                      4.67   6.26     6.58

SNOWFALL (IN)
  YESTERDAY       MM
  MONTH TO DATE   MM
  SINCE MAR 1     MM
  SINCE JUL 1     MM
  SNOW DEPTH      MM

DEGREE DAYS
 HEATING
  YESTERDAY       37                        36      1       32
  MONTH TO DATE  767                       934   -167      816
  SINCE MAR 1    767                       934   -167      816
  SINCE JUL 1   8024                      8468   -444     7766

 COOLING
  YESTERDAY        0                         0      0        0
  MONTH TO DATE    0                         0      0        0
  SINCE MAR 1      0                         0      0        0
  SINCE JAN 1      0                         0      0        0
..................................................................


WIND (MPH)
  HIGHEST WIND SPEED    22   HIGHEST WIND DIRECTION     S (160)
  HIGHEST GUST SPEED    33   HIGHEST GUST DIRECTION    SE (150)
  AVERAGE WIND SPEED     7.6


SKY COVER
  POSSIBLE SUNSHINE  MM
  AVERAGE SKY COVER 0.0


WEATHER CONDITIONS
 THE FOLLOWING WEATHER WAS RECORDED YESTERDAY.
  NO SIGNIFICANT WEATHER WAS OBSERVED.


RELATIVE HUMIDITY (PERCENT)
 HIGHEST   100           700 PM
 LOWEST     43          1100 AM
 AVERAGE    72

..........................................................


THE STANLEY ID CLIMATE NORMALS FOR TODAY
                         NORMAL    RECORD    YEAR
 MAXIMUM TEMPERATURE (F)   43        54      2012
 MINIMUM TEMPERATURE (F)   15       -11      1923


SUNRISE AND SUNSET
MARCH 25 2017.........SUNRISE   733 AM MDT   SUNSET   759 PM MDT
MARCH 26 2017.........SUNRISE   731 AM MDT   SUNSET   800 PM MDT


-  INDICATES NEGATIVE NUMBERS.
R  INDICATES RECORD WAS SET OR TIED.
MM INDICATES DATA IS MISSING.
T  INDICATES TRACE AMOUNT.




$$
