000
CDUS45 KPIH 252348
CLISNT


CLIMATE REPORT
NATIONAL WEATHER SERVICE POCATELLO ID
547 PM MDT SUN JUN 25 2017


...................................

...THE STANLEY ID CLIMATE SUMMARY FOR JUNE 25 2017...
VALID TODAY AS OF 0500 PM LOCAL TIME.

CLIMATE NORMAL PERIOD 1981 TO 2010
CLIMATE RECORD PERIOD 1916 TO 2017


WEATHER ITEM   OBSERVED TIME   RECORD YEAR NORMAL DEPARTURE LAST
                VALUE   (LST)  VALUE       VALUE  FROM      YEAR
                                                  NORMAL
..................................................................
TEMPERATURE (F)
 TODAY
  MAXIMUM         85    323 PM  90    1988  70     15       73
  MINIMUM         34    451 AM  23    1919  34      0       24
  AVERAGE         60                        52      8       49

PRECIPITATION (IN)
  TODAY            0.00          0.65 1998   0.05  -0.05     0.00
  MONTH TO DATE    0.82                      1.19  -0.37     0.38
  SINCE OCT 1     27.51                     14.57  12.94    16.97
  SINCE JAN 1     16.18                      9.72   6.46     9.40

SNOWFALL (IN)
  TODAY           MM
  MONTH TO DATE   MM
  SINCE JUN 1     MM
  SINCE JUL 1     MM
  SNOW DEPTH      MM

DEGREE DAYS
 HEATING
  TODAY            5                        13     -8       16
  MONTH TO DATE  302                       394    -92      286
  SINCE JUN 1    302                       394    -92      286
  SINCE JUL 1  10105                     10736   -631     9663

 COOLING
  TODAY            0                         0      0        0
  MONTH TO DATE    2                         0      2        0
  SINCE JUN 1      2                         0      2        0
  SINCE JAN 1      2                         0      2        0
..................................................................


WIND (MPH)
  HIGHEST WIND SPEED    10   HIGHEST WIND DIRECTION    NE (30)
  HIGHEST GUST SPEED    13   HIGHEST GUST DIRECTION    NE (30)
  AVERAGE WIND SPEED     4.1


SKY COVER
  POSSIBLE SUNSHINE  MM
  AVERAGE SKY COVER 0.0


WEATHER CONDITIONS
 THE FOLLOWING WEATHER WAS RECORDED TODAY.
  NO SIGNIFICANT WEATHER WAS OBSERVED.


RELATIVE HUMIDITY (PERCENT)
 HIGHEST    96           500 AM
 LOWEST     13           400 PM
 AVERAGE    55

..........................................................


THE STANLEY ID CLIMATE NORMALS FOR TOMORROW
                         NORMAL    RECORD    YEAR
 MAXIMUM TEMPERATURE (F)   71        91      1988
 MINIMUM TEMPERATURE (F)   34        15      1976


SUNRISE AND SUNSET
JUNE 25 2017..........SUNRISE   558 AM MDT   SUNSET   927 PM MDT
JUNE 26 2017..........SUNRISE   558 AM MDT   SUNSET   927 PM MDT


-  INDICATES NEGATIVE NUMBERS.
R  INDICATES RECORD WAS SET OR TIED.
MM INDICATES DATA IS MISSING.
T  INDICATES TRACE AMOUNT.




$$
