000
CDUS45 KCYS 290734
CLISNY


CLIMATE REPORT
NATIONAL WEATHER SERVICE CHEYENNE WY
1233 AM MST THU JAN 29 2015


...................................

...THE SIDNEY NE AIRPORT CLIMATE SUMMARY FOR JANUARY 28 2015...

CLIMATE NORMAL PERIOD 1981 TO 2010
CLIMATE RECORD PERIOD 1948 TO 2015


WEATHER ITEM   OBSERVED TIME   RECORD YEAR NORMAL DEPARTURE LAST
                VALUE   (LST)  VALUE       VALUE  FROM      YEAR
                                                  NORMAL
..................................................................
TEMPERATURE (F)
 YESTERDAY
  MAXIMUM         58   1256 PM  65    2011  42     16       32
  MINIMUM         36   1159 PM -23    1948  17     19        1
  AVERAGE         47                        30     17       17

PRECIPITATION (IN)
  YESTERDAY        0.00          0.24 1951   0.01  -0.01     0.00
  MONTH TO DATE    0.03                      0.18  -0.15     0.05
  SINCE JAN 1      0.03                      0.18  -0.15     0.05

DEGREE DAYS
 HEATING
  YESTERDAY       18                        36    -18       48
  MONTH TO DATE 1020                      1008     12      994
  SINCE DEC 1   2223                      2133     90     2136
  SINCE JUL 1   3713                      3555    158     3628

 COOLING
  YESTERDAY        0                         0      0        0
  MONTH TO DATE    0                         0      0        0
  SINCE DEC 1      0                         0      0        0
  SINCE JAN 1      0                         0      0        0
..................................................................


WIND (MPH)
  HIGHEST WIND SPEED    44   HIGHEST WIND DIRECTION    NW (300)
  HIGHEST GUST SPEED    55   HIGHEST GUST DIRECTION     W (290)
  AVERAGE WIND SPEED    19.3


SKY COVER
  AVERAGE SKY COVER 0.2


WEATHER CONDITIONS
 THE FOLLOWING WEATHER WAS RECORDED YESTERDAY.
  NO SIGNIFICANT WEATHER WAS OBSERVED.


RELATIVE HUMIDITY (PERCENT)
 HIGHEST    85           700 PM
 LOWEST     38          1000 AM
 AVERAGE    62

..........................................................


THE SIDNEY NE AIRPORT CLIMATE NORMALS FOR TODAY
                         NORMAL    RECORD    YEAR
 MAXIMUM TEMPERATURE (F)   42        62      2012
                                             1967
 MINIMUM TEMPERATURE (F)   17       -17      1949


SUNRISE AND SUNSET
JANUARY 29 2015.......SUNRISE   706 AM MST   SUNSET   505 PM MST
JANUARY 30 2015.......SUNRISE   705 AM MST   SUNSET   506 PM MST


-  INDICATES NEGATIVE NUMBERS.
R  INDICATES RECORD WAS SET OR TIED.
MM INDICATES DATA IS MISSING.
T  INDICATES TRACE AMOUNT.




$$
