000
CDUS45 KPUB 291051
CLISPD


CLIMATE REPORT
NATIONAL WEATHER SERVICE PUEBLO
451 AM MDT WED MAR 29 2017


...................................

...THE SPRINGFIELD CO CLIMATE SUMMARY FOR MARCH 28 2017...

CLIMATE NORMAL PERIOD 1981 TO 2010
CLIMATE RECORD PERIOD 9999 TO 9999


WEATHER ITEM   OBSERVED TIME   NORMAL DEPARTURE LAST
                VALUE   (LST)  VALUE  FROM      YEAR
                                      NORMAL
......................................................
TEMPERATURE (F)
 YESTERDAY
  MAXIMUM         46   1256 PM  62    -16       75
  MINIMUM         38   1159 PM  31      7       28
  AVERAGE         42                            52

PRECIPITATION (IN)
  YESTERDAY       MM             0.05  MM        0.00
  MONTH TO DATE    0.02          0.99  -0.97     0.06
  SINCE MAR 1      0.02          0.99  -0.97     0.06
  SINCE JAN 1      0.21          1.80  -1.59     0.38

DEGREE DAYS
 HEATING
  YESTERDAY       23            19      4       13
  MONTH TO DATE  465           632   -167      598
  SINCE MAR 1    465           632   -167      598
  SINCE JUL 1   4055          4638   -583     4274

 COOLING
  YESTERDAY        0             0      0        0
  MONTH TO DATE    0             0      0        0
  SINCE MAR 1      0             0      0        0
  SINCE JAN 1      0             0      0        0
......................................................


WIND (MPH)
  HIGHEST WIND SPEED    25   HIGHEST WIND DIRECTION    NE (40)
  HIGHEST GUST SPEED    31   HIGHEST GUST DIRECTION    NE (30)
  AVERAGE WIND SPEED    13.5


SKY COVER
  POSSIBLE SUNSHINE  MM



RELATIVE HUMIDITY (PERCENT)
 HIGHEST   100           900 AM
 LOWEST     76          1200 AM
 AVERAGE    88

..........................................................


THE SPRINGFIELD CO CLIMATE NORMALS FOR TODAY
                         NORMAL    RECORD    YEAR
 MAXIMUM TEMPERATURE (F)   62        MM        MM
 MINIMUM TEMPERATURE (F)   31        MM        MM


SUNRISE AND SUNSET
MARCH 29 2017.........SUNRISE   640 AM MDT   SUNSET   711 PM MDT
MARCH 30 2017.........SUNRISE   639 AM MDT   SUNSET   712 PM MDT


-  INDICATES NEGATIVE NUMBERS.
R  INDICATES RECORD WAS SET OR TIED.
MM INDICATES DATA IS MISSING.
T  INDICATES TRACE AMOUNT.




$$
