000
CDUS43 KILX 240700
CLISPI


CLIMATE REPORT
NATIONAL WEATHER SERVICE LINCOLN IL
157 AM CDT FRI MAR 24 2017


...................................

...THE SPRINGFIELD IL CLIMATE SUMMARY FOR MARCH 23 2017...

CLIMATE NORMAL PERIOD 1981 TO 2010
CLIMATE RECORD PERIOD 1879 TO 2017


WEATHER ITEM   OBSERVED TIME   RECORD YEAR NORMAL DEPARTURE LAST
                VALUE   (LST)  VALUE       VALUE  FROM      YEAR
                                                  NORMAL
..................................................................
TEMPERATURE (F)
 YESTERDAY
  MAXIMUM         50   1159 PM  86    1910  55     -5       71
  MINIMUM         36    311 AM   5    1974  35      1       54
  AVERAGE         43                        45     -2       63

PRECIPITATION (IN)
  YESTERDAY        0.07          2.67 1936   0.09  -0.02     0.00
  MONTH TO DATE    1.43                      1.90  -0.47     1.88
  SINCE MAR 1      1.43                      1.90  -0.47     1.88
  SINCE JAN 1      2.90                      5.53  -2.63     4.21

SNOWFALL (IN)
  YESTERDAY        0.0           3.8  1933   0.1   -0.1      0.0
  MONTH TO DATE    4.6                       2.2    2.4      0.1
  SINCE MAR 1      4.6                       2.2    2.4      0.1
  SINCE JUL 1     10.3                      20.3   RRRR     15.7
  SNOW DEPTH       0

DEGREE DAYS
 HEATING
  YESTERDAY       22                        20      2        2
  MONTH TO DATE  513                       562    -49      347
  SINCE MAR 1    513                       562    -49      347
  SINCE JUL 1   3768                      4833  -1065     3773

 COOLING
  YESTERDAY        0                         0      0        0
  MONTH TO DATE    0                         0      0        0
  SINCE MAR 1      0                         0      0        0
  SINCE JAN 1      0                         0      0        0
..................................................................


WIND (MPH)
  HIGHEST WIND SPEED    23   HIGHEST WIND DIRECTION     S (160)
  HIGHEST GUST SPEED    32   HIGHEST GUST DIRECTION    SE (150)
  AVERAGE WIND SPEED    15.0


SKY COVER
  POSSIBLE SUNSHINE  MM
  AVERAGE SKY COVER 0.6


WEATHER CONDITIONS
 THE FOLLOWING WEATHER WAS RECORDED YESTERDAY.
  LIGHT RAIN
  FOG


RELATIVE HUMIDITY (PERCENT)
 HIGHEST    83           300 PM
 LOWEST     52          1200 AM
 AVERAGE    68

..........................................................


THE SPRINGFIELD IL CLIMATE NORMALS FOR TODAY
                         NORMAL    RECORD    YEAR
 MAXIMUM TEMPERATURE (F)   56        84      1929
                                             1910
 MINIMUM TEMPERATURE (F)   35         3      1974


SUNRISE AND SUNSET
MARCH 24 2017.........SUNRISE   655 AM CDT   SUNSET   715 PM CDT
MARCH 25 2017.........SUNRISE   654 AM CDT   SUNSET   716 PM CDT


-  INDICATES NEGATIVE NUMBERS.
R  INDICATES RECORD WAS SET OR TIED.
MM INDICATES DATA IS MISSING.
T  INDICATES TRACE AMOUNT.




$$
