000
CDUS43 KILX 240640
CLISPI


CLIMATE REPORT
NATIONAL WEATHER SERVICE LINCOLN IL
139 AM CDT SUN MAY 24 2015


...................................

...THE SPRINGFIELD IL CLIMATE SUMMARY FOR MAY 23 2015...

CLIMATE NORMAL PERIOD 1981 TO 2010
CLIMATE RECORD PERIOD 1879 TO 2015


WEATHER ITEM   OBSERVED TIME   RECORD YEAR NORMAL DEPARTURE LAST
                VALUE   (LST)  VALUE       VALUE  FROM      YEAR
                                                  NORMAL
..................................................................
TEMPERATURE (F)
 YESTERDAY
  MAXIMUM         81    334 PM  92    1964  77      4       83
                                      1921
  MINIMUM         54    428 AM  36    1963  55     -1       53
                                      1961
  AVERAGE         68                        66      2       68

PRECIPITATION (IN)
  YESTERDAY        0.00          1.97 1968   0.13  -0.13     0.00
  MONTH TO DATE    3.28                      3.10   0.18     2.15
  SINCE MAR 1      6.96                      9.24  -2.28     8.25
  SINCE JAN 1     10.24                     12.87  -2.63    13.68

SNOWFALL (IN)
  YESTERDAY        0.0           0.0    MM   0.0    0.0      0.0
  MONTH TO DATE    0.0                       0.0    0.0      0.0
  SINCE MAR 1      3.7                       2.8    0.9      3.4
  SINCE JUL 1     33.9                      20.9   13.0     45.7
  SNOW DEPTH       0

DEGREE DAYS
 HEATING
  YESTERDAY        0                         3     -3        0
  MONTH TO DATE   70                       109    -39      115
  SINCE MAR 1   1085                      1183    -98     1259
  SINCE JUL 1   5654                      5454    200     6206

 COOLING
  YESTERDAY        3                         4     -1        3
  MONTH TO DATE  100                        50     50       87
  SINCE MAR 1    110                        70     40       97
  SINCE JAN 1    110                        70     40       97
..................................................................


WIND (MPH)
  HIGHEST WIND SPEED    20   HIGHEST WIND DIRECTION     S (170)
  HIGHEST GUST SPEED    26   HIGHEST GUST DIRECTION    SE (130)
  AVERAGE WIND SPEED     7.7


SKY COVER
  POSSIBLE SUNSHINE  MM
  AVERAGE SKY COVER 0.2


WEATHER CONDITIONS
 THE FOLLOWING WEATHER WAS RECORDED YESTERDAY.
  NO SIGNIFICANT WEATHER WAS OBSERVED.


RELATIVE HUMIDITY (PERCENT)
 HIGHEST    87           600 AM
 LOWEST     33           100 PM
 AVERAGE    60

..........................................................


THE SPRINGFIELD IL CLIMATE NORMALS FOR TODAY
                         NORMAL    RECORD    YEAR
 MAXIMUM TEMPERATURE (F)   77        94      1939
 MINIMUM TEMPERATURE (F)   55        37      1925


SUNRISE AND SUNSET
MAY 24 2015...........SUNRISE   537 AM CDT   SUNSET   815 PM CDT
MAY 25 2015...........SUNRISE   536 AM CDT   SUNSET   815 PM CDT


-  INDICATES NEGATIVE NUMBERS.
R  INDICATES RECORD WAS SET OR TIED.
MM INDICATES DATA IS MISSING.
T  INDICATES TRACE AMOUNT.




$$
