000
CDUS43 KILX 252238
CLISPI


CLIMATE REPORT
NATIONAL WEATHER SERVICE LINCOLN IL
437 PM CST SUN JAN 25 2015


...................................

...THE SPRINGFIELD IL CLIMATE SUMMARY FOR JANUARY 25 2015...
VALID TODAY AS OF 0400 PM LOCAL TIME.

CLIMATE NORMAL PERIOD 1981 TO 2010
CLIMATE RECORD PERIOD 1879 TO 2015


WEATHER ITEM   OBSERVED TIME   RECORD YEAR NORMAL DEPARTURE LAST
                VALUE   (LST)  VALUE       VALUE  FROM      YEAR
                                                  NORMAL
..................................................................
TEMPERATURE (F)
 TODAY
  MAXIMUM         44    132 AM  70    1950  35      9       37
  MINIMUM         36    359 PM -17    1894  19     17       14
  AVERAGE         40                        27     13       26

PRECIPITATION (IN)
  TODAY            0.15          0.77 1950   0.06   0.09      T
  MONTH TO DATE    1.14                      1.50  -0.36     2.11
  SINCE DEC 1      3.09                      4.02  -0.93     3.71
  SINCE JAN 1      1.14                      1.50  -0.36     2.11

SNOWFALL (IN)
  TODAY            0.0           4.2  1895   0.2   -0.2       T
  MONTH TO DATE    3.1                       5.1   -2.0     15.9
  SINCE DEC 1      3.6                      10.7   -7.1     24.1
  SINCE JUL 1      7.3                      11.3   -4.0     24.8
  SNOW DEPTH       0

DEGREE DAYS
 HEATING
  TODAY           25                        38    -13       39
  MONTH TO DATE  958                       957      1     1083
  SINCE DEC 1   1894                      2029   -135     2247
  SINCE JUL 1   3130                      3097     33     3429

 COOLING
  TODAY            0                         0      0        0
  MONTH TO DATE    0                         0      0        0
  SINCE DEC 1      0                         0      0        0
  SINCE JAN 1      0                         0      0        0
..................................................................


WIND (MPH)
  HIGHEST WIND SPEED    21   HIGHEST WIND DIRECTION     N (20)
  HIGHEST GUST SPEED    28   HIGHEST GUST DIRECTION    NE (30)
  AVERAGE WIND SPEED     7.9


SKY COVER
  POSSIBLE SUNSHINE  MM
  AVERAGE SKY COVER 0.9


WEATHER CONDITIONS
 THE FOLLOWING WEATHER WAS RECORDED TODAY.
  RAIN
  LIGHT RAIN
  FOG


RELATIVE HUMIDITY (PERCENT)
 HIGHEST   100           800 AM
 LOWEST     67          1200 AM
 AVERAGE    84

..........................................................


THE SPRINGFIELD IL CLIMATE NORMALS FOR TOMORROW
                         NORMAL    RECORD    YEAR
 MAXIMUM TEMPERATURE (F)   35        66      1911
 MINIMUM TEMPERATURE (F)   19        -9      1897


SUNRISE AND SUNSET
JANUARY 25 2015.......SUNRISE   713 AM CST   SUNSET   510 PM CST
JANUARY 26 2015.......SUNRISE   712 AM CST   SUNSET   511 PM CST


-  INDICATES NEGATIVE NUMBERS.
R  INDICATES RECORD WAS SET OR TIED.
MM INDICATES DATA IS MISSING.
T  INDICATES TRACE AMOUNT.




$$
