000
CDUS43 KILX 020630
CLISPI


CLIMATE REPORT
NATIONAL WEATHER SERVICE LINCOLN IL
129 AM CDT THU JUL 2 2015


...................................

...THE SPRINGFIELD IL CLIMATE SUMMARY FOR JULY 1 2015...

CLIMATE NORMAL PERIOD 1981 TO 2010
CLIMATE RECORD PERIOD 1879 TO 2015


WEATHER ITEM   OBSERVED TIME   RECORD YEAR NORMAL DEPARTURE LAST
                VALUE   (LST)  VALUE       VALUE  FROM      YEAR
                                                  NORMAL
..................................................................
TEMPERATURE (F)
 YESTERDAY
  MAXIMUM         84    109 PM 102    1931  86     -2       85
  MINIMUM         68   1159 PM  51    1984  65      3       68
  AVERAGE         76                        76      0       77

PRECIPITATION (IN)
  YESTERDAY        0.12          3.18 1993   0.13  -0.01     0.03
  MONTH TO DATE    0.12                      0.13  -0.01     0.03
  SINCE JUN 1      9.26                      4.59   4.67     8.90
  SINCE JAN 1     22.17                     18.60   3.57    23.19

SNOWFALL (IN)
  YESTERDAY        0.0           0.0    MM   0.0    0.0      0.0
  MONTH TO DATE    0.0                       0.0    0.0      0.0
  SINCE JUN 1      0.0                       0.0    0.0      0.0
  SINCE JUL 1      0.0                       0.0    0.0      0.0
  SNOW DEPTH       0

DEGREE DAYS
 HEATING
  YESTERDAY        0                         0      0        0
  MONTH TO DATE    0                         0      0        0
  SINCE JUN 1      3                        15    -12        0
  SINCE JUL 1      0                         0      0        0

 COOLING
  YESTERDAY       11                        11      0       12
  MONTH TO DATE   11                        11      0       12
  SINCE JUN 1    309                       251     58      318
  SINCE JAN 1    475                       355    120      494
..................................................................


WIND (MPH)
  HIGHEST WIND SPEED    17   HIGHEST WIND DIRECTION    NE (60)
  HIGHEST GUST SPEED    22   HIGHEST GUST DIRECTION     E (70)
  AVERAGE WIND SPEED     6.4


SKY COVER
  POSSIBLE SUNSHINE  MM
  AVERAGE SKY COVER 0.4


WEATHER CONDITIONS
 THE FOLLOWING WEATHER WAS RECORDED YESTERDAY.
  HEAVY RAIN
  LIGHT RAIN
  FOG
  HAZE


RELATIVE HUMIDITY (PERCENT)
 HIGHEST    93           700 AM
 LOWEST     63           100 PM
 AVERAGE    78

..........................................................


THE SPRINGFIELD IL CLIMATE NORMALS FOR TODAY
                         NORMAL    RECORD    YEAR
 MAXIMUM TEMPERATURE (F)   86       102      1925
 MINIMUM TEMPERATURE (F)   65        53      1995
                                             1904


SUNRISE AND SUNSET
JULY  2 2015..........SUNRISE   534 AM CDT   SUNSET   831 PM CDT
JULY  3 2015..........SUNRISE   535 AM CDT   SUNSET   831 PM CDT


-  INDICATES NEGATIVE NUMBERS.
R  INDICATES RECORD WAS SET OR TIED.
MM INDICATES DATA IS MISSING.
T  INDICATES TRACE AMOUNT.




$$
