000
CDUS44 KOUN 120819
CLISPS

CLIMATE REPORT
NATIONAL WEATHER SERVICE NORMAN OK
209 AM CST FRI FEB 12 2016


...................................

...THE WICHITA FALLS CLIMATE SUMMARY FOR FEBRUARY 11 2016...

CLIMATE NORMAL PERIOD 1981 TO 2010
CLIMATE RECORD PERIOD 1897 TO 2016


WEATHER ITEM   OBSERVED TIME   RECORD YEAR NORMAL DEPARTURE LAST
                VALUE   (LST)  VALUE       VALUE  FROM      YEAR
                                                  NORMAL
..................................................................
TEMPERATURE (F)
 YESTERDAY
  MAXIMUM         70    402 PM  88    1962  57     13       61
  MINIMUM         40   1159 PM   7    1988  33      7       41
  AVERAGE         55                        45     10       51

PRECIPITATION (IN)
  YESTERDAY        0.00          1.03 1977   0.06  -0.06     0.00
  MONTH TO DATE    0.01                      0.56  -0.55      T
  SINCE JAN 1      0.44                      1.70  -1.26     2.17

SNOWFALL (IN)
  YESTERDAY        0.0                       0.0    0.0      0.0
  MONTH TO DATE    0.0                       0.3   -0.3      0.0
  SINCE JUL 1      2.6                       3.0   -0.4      2.3
  SNOW DEPTH       0

DEGREE DAYS
 HEATING
  YESTERDAY       10                        20    -10       14
  MONTH TO DATE  207                       231    -24      194
  SINCE JUL 1   1776                      2141   -365     2010
..................................................................


WIND (MPH)
  HIGHEST WIND SPEED    18   HIGHEST WIND DIRECTION    SW (240)
  HIGHEST GUST SPEED    25   HIGHEST GUST DIRECTION    SW (230)
  AVERAGE WIND SPEED     9.8


SKY COVER
  AVERAGE SKY COVER 0.1


WEATHER CONDITIONS
 THE FOLLOWING WEATHER WAS RECORDED YESTERDAY.
  NO SIGNIFICANT WEATHER WAS OBSERVED.


RELATIVE HUMIDITY (PERCENT)
 HIGHEST    70           900 PM
 LOWEST     26           200 PM
 AVERAGE    48

..........................................................


THE WICHITA FALLS CLIMATE NORMALS FOR TODAY
                         NORMAL    RECORD    YEAR
 MAXIMUM TEMPERATURE (F)   58        87      1962
                                             1951
 MINIMUM TEMPERATURE (F)   33        12      1958


SUNRISE AND SUNSET
FEBRUARY 12 2016......SUNRISE   722 AM CST   SUNSET   615 PM CST
FEBRUARY 13 2016......SUNRISE   721 AM CST   SUNSET   616 PM CST


-  INDICATES NEGATIVE NUMBERS.
R  INDICATES RECORD WAS SET OR TIED.
MM INDICATES DATA IS MISSING.
T  INDICATES TRACE AMOUNT.




$$
