000
CDUS44 KOUN 272219 RRA
CLISPS

CLIMATE REPORT
NATIONAL WEATHER SERVICE NORMAN OK
518 PM CDT TUE SEP 27 2016


...................................

...THE WICHITA FALLS CLIMATE SUMMARY FOR SEPTEMBER 27 2016...
VALID TODAY AS OF 0500 PM LOCAL TIME.

CLIMATE NORMAL PERIOD 1981 TO 2010
CLIMATE RECORD PERIOD 1897 TO 2016


WEATHER ITEM   OBSERVED TIME   RECORD YEAR NORMAL DEPARTURE LAST
                VALUE   (LST)  VALUE       VALUE  FROM      YEAR
                                                  NORMAL
..................................................................
TEMPERATURE (F)
 TODAY
  MAXIMUM         80    344 PM 103    1977  84     -4       89
  MINIMUM         54    237 AM  38    1942  59     -5       66
  AVERAGE         67                        71     -4       78

PRECIPITATION (IN)
  TODAY            0.00          6.19 1980   0.08  -0.08     0.00
  MONTH TO DATE    9.82                      2.58   7.24     1.60
  SINCE JAN 1     32.20                     22.31   9.89    35.18

DEGREE DAYS
 HEATING
  TODAY            0                         1     -1        0
  MONTH TO DATE    0                         9     -9        0
  SINCE JUL 1      0                         9     -9        0

 COOLING
  TODAY            2                         7     -5       13
  MONTH TO DATE  392                       315     77      430
  SINCE JAN 1   2328                      2260     68     2315
..................................................................


WIND (MPH)
  HIGHEST WIND SPEED     9   HIGHEST WIND DIRECTION    NW (320)
  HIGHEST GUST SPEED    17   HIGHEST GUST DIRECTION    SW (240)
  AVERAGE WIND SPEED     5.2


SKY COVER
  AVERAGE SKY COVER 0.3


WEATHER CONDITIONS
 THE FOLLOWING WEATHER WAS RECORDED TODAY.
  NO SIGNIFICANT WEATHER WAS OBSERVED.


RELATIVE HUMIDITY (PERCENT)
 HIGHEST    86           800 AM
 LOWEST     30           300 PM
 AVERAGE    58

..........................................................


THE WICHITA FALLS CLIMATE NORMALS FOR TOMORROW
                         NORMAL    RECORD    YEAR
 MAXIMUM TEMPERATURE (F)   83       106      1953
 MINIMUM TEMPERATURE (F)   58        41      1945


SUNRISE AND SUNSET
SEPTEMBER 27 2016.....SUNRISE   726 AM CDT   SUNSET   723 PM CDT
SEPTEMBER 28 2016.....SUNRISE   727 AM CDT   SUNSET   722 PM CDT


-  INDICATES NEGATIVE NUMBERS.
R  INDICATES RECORD WAS SET OR TIED.
MM INDICATES DATA IS MISSING.
T  INDICATES TRACE AMOUNT.


$$
