000
CDUS44 KOUN 030655
CLISPS

OUNCLISPS 000
TTAA00 KOUN 030635


CLIMATE REPORT
NATIONAL WEATHER SERVICE NORMAN OK
1235 AM CST TUE MAR 3 2015


...................................

...THE WICHITA FALLS CLIMATE SUMMARY FOR MARCH 2 2015...

CLIMATE NORMAL PERIOD 1981 TO 2010
CLIMATE RECORD PERIOD 1897 TO 2015


WEATHER ITEM   OBSERVED TIME   RECORD YEAR NORMAL DEPARTURE LAST
                VALUE   (LST)  VALUE       VALUE  FROM      YEAR
                                                  NORMAL
..................................................................
TEMPERATURE (F)
 YESTERDAY
  MAXIMUM         38    502 PM  92    1974  62    -24       27
  MINIMUM         31    811 AM  10    1980  38     -7       13
  AVERAGE         35                        50    -15       20

PRECIPITATION (IN)
  YESTERDAY        T             1.01 1952   0.07  -0.07     0.04
  MONTH TO DATE    0.01                      0.15  -0.14     0.04
  SINCE JAN 1      2.61                      3.04  -0.43     0.39

SNOWFALL (IN)
  YESTERDAY        0.0                       0.0    0.0       T
  MONTH TO DATE    0.0                       0.0    0.0       T
  SINCE JUL 1      4.7                       3.4    1.3      5.0
  SNOW DEPTH       0

DEGREE DAYS
 HEATING
  YESTERDAY       30                        15     15       45
  MONTH TO DATE   63                        31     32       65
  SINCE JUL 1   2502                      2477     25     2835

 COOLING
  YESTERDAY        0                         0      0        0
  MONTH TO DATE    0                         0      0        0
  SINCE JAN 1      0                         3     -3        0
..................................................................


WIND (MPH)
  HIGHEST WIND SPEED    15   HIGHEST WIND DIRECTION     N (20)
  HIGHEST GUST SPEED    18   HIGHEST GUST DIRECTION     N (10)
  AVERAGE WIND SPEED     7.2


SKY COVER
  AVERAGE SKY COVER 1.0


WEATHER CONDITIONS
 THE FOLLOWING WEATHER WAS RECORDED YESTERDAY.
  LIGHT RAIN
  FOG
  HAZE


RELATIVE HUMIDITY (PERCENT)
 HIGHEST    89           700 PM
 LOWEST     75           200 AM
 AVERAGE    82

..........................................................


THE WICHITA FALLS CLIMATE NORMALS FOR TODAY
                         NORMAL    RECORD    YEAR
 MAXIMUM TEMPERATURE (F)   63        90      1974
 MINIMUM TEMPERATURE (F)   38         9      2014
                                             1943


SUNRISE AND SUNSET
MARCH  3 2015.........SUNRISE   700 AM CST   SUNSET   632 PM CST
MARCH  4 2015.........SUNRISE   659 AM CST   SUNSET   633 PM CST


-  INDICATES NEGATIVE NUMBERS.
R  INDICATES RECORD WAS SET OR TIED.
MM INDICATES DATA IS MISSING.
T  INDICATES TRACE AMOUNT.




$$
