248
CDUS44 KOUN 210633 RRA
CLISPS

CLIMATE REPORT
NATIONAL WEATHER SERVICE NORMAN OK
133 AM CDT THU SEP 21 2017


...................................

...THE WICHITA FALLS CLIMATE SUMMARY FOR SEPTEMBER 20 2017...

CLIMATE NORMAL PERIOD 1981 TO 2010
CLIMATE RECORD PERIOD 1897 TO 2017


WEATHER ITEM   OBSERVED TIME   RECORD YEAR NORMAL DEPARTURE LAST
                VALUE   (LST)  VALUE       VALUE  FROM      YEAR
                                                  NORMAL
..................................................................
TEMPERATURE (F)
 YESTERDAY
  MAXIMUM         97    407 PM 103    1954  86     11       96
                                      1953
  MINIMUM         73    139 AM  45    1971  62     11       72
  AVERAGE         85                        74     11       84

PRECIPITATION (IN)
  YESTERDAY        T             1.34 2013   0.09  -0.09     0.00
  MONTH TO DATE    0.61                      1.95  -1.34     4.21
  SINCE SEP 1      0.61                      1.95  -1.34     4.21
  SINCE JAN 1     20.69                     21.68  -0.99    26.59

SNOWFALL (IN)
  YESTERDAY        0.0

DEGREE DAYS
 HEATING
  YESTERDAY        0                         1     -1        0
  MONTH TO DATE    0                         2     -2        0
  SINCE SEP 1      0                         2     -2        0
  SINCE JUL 1      0                         2     -2        0

 COOLING
  YESTERDAY       20                        10     10       19
  MONTH TO DATE  243                       257    -14      323
  SINCE SEP 1    243                       257    -14      323
  SINCE JAN 1   2085                      2202   -117     2259
..................................................................


WIND (MPH)
  HIGHEST WIND SPEED    24   HIGHEST WIND DIRECTION     S (190)
  HIGHEST GUST SPEED    31   HIGHEST GUST DIRECTION     S (180)
  AVERAGE WIND SPEED    15.0


SKY COVER
  AVERAGE SKY COVER 0.2


WEATHER CONDITIONS
 THE FOLLOWING WEATHER WAS RECORDED YESTERDAY.
  THUNDERSTORM
  LIGHT RAIN


RELATIVE HUMIDITY (PERCENT)
 HIGHEST    93           700 AM
 LOWEST     42           300 PM
 AVERAGE    68

..........................................................


THE WICHITA FALLS CLIMATE NORMALS FOR TODAY
                         NORMAL    RECORD    YEAR
 MAXIMUM TEMPERATURE (F)   86       103      1998
 MINIMUM TEMPERATURE (F)   61        38      1983


SUNRISE AND SUNSET
SEPTEMBER 21 2017.....SUNRISE   721 AM CDT   SUNSET   732 PM CDT
SEPTEMBER 22 2017.....SUNRISE   722 AM CDT   SUNSET   730 PM CDT


-  INDICATES NEGATIVE NUMBERS.
R  INDICATES RECORD WAS SET OR TIED.
MM INDICATES DATA IS MISSING.
T  INDICATES TRACE AMOUNT.




$$
