000
CDUS44 KOUN 292206 RRA
CLISPS

CLIMATE REPORT
NATIONAL WEATHER SERVICE NORMAN OK
505 PM CDT SUN MAR 29 2015


...................................

...THE WICHITA FALLS CLIMATE SUMMARY FOR MARCH 29 2015...
VALID TODAY AS OF 0500 PM LOCAL TIME.

CLIMATE NORMAL PERIOD 1981 TO 2010
CLIMATE RECORD PERIOD 1897 TO 2015


WEATHER ITEM   OBSERVED TIME   RECORD YEAR NORMAL DEPARTURE LAST
                VALUE   (LST)  VALUE       VALUE  FROM      YEAR
                                                  NORMAL
..................................................................
TEMPERATURE (F)
 TODAY
  MAXIMUM         84    307 PM  98    1967  71     13       72
  MINIMUM         51    648 AM  23    1944  44      7       36
  AVERAGE         68                        58     10       54

PRECIPITATION (IN)
  TODAY            0.00          0.92 1933   0.06  -0.06     0.00
  MONTH TO DATE    1.31                      2.07  -0.76     2.18
  SINCE JAN 1      3.91                      4.96  -1.05     2.53

SNOWFALL (IN)
  TODAY            0.0                       0.0    0.0      0.0
  MONTH TO DATE    1.8                       0.5    1.3       T
  SINCE JUL 1      6.5                       3.9    2.6      5.0
  SNOW DEPTH       0

DEGREE DAYS
 HEATING
  TODAY            0                         8     -8       11
  MONTH TO DATE  340                       342     -2      447
  SINCE JUL 1   2779                      2788     -9     3217

 COOLING
  TODAY            3                         1      2        0
  MONTH TO DATE   12                        15     -3        9
  SINCE JAN 1     12                        18     -6        9
..................................................................


WIND (MPH)
  HIGHEST WIND SPEED    24   HIGHEST WIND DIRECTION    NE (30)
  HIGHEST GUST SPEED    27   HIGHEST GUST DIRECTION    NE (30)
  AVERAGE WIND SPEED    10.2


SKY COVER
  AVERAGE SKY COVER 0.0


WEATHER CONDITIONS
 THE FOLLOWING WEATHER WAS RECORDED TODAY.
  NO SIGNIFICANT WEATHER WAS OBSERVED.


RELATIVE HUMIDITY (PERCENT)
 HIGHEST    77           500 AM
 LOWEST     31           100 PM
 AVERAGE    54

..........................................................


THE WICHITA FALLS CLIMATE NORMALS FOR TOMORROW
                         NORMAL    RECORD    YEAR
 MAXIMUM TEMPERATURE (F)   71        91      2008
 MINIMUM TEMPERATURE (F)   45        23      1987


SUNRISE AND SUNSET
MARCH 29 2015.........SUNRISE   726 AM CDT   SUNSET   752 PM CDT
MARCH 30 2015.........SUNRISE   724 AM CDT   SUNSET   753 PM CDT


-  INDICATES NEGATIVE NUMBERS.
R  INDICATES RECORD WAS SET OR TIED.
MM INDICATES DATA IS MISSING.
T  INDICATES TRACE AMOUNT.

$$
