000
CDUS44 KOUN 220639
CLISPS

CLIMATE REPORT
NATIONAL WEATHER SERVICE NORMAN OK
1238 AM CST WED FEB 22 2017


...................................

...THE WICHITA FALLS CLIMATE SUMMARY FOR FEBRUARY 21 2017...

CLIMATE NORMAL PERIOD 1981 TO 2010
CLIMATE RECORD PERIOD 1897 TO 2017


WEATHER ITEM   OBSERVED TIME   RECORD YEAR NORMAL DEPARTURE LAST
                VALUE   (LST)  VALUE       VALUE  FROM      YEAR
                                                  NORMAL
..................................................................
TEMPERATURE (F)
 YESTERDAY
  MAXIMUM         75    352 PM  90    1996  60     15       65
  MINIMUM         47    754 AM  13    1939  35     12       53
  AVERAGE         61                        47     14       59

PRECIPITATION (IN)
  YESTERDAY        0.00          1.88 1994   0.07  -0.07     0.00
  MONTH TO DATE    2.10                      1.23   0.87     0.01
  SINCE JAN 1      3.97                      2.37   1.60     0.44

SNOWFALL (IN)
  YESTERDAY        0.0                       0.0    0.0      0.0
  MONTH TO DATE    0.0                       0.5   -0.5      0.0
  SINCE JUL 1      T                         3.2   -3.2      2.6
  SNOW DEPTH       0

DEGREE DAYS
 HEATING
  YESTERDAY        4                        18    -14        6
  MONTH TO DATE  254                       420   -166      284
  SINCE JUL 1   1782                      2330   -548     1853
..................................................................


WIND (MPH)
  HIGHEST WIND SPEED    18   HIGHEST WIND DIRECTION    NW (330)
  HIGHEST GUST SPEED    28   HIGHEST GUST DIRECTION     N (10)
  AVERAGE WIND SPEED    10.4


SKY COVER
  AVERAGE SKY COVER 0.0


WEATHER CONDITIONS
 THE FOLLOWING WEATHER WAS RECORDED YESTERDAY.
  NO SIGNIFICANT WEATHER WAS OBSERVED.


RELATIVE HUMIDITY (PERCENT)
 HIGHEST    76           600 AM
 LOWEST     25           400 PM
 AVERAGE    51

..........................................................


THE WICHITA FALLS CLIMATE NORMALS FOR TODAY
                         NORMAL    RECORD    YEAR
 MAXIMUM TEMPERATURE (F)   60        93      1996
 MINIMUM TEMPERATURE (F)   35        18      1968


SUNRISE AND SUNSET
FEBRUARY 22 2017......SUNRISE   711 AM CST   SUNSET   625 PM CST
FEBRUARY 23 2017......SUNRISE   709 AM CST   SUNSET   625 PM CST


-  INDICATES NEGATIVE NUMBERS.
R  INDICATES RECORD WAS SET OR TIED.
MM INDICATES DATA IS MISSING.
T  INDICATES TRACE AMOUNT.




$$
