000
CDUS44 KOUN 240735 RRA
CLISPS

CLIMATE REPORT
NATIONAL WEATHER SERVICE NORMAN OK
126 AM CDT MON JUL 24 2017


...................................

...THE WICHITA FALLS CLIMATE SUMMARY FOR JULY 23 2017...

CLIMATE NORMAL PERIOD 1981 TO 2010
CLIMATE RECORD PERIOD 1897 TO 2017


WEATHER ITEM   OBSERVED TIME   RECORD YEAR NORMAL DEPARTURE LAST
                VALUE   (LST)  VALUE       VALUE  FROM      YEAR
                                                  NORMAL
..................................................................
TEMPERATURE (F)
 YESTERDAY
  MAXIMUM        101    508 PM 110    1974  98      3      101
  MINIMUM         72   1159 PM  54    1970  72      0       72
  AVERAGE         87                        85      2       87

PRECIPITATION (IN)
  YESTERDAY        0.19          2.09 1950   0.05   0.14     0.00
  MONTH TO DATE    3.13                      1.20   1.93     1.72
  SINCE JUN 1      5.59                      5.35   0.24     5.01
  SINCE JAN 1     15.91                     16.84  -0.93    21.50

SNOWFALL (IN)
  YESTERDAY        0.0

DEGREE DAYS
 HEATING
  YESTERDAY        0                         0      0        0
  MONTH TO DATE    0                         0      0        0
  SINCE JUN 1      0                         1     -1        0
  SINCE JUL 1      0                         0      0        0

 COOLING
  YESTERDAY       22                        20      2       22
  MONTH TO DATE  435                       440     -5      473
  SINCE JUN 1    850                       876    -26      937
  SINCE JAN 1   1199                      1195      4     1190
..................................................................


WIND (MPH)
  HIGHEST WIND SPEED    32   HIGHEST WIND DIRECTION     N (340)
  HIGHEST GUST SPEED    40   HIGHEST GUST DIRECTION     N (340)
  AVERAGE WIND SPEED     7.7


SKY COVER
  AVERAGE SKY COVER 0.2


WEATHER CONDITIONS
 THE FOLLOWING WEATHER WAS RECORDED YESTERDAY.
  THUNDERSTORM
  RAIN
  LIGHT RAIN


RELATIVE HUMIDITY (PERCENT)
 HIGHEST    82           900 PM
 LOWEST     31           200 PM
 AVERAGE    57

..........................................................


THE WICHITA FALLS CLIMATE NORMALS FOR TODAY
                         NORMAL    RECORD    YEAR
 MAXIMUM TEMPERATURE (F)   98       109      1969
 MINIMUM TEMPERATURE (F)   73        60      1970


SUNRISE AND SUNSET
JULY 24 2017..........SUNRISE   640 AM CDT   SUNSET   840 PM CDT
JULY 25 2017..........SUNRISE   641 AM CDT   SUNSET   840 PM CDT


-  INDICATES NEGATIVE NUMBERS.
R  INDICATES RECORD WAS SET OR TIED.
MM INDICATES DATA IS MISSING.
T  INDICATES TRACE AMOUNT.




$$
