000
CDUS44 KOUN 270636 RRA
CLISPS

CLIMATE REPORT
NATIONAL WEATHER SERVICE NORMAN OK
1235 AM CST SAT DEC 27 2014


...................................

...THE WICHITA FALLS CLIMATE SUMMARY FOR DECEMBER 26 2014...

CLIMATE NORMAL PERIOD 1981 TO 2010
CLIMATE RECORD PERIOD 1897 TO 2014


WEATHER ITEM   OBSERVED TIME   RECORD YEAR NORMAL DEPARTURE LAST
                VALUE   (LST)  VALUE       VALUE  FROM      YEAR
                                                  NORMAL
..................................................................
TEMPERATURE (F)
 YESTERDAY
  MAXIMUM         65    424 PM  81    2005  53     12       54
  MINIMUM         38    553 AM  13    1983  30      8       23
  AVERAGE         52                        41     11       39

PRECIPITATION (IN)
  YESTERDAY        0.00          0.65 2000   0.05  -0.05     0.00
  MONTH TO DATE    0.80                      1.40  -0.60     1.29
  SINCE JAN 1     23.62                     28.70  -5.08    21.33

SNOWFALL (IN)
  YESTERDAY        0.0                       0.1   -0.1      0.0
  MONTH TO DATE    0.0                       0.8   -0.8      0.5
  SINCE JUL 1      0.3                       1.1   -0.8      0.7
  SNOW DEPTH       0

DEGREE DAYS
 HEATING
  YESTERDAY       13                        24    -11       26
  MONTH TO DATE  427                       572   -145      678
  SINCE JUL 1    939                      1079   -140     1236
..................................................................


WIND (MPH)
  HIGHEST WIND SPEED    26   HIGHEST WIND DIRECTION     N (10)
  HIGHEST GUST SPEED    32   HIGHEST GUST DIRECTION     N (360)
  AVERAGE WIND SPEED    11.1


SKY COVER
  AVERAGE SKY COVER 0.2


WEATHER CONDITIONS
 THE FOLLOWING WEATHER WAS RECORDED YESTERDAY.
  NO SIGNIFICANT WEATHER WAS OBSERVED.


RELATIVE HUMIDITY (PERCENT)
 HIGHEST    89           700 AM
 LOWEST     46          1200 AM
 AVERAGE    68

..........................................................


THE WICHITA FALLS CLIMATE NORMALS FOR TODAY
                         NORMAL    RECORD    YEAR
 MAXIMUM TEMPERATURE (F)   53        77      2005
                                             1976
                                             1946
 MINIMUM TEMPERATURE (F)   30        15      1950


SUNRISE AND SUNSET
DECEMBER 27 2014......SUNRISE   738 AM CST   SUNSET   532 PM CST
DECEMBER 28 2014......SUNRISE   738 AM CST   SUNSET   533 PM CST


-  INDICATES NEGATIVE NUMBERS.
R  INDICATES RECORD WAS SET OR TIED.
MM INDICATES DATA IS MISSING.
T  INDICATES TRACE AMOUNT.




$$
