755
CDUS42 KTBW 072216
CLISRQ


CLIMATE REPORT
NATIONAL WEATHER SERVICE TAMPA BAY FL
515 PM EST SUN FEB 7 2016


...................................

...THE SARASOTA BRADENTON CLIMATE SUMMARY FOR FEBRUARY 7 2016...
VALID TODAY AS OF 0500 PM LOCAL TIME.

CLIMATE NORMAL PERIOD 1981 TO 2010
CLIMATE RECORD PERIOD 1911 TO 2016


WEATHER ITEM   OBSERVED TIME   RECORD YEAR NORMAL DEPARTURE LAST
                VALUE   (LST)  VALUE       VALUE  FROM      YEAR
                                                  NORMAL
..................................................................
TEMPERATURE (F)
 TODAY
  MAXIMUM         59    249 PM  84    1989  72    -13       73
  MINIMUM         50    417 AM  31    1978  53     -3       48
  AVERAGE         55                        63     -8       61

PRECIPITATION (IN)
  TODAY            T             1.85 1961   0.04  -0.04     0.00
  MONTH TO DATE    0.40                      0.29   0.11     1.50
  SINCE DEC 1      6.10                      5.31   0.79     3.04
  SINCE JAN 1      4.81                      2.78   2.03     2.57

DEGREE DAYS
 HEATING
  TODAY           10                         4      6        4
  MONTH TO DATE   31                        28      3       26
  SINCE DEC 1    201                       315   -114      247
  SINCE JUL 1    205                       348   -143      332

 COOLING
  TODAY            0                         2     -2        0
  MONTH TO DATE   27                        10     17        0
  SINCE DEC 1    311                       136    175      148
  SINCE JAN 1     52                        62    -10       59
..................................................................


WIND (MPH)
  RESULTANT WIND SPEED  16   RESULTANT WIND DIRECTION  NW (330)
  HIGHEST WIND SPEED    26   HIGHEST WIND DIRECTION    NW (330)
  HIGHEST GUST SPEED    35   HIGHEST GUST DIRECTION     N (350)
  AVERAGE WIND SPEED    16.5


SKY COVER
  POSSIBLE SUNSHINE  MM
  AVERAGE SKY COVER 0.3


WEATHER CONDITIONS
 THE FOLLOWING WEATHER WAS RECORDED TODAY.
  LIGHT RAIN


RELATIVE HUMIDITY (PERCENT)
 HIGHEST    83          1200 AM
 LOWEST     43           200 PM

..........................................................


THE SARASOTA BRADENTON CLIMATE NORMALS FOR TOMORROW
                         NORMAL    RECORD    YEAR
 MAXIMUM TEMPERATURE (F)   73        85      1957
 MINIMUM TEMPERATURE (F)   53        34      1978


SUNRISE AND SUNSET
FEBRUARY  7 2016......SUNRISE   713 AM EST   SUNSET   616 PM EST
FEBRUARY  8 2016......SUNRISE   713 AM EST   SUNSET   616 PM EST


-  INDICATES NEGATIVE NUMBERS.
R  INDICATES RECORD WAS SET OR TIED.
MM INDICATES DATA IS MISSING.
T  INDICATES TRACE AMOUNT.




$$


&&
------------------------------------------------------------------
******************** SUPPLEMENTAL DATA ***************************

...GULF WATER TEMPERATURE AT VENICE 62 DEGREES
