000
CDUS42 KTBW 162214
CLISRQ


CLIMATE REPORT
NATIONAL WEATHER SERVICE TAMPA BAY FL
513 PM EST MON JAN 16 2017


...................................

...THE SARASOTA BRADENTON CLIMATE SUMMARY FOR JANUARY 16 2017...
VALID TODAY AS OF 0500 PM LOCAL TIME.

CLIMATE NORMAL PERIOD 1981 TO 2010
CLIMATE RECORD PERIOD 1911 TO 2017


WEATHER ITEM   OBSERVED TIME   RECORD YEAR NORMAL DEPARTURE LAST
                VALUE   (LST)  VALUE       VALUE  FROM      YEAR
                                                  NORMAL
..................................................................
TEMPERATURE (F)
 TODAY
  MAXIMUM         79    329 PM  82    1947  71      8       75
  MINIMUM         61    526 AM  26    1927  52      9       53
  AVERAGE         70                        61      9       64

PRECIPITATION (IN)
  TODAY            T             2.73 1993   0.06  -0.06     0.39
  MONTH TO DATE    1.31                      1.63  -0.32     1.62
  SINCE DEC 1      2.56                      4.16  -1.60     2.91
  SINCE JAN 1      1.31                      1.63  -0.32     1.62

DEGREE DAYS
 HEATING
  TODAY            0                         5     -5        1
  MONTH TO DATE   41                        89    -48       57
  SINCE DEC 1     65                       211   -146       64
  SINCE JUL 1     76                       244   -168       68

 COOLING
  TODAY            5                         2      3        0
  MONTH TO DATE   52                        32     20       22
  SINCE DEC 1    215                       106    109      281
  SINCE JAN 1     52                        32     20       22
..................................................................


WIND (MPH)
  RESULTANT WIND SPEED  10   RESULTANT WIND DIRECTION   E (100)
  HIGHEST WIND SPEED    16   HIGHEST WIND DIRECTION     E (110)
  HIGHEST GUST SPEED    23   HIGHEST GUST DIRECTION    SE (120)
  AVERAGE WIND SPEED     9.9


SKY COVER
  POSSIBLE SUNSHINE  MM
  AVERAGE SKY COVER 0.6


WEATHER CONDITIONS
 THE FOLLOWING WEATHER WAS RECORDED TODAY.
  LIGHT RAIN


RELATIVE HUMIDITY (PERCENT)
 HIGHEST    84           300 AM
 LOWEST     52           300 PM

..........................................................


THE SARASOTA BRADENTON CLIMATE NORMALS FOR TOMORROW
                         NORMAL    RECORD    YEAR
 MAXIMUM TEMPERATURE (F)   71        84      1999
 MINIMUM TEMPERATURE (F)   52        30      1992


SUNRISE AND SUNSET
JANUARY 16 2017.......SUNRISE   721 AM EST   SUNSET   559 PM EST
JANUARY 17 2017.......SUNRISE   721 AM EST   SUNSET   600 PM EST


-  INDICATES NEGATIVE NUMBERS.
R  INDICATES RECORD WAS SET OR TIED.
MM INDICATES DATA IS MISSING.
T  INDICATES TRACE AMOUNT.




$$


&&
------------------------------------------------------------------
******************** SUPPLEMENTAL DATA ***************************

...GULF WATER TEMPERATURE AT VENICE 66 DEGREES
