000
CDUS42 KTBW 290840
CLISRQ


CLIMATE REPORT
NATIONAL WEATHER SERVICE TAMPA BAY FL
438 AM EDT MON MAY 29 2017


...................................

...THE SARASOTA BRADENTON CLIMATE SUMMARY FOR MAY 28 2017...

CLIMATE NORMAL PERIOD 1981 TO 2010
CLIMATE RECORD PERIOD 1911 TO 2017


WEATHER ITEM   OBSERVED TIME   RECORD YEAR NORMAL DEPARTURE LAST
                VALUE   (LST)  VALUE       VALUE  FROM      YEAR
                                                  NORMAL
..................................................................
TEMPERATURE (F)
 YESTERDAY
  MAXIMUM         89    228 PM  98    1953  87      2       89
  MINIMUM         71    600 AM  59    1942  70      1       73
  AVERAGE         80                        78      2       81

PRECIPITATION (IN)
  YESTERDAY        0.00          1.53 1963   0.10  -0.10      T
  MONTH TO DATE    5.05                      1.89   3.16     4.77
  SINCE MAR 1      5.79                      8.19  -2.40     6.60
  SINCE JAN 1      8.28                     13.38  -5.10    12.28

DEGREE DAYS
 HEATING
  YESTERDAY        0                         0      0        0
  MONTH TO DATE    0                         0      0        0
  SINCE MAR 1     54                        59     -5       14
  SINCE JUL 1    202                       477   -275      320

 COOLING
  YESTERDAY       15                        14      1       16
  MONTH TO DATE  389                       313     76      371
  SINCE MAR 1    814                       606    208      851
  SINCE JAN 1    988                       710    278      917
..................................................................


WIND (MPH)
  HIGHEST WIND SPEED    20   HIGHEST WIND DIRECTION    NW (320)
  HIGHEST GUST SPEED    25   HIGHEST GUST DIRECTION    NW (330)
  AVERAGE WIND SPEED     8.8


SKY COVER
  POSSIBLE SUNSHINE  MM
  AVERAGE SKY COVER 0.0


WEATHER CONDITIONS
 THE FOLLOWING WEATHER WAS RECORDED YESTERDAY.
  NO SIGNIFICANT WEATHER WAS OBSERVED.


RELATIVE HUMIDITY (PERCENT)
 HIGHEST    90           600 AM
 LOWEST     50          1100 AM

..........................................................


THE SARASOTA BRADENTON CLIMATE NORMALS FOR TODAY
                         NORMAL    RECORD    YEAR
 MAXIMUM TEMPERATURE (F)   87        95      2011
                                             2006
                                             1989
 MINIMUM TEMPERATURE (F)   70        57      1935


SUNRISE AND SUNSET
MAY 29 2017...........SUNRISE   636 AM EDT   SUNSET   820 PM EDT
MAY 30 2017...........SUNRISE   636 AM EDT   SUNSET   820 PM EDT


-  INDICATES NEGATIVE NUMBERS.
R  INDICATES RECORD WAS SET OR TIED.
MM INDICATES DATA IS MISSING.
T  INDICATES TRACE AMOUNT.




$$


&&
------------------------------------------------------------------
******************** SUPPLEMENTAL DATA ***************************

...GULF WATER TEMPERATURE AT VENICE 82 DEGREES
