000
CDUS42 KTBW 282120
CLISRQ


CLIMATE REPORT
NATIONAL WEATHER SERVICE TAMPA BAY FL
519 PM EDT WED SEP 28 2016


...................................

...THE SARASOTA BRADENTON CLIMATE SUMMARY FOR SEPTEMBER 28 2016...
VALID TODAY AS OF 0500 PM LOCAL TIME.

CLIMATE NORMAL PERIOD 1981 TO 2010
CLIMATE RECORD PERIOD 1911 TO 2016


WEATHER ITEM   OBSERVED TIME   RECORD YEAR NORMAL DEPARTURE LAST
                VALUE   (LST)  VALUE       VALUE  FROM      YEAR
                                                  NORMAL
..................................................................
TEMPERATURE (F)
 TODAY
  MAXIMUM         90    109 PM  96    1925  88      2       83
  MINIMUM         75    558 AM  62    1991  73      2       75
                                      1961
  AVERAGE         83                        80      3       79

PRECIPITATION (IN)
  TODAY            0.00          2.68 1995   0.14  -0.14     0.60
  MONTH TO DATE    4.64                      6.81  -2.17     5.85
  SINCE SEP 1      4.64                      6.81  -2.17     5.85
  SINCE JAN 1     44.36                     45.14  -0.78    33.18

DEGREE DAYS
 HEATING
  TODAY            0                         0      0        0
  MONTH TO DATE    0                         0      0        0
  SINCE SEP 1      0                         0      0        0
  SINCE JUL 1      0                         0      0        0

 COOLING
  TODAY           18                        15      3       14
  MONTH TO DATE  540                       463     77      469
  SINCE SEP 1    540                       463     77      469
  SINCE JAN 1   3319                      2760    559     3104
..................................................................


WIND (MPH)
  RESULTANT WIND SPEED   3   RESULTANT WIND DIRECTION   S (200)
  HIGHEST WIND SPEED    14   HIGHEST WIND DIRECTION     W (250)
  HIGHEST GUST SPEED    17   HIGHEST GUST DIRECTION     W (250)
  AVERAGE WIND SPEED     6.0


SKY COVER
  POSSIBLE SUNSHINE  MM
  AVERAGE SKY COVER 0.1


WEATHER CONDITIONS
 THE FOLLOWING WEATHER WAS RECORDED TODAY.
  NO SIGNIFICANT WEATHER WAS OBSERVED.


RELATIVE HUMIDITY (PERCENT)
 HIGHEST    88           700 AM
 LOWEST     59          1000 AM

..........................................................


THE SARASOTA BRADENTON CLIMATE NORMALS FOR TOMORROW
                         NORMAL    RECORD    YEAR
 MAXIMUM TEMPERATURE (F)   88        93      2002
                                             1989
                                             1954
 MINIMUM TEMPERATURE (F)   72        61      1962


SUNRISE AND SUNSET
SEPTEMBER 28 2016.....SUNRISE   722 AM EDT   SUNSET   719 PM EDT
SEPTEMBER 29 2016.....SUNRISE   722 AM EDT   SUNSET   718 PM EDT


-  INDICATES NEGATIVE NUMBERS.
R  INDICATES RECORD WAS SET OR TIED.
MM INDICATES DATA IS MISSING.
T  INDICATES TRACE AMOUNT.




$$


&&
------------------------------------------------------------------
******************** SUPPLEMENTAL DATA ***************************

...GULF WATER TEMPERATURE AT VENICE 88 DEGREES
