138
CDUS42 KTBW 270830
CLISRQ


CLIMATE REPORT
NATIONAL WEATHER SERVICE TAMPA BAY FL
428 AM EDT SAT AUG 27 2016


...................................

...THE SARASOTA BRADENTON CLIMATE SUMMARY FOR AUGUST 26 2016...

CLIMATE NORMAL PERIOD 1981 TO 2010
CLIMATE RECORD PERIOD 1911 TO 2016


WEATHER ITEM   OBSERVED TIME   RECORD YEAR NORMAL DEPARTURE LAST
                VALUE   (LST)  VALUE       VALUE  FROM      YEAR
                                                  NORMAL
..................................................................
TEMPERATURE (F)
 YESTERDAY
  MAXIMUM         96    108 PM  97    1938  90      6       92
  MINIMUM         76    600 PM  67    1973  75      1       76
  AVERAGE         86                        82      4       84

PRECIPITATION (IN)
  YESTERDAY        0.96          3.84 1981   0.28   0.68      T
  MONTH TO DATE    5.99                      7.69  -1.70     4.26
  SINCE JUN 1     18.93                     23.18  -4.25    14.80
  SINCE JAN 1     31.21                     36.88  -5.67    27.12

DEGREE DAYS
 HEATING
  YESTERDAY        0                         0      0        0
  MONTH TO DATE    0                         0      0        0
  SINCE JUN 1      0                         0      0        0
  SINCE JUL 1      0                         0      0        0

 COOLING
  YESTERDAY       21                        17      4       19
  MONTH TO DATE  524                       442     82      465
  SINCE JUN 1   1721                      1453    268     1513
  SINCE JAN 1   2685                      2204    481     2553
..................................................................


WIND (MPH)
  HIGHEST WIND SPEED    25   HIGHEST WIND DIRECTION    NE (40)
  HIGHEST GUST SPEED    31   HIGHEST GUST DIRECTION    NE (40)
  AVERAGE WIND SPEED     6.7


SKY COVER
  POSSIBLE SUNSHINE  MM
  AVERAGE SKY COVER 0.4


WEATHER CONDITIONS
 THE FOLLOWING WEATHER WAS RECORDED YESTERDAY.
  THUNDERSTORM
  HEAVY RAIN
  RAIN
  LIGHT RAIN
  FOG
  HAZE


RELATIVE HUMIDITY (PERCENT)
 HIGHEST    87           600 PM
 LOWEST     52           100 PM

..........................................................


THE SARASOTA BRADENTON CLIMATE NORMALS FOR TODAY
                         NORMAL    RECORD    YEAR
 MAXIMUM TEMPERATURE (F)   90        97      1923
 MINIMUM TEMPERATURE (F)   75        65      1930


SUNRISE AND SUNSET
AUGUST 27 2016........SUNRISE   707 AM EDT   SUNSET   755 PM EDT
AUGUST 28 2016........SUNRISE   708 AM EDT   SUNSET   754 PM EDT


-  INDICATES NEGATIVE NUMBERS.
R  INDICATES RECORD WAS SET OR TIED.
MM INDICATES DATA IS MISSING.
T  INDICATES TRACE AMOUNT.




$$


&&
------------------------------------------------------------------
******************** SUPPLEMENTAL DATA ***************************

...GULF WATER TEMPERATURE AT VENICE 85 DEGREES
