000
CDUS42 KTBW 062225
CLISRQ


CLIMATE REPORT
NATIONAL WEATHER SERVICE TAMPA BAY FL
524 PM EST TUE DEC 6 2016


...................................

...THE SARASOTA BRADENTON CLIMATE SUMMARY FOR DECEMBER 6 2016...
VALID TODAY AS OF 0500 PM LOCAL TIME.

CLIMATE NORMAL PERIOD 1981 TO 2010
CLIMATE RECORD PERIOD 1911 TO 2016


WEATHER ITEM   OBSERVED TIME   RECORD YEAR NORMAL DEPARTURE LAST
                VALUE   (LST)  VALUE       VALUE  FROM      YEAR
                                                  NORMAL
..................................................................
TEMPERATURE (F)
 TODAY
  MAXIMUM         80   1140 AM  86    1994  75      5       82
  MINIMUM         72    117 PM  38    1987  55     17       66
  AVERAGE         76                        65     11       74

PRECIPITATION (IN)
  TODAY            1.18          1.71 1955   0.07   1.11     0.00
  MONTH TO DATE    1.18                      0.40   0.78     0.77
  SINCE DEC 1      1.18                      0.40   0.78     0.77
  SINCE JAN 1     49.04                     50.88  -1.84    39.13

DEGREE DAYS
 HEATING
  TODAY            0                         3     -3        0
  MONTH TO DATE    0                        15    -15        0
  SINCE DEC 1      0                        15    -15        0
  SINCE JUL 1     11                        48    -37        4

 COOLING
  TODAY           11                         3      8        9
  MONTH TO DATE   47                        18     29       49
  SINCE DEC 1     47                        18     29       49
  SINCE JAN 1   4073                      3318    755     3893
..................................................................


WIND (MPH)
  RESULTANT WIND SPEED  16   RESULTANT WIND DIRECTION   S (180)
  HIGHEST WIND SPEED    29   HIGHEST WIND DIRECTION     W (270)
  HIGHEST GUST SPEED    37   HIGHEST GUST DIRECTION     W (280)
  AVERAGE WIND SPEED    16.6


SKY COVER
  POSSIBLE SUNSHINE  MM
  AVERAGE SKY COVER 0.7


WEATHER CONDITIONS
 THE FOLLOWING WEATHER WAS RECORDED TODAY.
  THUNDERSTORM
  HEAVY RAIN
  LIGHT RAIN
  FOG


RELATIVE HUMIDITY (PERCENT)
 HIGHEST    94           300 AM
 LOWEST     82           200 AM

..........................................................


THE SARASOTA BRADENTON CLIMATE NORMALS FOR TOMORROW
                         NORMAL    RECORD    YEAR
 MAXIMUM TEMPERATURE (F)   75        86      1972
 MINIMUM TEMPERATURE (F)   55        30      1937


SUNRISE AND SUNSET
DECEMBER  6 2016......SUNRISE   707 AM EST   SUNSET   536 PM EST
DECEMBER  7 2016......SUNRISE   708 AM EST   SUNSET   536 PM EST


-  INDICATES NEGATIVE NUMBERS.
R  INDICATES RECORD WAS SET OR TIED.
MM INDICATES DATA IS MISSING.
T  INDICATES TRACE AMOUNT.




$$


&&
------------------------------------------------------------------
******************** SUPPLEMENTAL DATA ***************************

...GULF WATER TEMPERATURE AT VENICE 72 DEGREES
