000
CDUS42 KJAX 220535
CLISSI


CLIMATE REPORT
NATIONAL WEATHER SERVICE JACKSONVILLE FL
1233 AM EST WED FEB 22 2017


...................................

...THE ST SIMONS ISLAND CLIMATE SUMMARY FOR FEBRUARY 21 2017...

CLIMATE NORMAL PERIOD 1981 TO 2010
CLIMATE RECORD PERIOD 1948 TO 2017


WEATHER ITEM   OBSERVED TIME   RECORD YEAR NORMAL DEPARTURE LAST
                VALUE   (LST)  VALUE       VALUE  FROM      YEAR
                                                  NORMAL
..................................................................
TEMPERATURE (F)
 YESTERDAY
  MAXIMUM         73    133 PM  82    2011  64      9       74
  MINIMUM         60    629 AM  25    1958  47     13       54
  AVERAGE         67                        56     11       64

PRECIPITATION (IN)
  YESTERDAY        0.01          1.25 1989   0.13  -0.12     0.00
  MONTH TO DATE    0.40                      2.56  -2.16     3.88
  SINCE DEC 1      8.42                      8.42   0.00     8.38
  SINCE JAN 1      5.40                      5.78  -0.38     7.03

SNOWFALL (IN)
  YESTERDAY        0.0           0.0    MM                   0.0
  MONTH TO DATE    0.0                                       0.0
  SINCE DEC 1      0.0                                       0.0
  SINCE JUL 1      0.0                                       0.0
  SNOW DEPTH       0

DEGREE DAYS
 HEATING
  YESTERDAY        0                        10    -10        1
  MONTH TO DATE   98                       238   -140      248
  SINCE DEC 1    501                      1009   -508      780
  SINCE JUL 1    606                      1189   -583      845

 COOLING
  YESTERDAY        2                         0      2        0
  MONTH TO DATE   14                         0     14        0
  SINCE DEC 1     58                        16     42       90
  SINCE JAN 1     33                         3     30        0
..................................................................


WIND (MPH)
  HIGHEST WIND SPEED    12   HIGHEST WIND DIRECTION     E (90)
  HIGHEST GUST SPEED    19   HIGHEST GUST DIRECTION     E (90)
  AVERAGE WIND SPEED     6.3


SKY COVER
  POSSIBLE SUNSHINE  MM
  AVERAGE SKY COVER 0.3


WEATHER CONDITIONS
 THE FOLLOWING WEATHER WAS RECORDED YESTERDAY.
  LIGHT RAIN


RELATIVE HUMIDITY (PERCENT)
 HIGHEST    97          1200 AM
 LOWEST     68           100 PM
 AVERAGE    83

..........................................................


THE ST SIMONS ISLAND CLIMATE NORMALS FOR TODAY
                         NORMAL    RECORD    YEAR
 MAXIMUM TEMPERATURE (F)   64        81      2011
                                             2001
 MINIMUM TEMPERATURE (F)   47        29      1970


SUNRISE AND SUNSET
FEBRUARY 22 2017......SUNRISE   700 AM EST   SUNSET   619 PM EST
FEBRUARY 23 2017......SUNRISE   658 AM EST   SUNSET   620 PM EST


-  INDICATES NEGATIVE NUMBERS.
R  INDICATES RECORD WAS SET OR TIED.
MM INDICATES DATA IS MISSING.
T  INDICATES TRACE AMOUNT.




$$
