000
CDUS42 KJAX 110533
CLISSI


CLIMATE REPORT
NATIONAL WEATHER SERVICE JACKSONVILLE FL
1232 AM EST SUN DEC 11 2016


...................................

...THE ST SIMONS ISLAND CLIMATE SUMMARY FOR DECEMBER 10 2016...

CLIMATE NORMAL PERIOD 1981 TO 2010
CLIMATE RECORD PERIOD 1948 TO 2016


WEATHER ITEM   OBSERVED TIME   RECORD YEAR NORMAL DEPARTURE LAST
                VALUE   (LST)  VALUE       VALUE  FROM      YEAR
                                                  NORMAL
..................................................................
TEMPERATURE (F)
 YESTERDAY
  MAXIMUM         56    146 PM  81    1997  64     -8       70
  MINIMUM         40    432 AM  27    1968  47     -7       48
  AVERAGE         48                        55     -7       59

PRECIPITATION (IN)
  YESTERDAY        0.00          1.34 1969   0.09  -0.09     0.00
  MONTH TO DATE    1.98                      0.81   1.17     0.43
  SINCE DEC 1      1.98                      0.81   1.17     0.43
  SINCE JAN 1     45.23                     43.17   2.06    52.43

SNOWFALL (IN)
  YESTERDAY        0.0           0.0    MM                   0.0
  MONTH TO DATE    0.0                                       0.0
  SINCE DEC 1      0.0                                       0.0
  SINCE JUL 1      0.0                                       0.0
  SNOW DEPTH       0

DEGREE DAYS
 HEATING
  YESTERDAY       17                        10      7        6
  MONTH TO DATE   64                        93    -29       49
  SINCE DEC 1     64                        93    -29       49
  SINCE JUL 1    169                       273   -104      114

 COOLING
  YESTERDAY        0                         0      0        0
  MONTH TO DATE   13                         9      4        8
  SINCE DEC 1     13                         9      4        8
  SINCE JAN 1   3014                      2624    390     2817
..................................................................


WIND (MPH)
  HIGHEST WIND SPEED    20   HIGHEST WIND DIRECTION    NE (30)
  HIGHEST GUST SPEED    25   HIGHEST GUST DIRECTION     N (20)
  AVERAGE WIND SPEED    10.6


SKY COVER
  POSSIBLE SUNSHINE  MM
  AVERAGE SKY COVER 0.1


WEATHER CONDITIONS
 THE FOLLOWING WEATHER WAS RECORDED YESTERDAY.
  NO SIGNIFICANT WEATHER WAS OBSERVED.


RELATIVE HUMIDITY (PERCENT)
 HIGHEST    86           700 AM
 LOWEST     59          1000 AM
 AVERAGE    73

..........................................................


THE ST SIMONS ISLAND CLIMATE NORMALS FOR TODAY
                         NORMAL    RECORD    YEAR
 MAXIMUM TEMPERATURE (F)   64        79      1972
 MINIMUM TEMPERATURE (F)   46        25      1957


SUNRISE AND SUNSET
DECEMBER 11 2016......SUNRISE   714 AM EST   SUNSET   524 PM EST
DECEMBER 12 2016......SUNRISE   715 AM EST   SUNSET   524 PM EST


-  INDICATES NEGATIVE NUMBERS.
R  INDICATES RECORD WAS SET OR TIED.
MM INDICATES DATA IS MISSING.
T  INDICATES TRACE AMOUNT.




$$
