000
CDUS42 KJAX 192125
CLISSI


CLIMATE REPORT
NATIONAL WEATHER SERVICE JACKSONVILLE
525 PM EDT SAT APR 19 2014


...................................

...THE ST SIMONS ISLAND CLIMATE SUMMARY FOR APRIL 19 2014...
VALID TODAY AS OF 0500 PM LOCAL TIME.

CLIMATE NORMAL PERIOD 1981 TO 2010
CLIMATE RECORD PERIOD 1948 TO 2014


WEATHER ITEM   OBSERVED TIME   RECORD YEAR NORMAL DEPARTURE LAST
                VALUE   (LST)  VALUE       VALUE  FROM      YEAR
                                                  NORMAL
..................................................................
TEMPERATURE (F)
 TODAY
  MAXIMUM         65    908 AM  89    1981  76    -11       79
  MINIMUM         62    350 PM  41    1983  59      3       62
  AVERAGE         64                        67     -3       71

PRECIPITATION (IN)
  TODAY            0.04          1.97 1980   0.08  -0.04     0.48
  MONTH TO DATE    7.91                      1.73   6.18     1.67
  SINCE MAR 1     10.45                      5.61   4.84     3.78
  SINCE JAN 1     16.93                     12.30   4.63     7.89

SNOWFALL (IN)
  TODAY            0.0           0.0    MM                   0.0
  MONTH TO DATE    0.0                                       0.0
  SINCE MAR 1      0.0                                       0.0
  SINCE JUL 1      T                                         0.0

DEGREE DAYS
 HEATING
  TODAY            1                         1      0        0
  MONTH TO DATE   26                        46    -20       21
  SINCE MAR 1    254                       223     31      334
  SINCE JUL 1   1482                      1474      8     1249

 COOLING
  TODAY            0                         4     -4        6
  MONTH TO DATE   44                        51     -7       73
  SINCE MAR 1     58                        82    -24       84
  SINCE JAN 1     66                        91    -25      112
..................................................................


WIND (MPH)
  HIGHEST WIND SPEED    17   HIGHEST WIND DIRECTION    NE (30)
  HIGHEST GUST SPEED    25   HIGHEST GUST DIRECTION     N (360)
  AVERAGE WIND SPEED     8.1


SKY COVER
  POSSIBLE SUNSHINE  MM
  AVERAGE SKY COVER 1.0


WEATHER CONDITIONS
 THE FOLLOWING WEATHER WAS RECORDED TODAY.
  RAIN
  LIGHT RAIN
  FOG


RELATIVE HUMIDITY (PERCENT)
 HIGHEST   100           200 AM
 LOWEST     93          1200 AM
 AVERAGE    97

..........................................................


THE ST SIMONS ISLAND CLIMATE NORMALS FOR TOMORROW
                         NORMAL    RECORD    YEAR
 MAXIMUM TEMPERATURE (F)   76        93      1968
 MINIMUM TEMPERATURE (F)   59        45      1983


SUNRISE AND SUNSET
APRIL 19 2014.........SUNRISE   653 AM EDT   SUNSET   757 PM EDT
APRIL 20 2014.........SUNRISE   652 AM EDT   SUNSET   757 PM EDT


-  INDICATES NEGATIVE NUMBERS.
R  INDICATES RECORD WAS SET OR TIED.
MM INDICATES DATA IS MISSING.
T  INDICATES TRACE AMOUNT.




$$
