000
CDUS42 KJAX 240531
CLISSI


CLIMATE REPORT
NATIONAL WEATHER SERVICE JACKSONVILLE FL
130 AM EDT FRI OCT 24 2014


...................................

...THE ST SIMONS ISLAND CLIMATE SUMMARY FOR OCTOBER 23 2014...

CLIMATE NORMAL PERIOD 1981 TO 2010
CLIMATE RECORD PERIOD 1948 TO 2014


WEATHER ITEM   OBSERVED TIME   RECORD YEAR NORMAL DEPARTURE LAST
                VALUE   (LST)  VALUE       VALUE  FROM      YEAR
                                                  NORMAL
..................................................................
TEMPERATURE (F)
 YESTERDAY
  MAXIMUM         72    246 PM  86    1950  76     -4       74
  MINIMUM         51    656 AM  45    1988  60     -9       57
                                      1976
  AVERAGE         62                        68     -6       66

PRECIPITATION (IN)
  YESTERDAY        0.00          3.46 1980   0.11  -0.11     0.00
  MONTH TO DATE    2.83                      3.70  -0.87     1.17
  SINCE SEP 1      8.47                      9.46  -0.99    12.06
  SINCE JAN 1     39.22                     39.57  -0.35    47.00

SNOWFALL (IN)
  YESTERDAY        0.0           0.0    MM                   0.0
  MONTH TO DATE    0.0                                       0.0
  SINCE SEP 1      0.0                                       0.0
  SINCE JUL 1      0.0                                       0.0
  SNOW DEPTH       0

DEGREE DAYS
 HEATING
  YESTERDAY        3                         1      2        0
  MONTH TO DATE   11                        13     -2        0
  SINCE SEP 1     11                        13     -2        0
  SINCE JUL 1     11                        13     -2        0

 COOLING
  YESTERDAY        0                         4     -4        1
  MONTH TO DATE  151                       160     -9      175
  SINCE SEP 1    535                       555    -20      587
  SINCE JAN 1   2540                      2531      9     2532
..................................................................


WIND (MPH)
  HIGHEST WIND SPEED    12   HIGHEST WIND DIRECTION    NW (320)
  HIGHEST GUST SPEED    15   HIGHEST GUST DIRECTION    NW (320)
  AVERAGE WIND SPEED     4.5


SKY COVER
  POSSIBLE SUNSHINE  MM
  AVERAGE SKY COVER 0.0


WEATHER CONDITIONS
 THE FOLLOWING WEATHER WAS RECORDED YESTERDAY.
  NO SIGNIFICANT WEATHER WAS OBSERVED.


RELATIVE HUMIDITY (PERCENT)
 HIGHEST    96           400 AM
 LOWEST     35           200 PM
 AVERAGE    66

..........................................................


THE ST SIMONS ISLAND CLIMATE NORMALS FOR TODAY
                         NORMAL    RECORD    YEAR
 MAXIMUM TEMPERATURE (F)   76        86      2001
 MINIMUM TEMPERATURE (F)   60        42      2006


SUNRISE AND SUNSET
OCTOBER 24 2014.......SUNRISE   735 AM EDT   SUNSET   644 PM EDT
OCTOBER 25 2014.......SUNRISE   736 AM EDT   SUNSET   643 PM EDT


-  INDICATES NEGATIVE NUMBERS.
R  INDICATES RECORD WAS SET OR TIED.
MM INDICATES DATA IS MISSING.
T  INDICATES TRACE AMOUNT.




$$
