000
CDUS42 KJAX 282139
CLISSI


CLIMATE REPORT
NATIONAL WEATHER SERVICE JACKSONVILLE FL
539 PM EDT SUN MAY 28 2017


...................................

...THE ST SIMONS ISLAND CLIMATE SUMMARY FOR MAY 28 2017...
VALID TODAY AS OF 0500 PM LOCAL TIME.

CLIMATE NORMAL PERIOD 1981 TO 2010
CLIMATE RECORD PERIOD 1948 TO 2017


WEATHER ITEM   OBSERVED TIME   RECORD YEAR NORMAL DEPARTURE LAST
                VALUE   (LST)  VALUE       VALUE  FROM      YEAR
                                                  NORMAL
..................................................................
TEMPERATURE (F)
 TODAY
  MAXIMUM         94    435 PM  97    1964  85      9       84
  MINIMUM         72    613 AM  54    1961  70      2       71
  AVERAGE         83                        78      5       78

PRECIPITATION (IN)
  TODAY            0.00          1.33 1992   0.08  -0.08     0.00
  MONTH TO DATE    3.70                      1.57   2.13     1.68
  SINCE MAR 1      5.95                      7.94  -1.99     5.89
  SINCE JAN 1     11.81                     14.63  -2.82    13.03

SNOWFALL (IN)
  TODAY            0.0           0.0    MM                   0.0
  MONTH TO DATE    0.0                                       0.0
  SINCE MAR 1      0.0                                       0.0
  SINCE JUL 1      0.0                                       0.0

DEGREE DAYS
 HEATING
  TODAY            0                         0      0        0
  MONTH TO DATE    0                         2     -2        4
  SINCE MAR 1    166                       235    -69      115
  SINCE JUL 1    781                      1486   -705     1021

 COOLING
  TODAY           18                        12      6       13
  MONTH TO DATE  321                       259     62      273
  SINCE MAR 1    607                       393    214      476
  SINCE JAN 1    659                       402    257      480
..................................................................


WIND (MPH)
  HIGHEST WIND SPEED    16   HIGHEST WIND DIRECTION    SW (230)
  HIGHEST GUST SPEED    26   HIGHEST GUST DIRECTION    SW (240)
  AVERAGE WIND SPEED     8.9


SKY COVER
  POSSIBLE SUNSHINE  MM
  AVERAGE SKY COVER 0.1


WEATHER CONDITIONS
 THE FOLLOWING WEATHER WAS RECORDED TODAY.
  NO SIGNIFICANT WEATHER WAS OBSERVED.


RELATIVE HUMIDITY (PERCENT)
 HIGHEST    93           500 AM
 LOWEST     44           400 PM
 AVERAGE    69

..........................................................


THE ST SIMONS ISLAND CLIMATE NORMALS FOR TOMORROW
                         NORMAL    RECORD    YEAR
 MAXIMUM TEMPERATURE (F)   85        93      1986
 MINIMUM TEMPERATURE (F)   70        57      1968


SUNRISE AND SUNSET
MAY 28 2017...........SUNRISE   623 AM EDT   SUNSET   823 PM EDT
MAY 29 2017...........SUNRISE   623 AM EDT   SUNSET   823 PM EDT


-  INDICATES NEGATIVE NUMBERS.
R  INDICATES RECORD WAS SET OR TIED.
MM INDICATES DATA IS MISSING.
T  INDICATES TRACE AMOUNT.




$$
