000
CDUS42 KJAX 062226
CLISSI


CLIMATE REPORT
NATIONAL WEATHER SERVICE JACKSONVILLE FL
525 PM EST FRI MAR 6 2015


...................................

...THE ST SIMONS ISLAND CLIMATE SUMMARY FOR MARCH 6 2015...
VALID TODAY AS OF 0500 PM LOCAL TIME.

CLIMATE NORMAL PERIOD 1981 TO 2010
CLIMATE RECORD PERIOD 1948 TO 2015


WEATHER ITEM   OBSERVED TIME   RECORD YEAR NORMAL DEPARTURE LAST
                VALUE   (LST)  VALUE       VALUE  FROM      YEAR
                                                  NORMAL
..................................................................
TEMPERATURE (F)
 TODAY
  MAXIMUM         59   1247 AM  85    2003  67     -8       50
  MINIMUM         45    459 PM  26    1960  50     -5       43
  AVERAGE         52                        58     -6       47

PRECIPITATION (IN)
  TODAY            T             2.55 1984   0.13  -0.13     0.47
  MONTH TO DATE    0.08                      0.82  -0.74     0.63
  SINCE MAR 1      0.08                      0.82  -0.74     0.63
  SINCE JAN 1      5.80                      7.51  -1.71     7.11

SNOWFALL (IN)
  TODAY           MM             0.0    MM                   0.0
  MONTH TO DATE    0.0                                       0.0
  SINCE MAR 1      0.0                                       0.0
  SINCE JUL 1      0.0                                        T

DEGREE DAYS
 HEATING
  TODAY           13                         7      6       18
  MONTH TO DATE   33                        47    -14       70
  SINCE MAR 1     33                        47    -14       70
  SINCE JUL 1   1413                      1298    115     1298

 COOLING
  TODAY            0                         1     -1        0
  MONTH TO DATE    6                         5      1        3
  SINCE MAR 1      6                         5      1        3
  SINCE JAN 1     12                        14     -2       11
..................................................................


WIND (MPH)
  HIGHEST WIND SPEED    22   HIGHEST WIND DIRECTION     N (10)
  HIGHEST GUST SPEED    30   HIGHEST GUST DIRECTION    NE (30)
  AVERAGE WIND SPEED    14.0


SKY COVER
  POSSIBLE SUNSHINE  MM
  AVERAGE SKY COVER 0.9


WEATHER CONDITIONS
 THE FOLLOWING WEATHER WAS RECORDED TODAY.
  LIGHT RAIN
  FOG


RELATIVE HUMIDITY (PERCENT)
 HIGHEST    86           100 AM
 LOWEST     71           500 PM
 AVERAGE    79

..........................................................


THE ST SIMONS ISLAND CLIMATE NORMALS FOR TOMORROW
                         NORMAL    RECORD    YEAR
 MAXIMUM TEMPERATURE (F)   67        81      1961
 MINIMUM TEMPERATURE (F)   50        29      1966


SUNRISE AND SUNSET
MARCH  6 2015.........SUNRISE   647 AM EST   SUNSET   627 PM EST
MARCH  7 2015.........SUNRISE   646 AM EST   SUNSET   628 PM EST


-  INDICATES NEGATIVE NUMBERS.
R  INDICATES RECORD WAS SET OR TIED.
MM INDICATES DATA IS MISSING.
T  INDICATES TRACE AMOUNT.




$$
