000
CDUS42 KJAX 110531
CLISSI


CLIMATE REPORT
NATIONAL WEATHER SERVICE JACKSONVILLE FL
1230 AM EST THU FEB 11 2016


...................................

...THE ST SIMONS ISLAND CLIMATE SUMMARY FOR FEBRUARY 10 2016...

CLIMATE NORMAL PERIOD 1981 TO 2010
CLIMATE RECORD PERIOD 1948 TO 2016


WEATHER ITEM   OBSERVED TIME   RECORD YEAR NORMAL DEPARTURE LAST
                VALUE   (LST)  VALUE       VALUE  FROM      YEAR
                                                  NORMAL
..................................................................
TEMPERATURE (F)
 YESTERDAY
  MAXIMUM         47    425 PM  85    1957  62    -15       59
  MINIMUM         33    752 AM  24    1971  45    -12       47
  AVERAGE         40                        54    -14       53

PRECIPITATION (IN)
  YESTERDAY        0.00          0.97 1980   0.12  -0.12     0.00
  MONTH TO DATE    3.39                      1.18   2.21     0.98
  SINCE DEC 1      7.89                      7.04   0.85     5.33
  SINCE JAN 1      6.54                      4.40   2.14     4.01

SNOWFALL (IN)
  YESTERDAY        0.0           0.2  1973                   0.0
  MONTH TO DATE    0.0                                       0.0
  SINCE DEC 1      0.0                                       0.0
  SINCE JUL 1      0.0                                       0.0
  SNOW DEPTH       0

DEGREE DAYS
 HEATING
  YESTERDAY       25                        12     13       12
  MONTH TO DATE  127                       122      5      141
  SINCE DEC 1    659                       893   -234      798
  SINCE JUL 1    724                      1073   -349     1084

 COOLING
  YESTERDAY        0                         0      0        0
  MONTH TO DATE    0                         0      0        0
  SINCE DEC 1     90                        16     74       12
  SINCE JAN 1      0                         3     -3        6
..................................................................


WIND (MPH)
  HIGHEST WIND SPEED    21   HIGHEST WIND DIRECTION     W (260)
  HIGHEST GUST SPEED    33   HIGHEST GUST DIRECTION     W (250)
  AVERAGE WIND SPEED    10.1


SKY COVER
  POSSIBLE SUNSHINE  MM
  AVERAGE SKY COVER 0.0


WEATHER CONDITIONS
 THE FOLLOWING WEATHER WAS RECORDED YESTERDAY.
  NO SIGNIFICANT WEATHER WAS OBSERVED.


RELATIVE HUMIDITY (PERCENT)
 HIGHEST    75           500 AM
 LOWEST     25           400 PM
 AVERAGE    50

..........................................................


THE ST SIMONS ISLAND CLIMATE NORMALS FOR TODAY
                         NORMAL    RECORD    YEAR
 MAXIMUM TEMPERATURE (F)   63        79      1959
 MINIMUM TEMPERATURE (F)   45        22      1971


SUNRISE AND SUNSET
FEBRUARY 11 2016......SUNRISE   711 AM EST   SUNSET   609 PM EST
FEBRUARY 12 2016......SUNRISE   710 AM EST   SUNSET   610 PM EST


-  INDICATES NEGATIVE NUMBERS.
R  INDICATES RECORD WAS SET OR TIED.
MM INDICATES DATA IS MISSING.
T  INDICATES TRACE AMOUNT.




$$
