000
CDUS42 KJAX 270536
CLISSI


CLIMATE REPORT
NATIONAL WEATHER SERVICE JACKSONVILLE FL
136 AM EDT FRI MAY 27 2016


...................................

...THE ST SIMONS ISLAND CLIMATE SUMMARY FOR MAY 26 2016...

CLIMATE NORMAL PERIOD 1981 TO 2010
CLIMATE RECORD PERIOD 1948 TO 2016


WEATHER ITEM   OBSERVED TIME   RECORD YEAR NORMAL DEPARTURE LAST
                VALUE   (LST)  VALUE       VALUE  FROM      YEAR
                                                  NORMAL
..................................................................
TEMPERATURE (F)
 YESTERDAY
  MAXIMUM         83    125 PM 100    1953  84     -1       84
  MINIMUM         74   1156 PM  55    1979  70      4       75
  AVERAGE         79                        77      2       80

PRECIPITATION (IN)
  YESTERDAY        0.00          1.44 1981   0.07  -0.07     0.00
  MONTH TO DATE    1.68                      1.41   0.27     1.22
  SINCE MAR 1      5.89                      7.78  -1.89     7.02
  SINCE JAN 1     13.03                     14.47  -1.44    12.74

SNOWFALL (IN)
  YESTERDAY        0.0           0.0    MM                   0.0
  MONTH TO DATE    0.0                                       0.0
  SINCE MAR 1      0.0                                       0.0
  SINCE JUL 1      0.0                                       0.0
  SNOW DEPTH       0

DEGREE DAYS
 HEATING
  YESTERDAY        0                         0      0        0
  MONTH TO DATE    4                         2      2        1
  SINCE MAR 1    115                       235   -120      115
  SINCE JUL 1   1021                      1486   -465     1495

 COOLING
  YESTERDAY       14                        12      2       15
  MONTH TO DATE  251                       235     16      272
  SINCE MAR 1    454                       369     85      477
  SINCE JAN 1    458                       378     80      483
..................................................................


WIND (MPH)
  HIGHEST WIND SPEED    14   HIGHEST WIND DIRECTION     E (100)
  HIGHEST GUST SPEED    24   HIGHEST GUST DIRECTION     E (80)
  AVERAGE WIND SPEED     8.1


SKY COVER
  POSSIBLE SUNSHINE  MM
  AVERAGE SKY COVER 0.0


WEATHER CONDITIONS
 THE FOLLOWING WEATHER WAS RECORDED YESTERDAY.
  NO SIGNIFICANT WEATHER WAS OBSERVED.


RELATIVE HUMIDITY (PERCENT)
 HIGHEST    79           400 AM
 LOWEST     54           900 AM
 AVERAGE    67

..........................................................


THE ST SIMONS ISLAND CLIMATE NORMALS FOR TODAY
                         NORMAL    RECORD    YEAR
 MAXIMUM TEMPERATURE (F)   85        96      2006
                                             1962
 MINIMUM TEMPERATURE (F)   70        56      1961


SUNRISE AND SUNSET
MAY 27 2016...........SUNRISE   624 AM EDT   SUNSET   822 PM EDT
MAY 28 2016...........SUNRISE   623 AM EDT   SUNSET   823 PM EDT


-  INDICATES NEGATIVE NUMBERS.
R  INDICATES RECORD WAS SET OR TIED.
MM INDICATES DATA IS MISSING.
T  INDICATES TRACE AMOUNT.




$$
