000
CDUS43 KMPX 200059
CLISTC


CLIMATE REPORT
NATIONAL WEATHER SERVICE CHANHASSEN MN
659 PM CST THU JAN 19 2017


...................................

...THE ST CLOUD MN CLIMATE SUMMARY FOR JANUARY 19 2017...
VALID TODAY AS OF 0600 PM LOCAL TIME.

CLIMATE NORMAL PERIOD 1981 TO 2010
CLIMATE RECORD PERIOD 1893 TO 2017


WEATHER ITEM   OBSERVED TIME   RECORD YEAR NORMAL DEPARTURE LAST
                VALUE   (LST)  VALUE       VALUE  FROM      YEAR
                                                  NORMAL
..................................................................
TEMPERATURE (F)
 TODAY
  MAXIMUM         40   1232 PM  50    1900  21     19        7
  MINIMUM         23    605 AM -40    1994   1     22      -13
  AVERAGE         32                        11     21       -3

PRECIPITATION (IN)
  TODAY            0.00          0.36 1979   0.02  -0.02     0.04
  MONTH TO DATE    0.43                      0.43   0.00     0.21
  SINCE DEC 1      1.98                      1.25   0.73     1.23
  SINCE JAN 1      0.43                      0.43   0.00     0.21

SNOWFALL (IN)
  TODAY            0.0           5.8  1979   0.3   -0.3      1.1
  MONTH TO DATE    9.0                       5.6    3.4      3.1
  SINCE DEC 1     17.8                      15.0    2.8     11.3
  SINCE JUL 1     25.1                      24.2    0.9     17.0
  SNOW DEPTH       5

DEGREE DAYS
 HEATING
  TODAY           33                        54    -21       68
  MONTH TO DATE 1047                      1019     28     1066
  SINCE DEC 1   2511                      2541    -30     2249
  SINCE JUL 1   3885                      4466   -581     3708

 COOLING
  TODAY            0                         0      0        0
  MONTH TO DATE    0                         0      0        0
  SINCE DEC 1      0                         0      0        0
  SINCE JAN 1      0                         0      0        0
..................................................................


WIND (MPH)
  HIGHEST WIND SPEED    18   HIGHEST WIND DIRECTION     S (190)
  HIGHEST GUST SPEED    23   HIGHEST GUST DIRECTION     S (190)
  AVERAGE WIND SPEED     7.6


SKY COVER
  POSSIBLE SUNSHINE  MM
  AVERAGE SKY COVER 0.5


WEATHER CONDITIONS
 THE FOLLOWING WEATHER WAS RECORDED TODAY.
  FOG
  FOG W/VISIBILITY <= 1/4 MILE


RELATIVE HUMIDITY (PERCENT)
 HIGHEST   100          1200 AM
 LOWEST     79           100 PM
 AVERAGE    90

..........................................................


THE ST CLOUD MN CLIMATE NORMALS FOR TOMORROW
                         NORMAL    RECORD    YEAR
 MAXIMUM TEMPERATURE (F)   21        52      1944
 MINIMUM TEMPERATURE (F)    1       -29      1984


SUNRISE AND SUNSET
JANUARY 19 2017.......SUNRISE   750 AM CST   SUNSET   505 PM CST
JANUARY 20 2017.......SUNRISE   749 AM CST   SUNSET   506 PM CST


-  INDICATES NEGATIVE NUMBERS.
R  INDICATES RECORD WAS SET OR TIED.
MM INDICATES DATA IS MISSING.
T  INDICATES TRACE AMOUNT.




$$
