000
CDUS43 KMPX 090627
CLISTC


CLIMATE REPORT
NATIONAL WEATHER SERVICE CHANHASSEN MN
1227 AM CST FRI DEC 9 2016


...................................

...THE ST CLOUD MN CLIMATE SUMMARY FOR DECEMBER 8 2016...

CLIMATE NORMAL PERIOD 1981 TO 2010
CLIMATE RECORD PERIOD 1893 TO 2016


WEATHER ITEM   OBSERVED TIME   RECORD YEAR NORMAL DEPARTURE LAST
                VALUE   (LST)  VALUE       VALUE  FROM      YEAR
                                                  NORMAL
..................................................................
TEMPERATURE (F)
 YESTERDAY
  MAXIMUM         21   1241 PM  54    1939  27     -6       38
  MINIMUM          9   1152 PM -22    1978  10     -1       27
  AVERAGE         15                        18     -3       33

PRECIPITATION (IN)
  YESTERDAY        T             0.40 1963   0.03  -0.03     0.00
  MONTH TO DATE    0.16                      0.24  -0.08     0.23
  SINCE DEC 1      0.16                      0.24  -0.08     0.23
  SINCE JAN 1     32.43                     27.15   5.28    32.32

SNOWFALL (IN)
  YESTERDAY        T             5.1  1963   0.3   -0.3      0.0
  MONTH TO DATE    0.9                       2.5   -1.6      2.0
  SINCE DEC 1      0.9                       2.5   -1.6      2.0
  SINCE JUL 1      8.2                      11.7   -3.5      7.7
  SNOW DEPTH       T

DEGREE DAYS
 HEATING
  YESTERDAY       50                        47      3       32
  MONTH TO DATE  308                       362    -54      276
  SINCE DEC 1    308                       362    -54      276
  SINCE JUL 1   1682                      2287   -605     1735

 COOLING
  YESTERDAY        0                         0      0        0
  MONTH TO DATE    0                         0      0        0
  SINCE DEC 1      0                         0      0        0
  SINCE JAN 1    506                       465     41      492
..................................................................


WIND (MPH)
  HIGHEST WIND SPEED    23   HIGHEST WIND DIRECTION    NW (310)
  HIGHEST GUST SPEED    28   HIGHEST GUST DIRECTION    NW (320)
  AVERAGE WIND SPEED    13.6


SKY COVER
  POSSIBLE SUNSHINE  MM
  AVERAGE SKY COVER 0.7


WEATHER CONDITIONS
 THE FOLLOWING WEATHER WAS RECORDED YESTERDAY.
  LIGHT SNOW
  FOG


RELATIVE HUMIDITY (PERCENT)
 HIGHEST    92          1100 PM
 LOWEST     68          1100 AM
 AVERAGE    80

..........................................................


THE ST CLOUD MN CLIMATE NORMALS FOR TODAY
                         NORMAL    RECORD    YEAR
 MAXIMUM TEMPERATURE (F)   26        58      1939
 MINIMUM TEMPERATURE (F)    9       -20      1977


SUNRISE AND SUNSET
DECEMBER  9 2016......SUNRISE   745 AM CST   SUNSET   433 PM CST
DECEMBER 10 2016......SUNRISE   746 AM CST   SUNSET   433 PM CST


-  INDICATES NEGATIVE NUMBERS.
R  INDICATES RECORD WAS SET OR TIED.
MM INDICATES DATA IS MISSING.
T  INDICATES TRACE AMOUNT.




$$
