000
CDUS43 KMPX 240758
CLISTC


CLIMATE REPORT
NATIONAL WEATHER SERVICE CHANHASSEN MN
157 AM CST SAT FEB 24 2018


...................................

...THE ST CLOUD MN CLIMATE SUMMARY FOR FEBRUARY 23 2018...

CLIMATE NORMAL PERIOD 1981 TO 2010
CLIMATE RECORD PERIOD 1893 TO 2018


WEATHER ITEM   OBSERVED TIME   RECORD YEAR NORMAL DEPARTURE LAST
                VALUE   (LST)  VALUE       VALUE  FROM      YEAR
                                                  NORMAL
..................................................................
TEMPERATURE (F)
 YESTERDAY
  MAXIMUM         31    340 PM  54    1998  30      1       33
                                      1958
  MINIMUM          2   1130 PM -25    1910  11     -9       26
  AVERAGE         17                        20     -3       30

PRECIPITATION (IN)
  YESTERDAY        0.14          0.80 1977   0.03   0.11     0.00
  MONTH TO DATE    0.82                      0.45   0.37     0.64
  SINCE DEC 1      1.44                      1.92  -0.48     2.73
  SINCE JAN 1      1.00                      1.10  -0.10     1.18

SNOWFALL (IN)
  YESTERDAY        1.6           6.0  1991   0.3    1.3      0.0
  MONTH TO DATE   10.1                       5.6    4.5      0.3
  SINCE DEC 1     19.4                      23.6   -4.2     19.1
  SINCE JUL 1     26.5                      32.8   -6.3     26.4
  SNOW DEPTH       6

DEGREE DAYS
 HEATING
  YESTERDAY       48                        45      3       35
  MONTH TO DATE 1320                      1124    196      854
  SINCE DEC 1   4458                      4301    157     3796
  SINCE JUL 1   6224                      6226     -2     5170

 COOLING
  YESTERDAY        0                         0      0        0
  MONTH TO DATE    0                         0      0        0
  SINCE DEC 1      0                         0      0        0
  SINCE JAN 1      0                         0      0        0
..................................................................


WIND (MPH)
  HIGHEST WIND SPEED    21   HIGHEST WIND DIRECTION    NW (310)
  HIGHEST GUST SPEED    23   HIGHEST GUST DIRECTION    NW (300)
  AVERAGE WIND SPEED     7.6


SKY COVER
  POSSIBLE SUNSHINE  MM
  AVERAGE SKY COVER 0.4


WEATHER CONDITIONS
 THE FOLLOWING WEATHER WAS RECORDED YESTERDAY.
  SNOW
  LIGHT SNOW
  FOG


RELATIVE HUMIDITY (PERCENT)
 HIGHEST   100           600 AM
 LOWEST     69           100 PM
 AVERAGE    85

..........................................................


THE ST CLOUD MN CLIMATE NORMALS FOR TODAY
                         NORMAL    RECORD    YEAR
 MAXIMUM TEMPERATURE (F)   30        55      1998
 MINIMUM TEMPERATURE (F)   11       -22      1950


SUNRISE AND SUNSET
FEBRUARY 24 2018......SUNRISE   703 AM CST   SUNSET   556 PM CST
FEBRUARY 25 2018......SUNRISE   702 AM CST   SUNSET   558 PM CST


-  INDICATES NEGATIVE NUMBERS.
R  INDICATES RECORD WAS SET OR TIED.
MM INDICATES DATA IS MISSING.
T  INDICATES TRACE AMOUNT.




$$
