000
CDUS43 KMPX 010751
CLISTC


CLIMATE REPORT
NATIONAL WEATHER SERVICE CHANHASSEN MN
251 AM CDT MON SEP 1 2014


...................................

...THE ST CLOUD MN CLIMATE SUMMARY FOR AUGUST 31 2014...

CLIMATE NORMAL PERIOD 1981 TO 2010
CLIMATE RECORD PERIOD 1893 TO 2014


WEATHER ITEM   OBSERVED TIME   RECORD YEAR NORMAL DEPARTURE LAST
                VALUE   (LST)  VALUE       VALUE  FROM      YEAR
                                                  NORMAL
..................................................................
TEMPERATURE (F)
 YESTERDAY
  MAXIMUM         83    435 PM  95    1907  76      7       89
  MINIMUM         63    505 AM  33    1974  53     10       57
  AVERAGE         73                        65      8       73

PRECIPITATION (IN)
  YESTERDAY        0.79          1.21 1937   0.13   0.66     0.18
  MONTH TO DATE    5.59                      3.79   1.80     0.85
  SINCE JUN 1     13.02                     11.27   1.75     8.04
  SINCE JAN 1     29.37                     19.58   9.79    20.33

SNOWFALL (IN)
  YESTERDAY        0.0           0.0    MM   0.0    0.0      0.0
  MONTH TO DATE    0.0                       0.0    0.0      0.0
  SINCE JUN 1      0.0                       0.0    0.0      0.0
  SINCE JUL 1      0.0                       0.0    0.0      0.0
  SNOW DEPTH       0

DEGREE DAYS
 HEATING
  YESTERDAY        0                         3     -3        0
  MONTH TO DATE    2                        42    -40       23
  SINCE JUN 1     35                       136   -101      136
  SINCE JUL 1      9                        58    -49       49

 COOLING
  YESTERDAY        8                         2      6        8
  MONTH TO DATE  207                       127     80      177
  SINCE JUN 1    515                       404    111      493
  SINCE JAN 1    559                       429    130      504
..................................................................


WIND (MPH)
  HIGHEST WIND SPEED    28   HIGHEST WIND DIRECTION    NW (300)
  HIGHEST GUST SPEED    35   HIGHEST GUST DIRECTION    NW (310)
  AVERAGE WIND SPEED     9.9


SKY COVER
  POSSIBLE SUNSHINE  MM
  AVERAGE SKY COVER 0.7


WEATHER CONDITIONS
 THE FOLLOWING WEATHER WAS RECORDED YESTERDAY.
  THUNDERSTORM
  HEAVY RAIN
  RAIN
  LIGHT RAIN
  FOG


RELATIVE HUMIDITY (PERCENT)
 HIGHEST    93          1200 AM
 LOWEST     62          1200 PM
 AVERAGE    78

..........................................................


THE ST CLOUD MN CLIMATE NORMALS FOR TODAY
                         NORMAL    RECORD    YEAR
 MAXIMUM TEMPERATURE (F)   76        92      1937
                                             1921
                                             1913
 MINIMUM TEMPERATURE (F)   53        29      1974


SUNRISE AND SUNSET
SEPTEMBER  1 2014.....SUNRISE   638 AM CDT   SUNSET   754 PM CDT
SEPTEMBER  2 2014.....SUNRISE   639 AM CDT   SUNSET   752 PM CDT


-  INDICATES NEGATIVE NUMBERS.
R  INDICATES RECORD WAS SET OR TIED.
MM INDICATES DATA IS MISSING.
T  INDICATES TRACE AMOUNT.




$$
