000
CDUS43 KMPX 100725
CLISTC


CLIMATE REPORT
NATIONAL WEATHER SERVICE CHANHASSEN MN
224 AM CDT THU JUL 10 2014


...................................

...THE ST CLOUD MN CLIMATE SUMMARY FOR JULY 9 2014...

CLIMATE NORMAL PERIOD 1981 TO 2010
CLIMATE RECORD PERIOD 1893 TO 2014


WEATHER ITEM   OBSERVED TIME   RECORD YEAR NORMAL DEPARTURE LAST
                VALUE   (LST)  VALUE       VALUE  FROM      YEAR
                                                  NORMAL
..................................................................
TEMPERATURE (F)
 YESTERDAY
  MAXIMUM         81    231 PM  99    1936  82     -1       86
  MINIMUM         55    334 AM  46    1977  59     -4       65
                                      1895
  AVERAGE         68                        70     -2       76

PRECIPITATION (IN)
  YESTERDAY        0.00          1.06 1984   0.11  -0.11     0.64
  MONTH TO DATE    0.37                      1.03  -0.66     0.70
  SINCE JUN 1      6.55                      5.20   1.35     6.46
  SINCE JAN 1     22.90                     13.51   9.39    18.75

SNOWFALL (IN)
  YESTERDAY        0.0           0.0    MM   0.0    0.0      0.0
  MONTH TO DATE    0.0                       0.0    0.0      0.0
  SINCE JUN 1      0.0                       0.0    0.0      0.0
  SINCE JUL 1      0.0                       0.0    0.0      0.0
  SNOW DEPTH       0

DEGREE DAYS
 HEATING
  YESTERDAY        0                         1     -1        0
  MONTH TO DATE    0                         9     -9        0
  SINCE JUN 1     26                        87    -61       87
  SINCE JUL 1      0                         9     -9        0

 COOLING
  YESTERDAY        3                         6     -3       11
  MONTH TO DATE   46                        53     -7       80
  SINCE JUN 1    179                       148     31      179
  SINCE JAN 1    223                       173     50      190
..................................................................


WIND (MPH)
  HIGHEST WIND SPEED     9   HIGHEST WIND DIRECTION     N (340)
  HIGHEST GUST SPEED    14   HIGHEST GUST DIRECTION    NW (300)
  AVERAGE WIND SPEED     1.9


SKY COVER
  POSSIBLE SUNSHINE  MM
  AVERAGE SKY COVER 0.4


WEATHER CONDITIONS
 THE FOLLOWING WEATHER WAS RECORDED YESTERDAY.
  NO SIGNIFICANT WEATHER WAS OBSERVED.


RELATIVE HUMIDITY (PERCENT)
 HIGHEST    90          1100 PM
 LOWEST     33           500 PM
 AVERAGE    62

..........................................................


THE ST CLOUD MN CLIMATE NORMALS FOR TODAY
                         NORMAL    RECORD    YEAR
 MAXIMUM TEMPERATURE (F)   83       106      1936
 MINIMUM TEMPERATURE (F)   59        42      1945


SUNRISE AND SUNSET
JULY 10 2014..........SUNRISE   538 AM CDT   SUNSET   905 PM CDT
JULY 11 2014..........SUNRISE   538 AM CDT   SUNSET   905 PM CDT


-  INDICATES NEGATIVE NUMBERS.
R  INDICATES RECORD WAS SET OR TIED.
MM INDICATES DATA IS MISSING.
T  INDICATES TRACE AMOUNT.




$$
