000
CDUS43 KMPX 310712
CLISTC


CLIMATE REPORT
NATIONAL WEATHER SERVICE CHANHASSEN MN
211 AM CDT TUE MAY 31 2016


...................................

...THE ST CLOUD MN CLIMATE SUMMARY FOR MAY 30 2016...

CLIMATE NORMAL PERIOD 1981 TO 2010
CLIMATE RECORD PERIOD 1893 TO 2016


WEATHER ITEM   OBSERVED TIME   RECORD YEAR NORMAL DEPARTURE LAST
                VALUE   (LST)  VALUE       VALUE  FROM      YEAR
                                                  NORMAL
..................................................................
TEMPERATURE (F)
 YESTERDAY
  MAXIMUM         83    313 PM  99    1934  73     10       63
  MINIMUM         49    443 AM  34    1947  49      0       42
                                      1910
  AVERAGE         66                        61      5       53

PRECIPITATION (IN)
  YESTERDAY        0.00          2.01 1954   0.11  -0.11     0.00
  MONTH TO DATE    1.98                      2.85  -0.87     6.03
  SINCE MAR 1      5.22                      6.97  -1.75     8.08
  SINCE JAN 1      6.16                      8.21  -2.05     8.67

SNOWFALL (IN)
  YESTERDAY        0.0           0.0    MM   0.0    0.0      0.0
  MONTH TO DATE    0.0                       0.0    0.0      0.0
  SINCE MAR 1      4.6                      11.5   -6.9      4.3
  SINCE JUL 1     30.3                      45.7  -15.4     31.1
  SNOW DEPTH       0

DEGREE DAYS
 HEATING
  YESTERDAY        0                         6     -6       12
  MONTH TO DATE  264                       282    -18      291
  SINCE MAR 1   1686                      2003   -317     1843
  SINCE JUL 1   7137                      8449  -1312     8101

 COOLING
  YESTERDAY        1                         1      0        0
  MONTH TO DATE   24                        22      2        5
  SINCE MAR 1     29                        24      5        5
  SINCE JAN 1     29                        24      5        5
..................................................................


WIND (MPH)
  HIGHEST WIND SPEED    17   HIGHEST WIND DIRECTION     S (190)
  HIGHEST GUST SPEED    23   HIGHEST GUST DIRECTION    SE (140)
  AVERAGE WIND SPEED     6.8


SKY COVER
  POSSIBLE SUNSHINE  MM
  AVERAGE SKY COVER 0.1


WEATHER CONDITIONS
 THE FOLLOWING WEATHER WAS RECORDED YESTERDAY.
  FOG


RELATIVE HUMIDITY (PERCENT)
 HIGHEST   100          1200 AM
 LOWEST     31           100 PM
 AVERAGE    66

..........................................................


THE ST CLOUD MN CLIMATE NORMALS FOR TODAY
                         NORMAL    RECORD    YEAR
 MAXIMUM TEMPERATURE (F)   73       105      1934
 MINIMUM TEMPERATURE (F)   49        32      1908


SUNRISE AND SUNSET
MAY 31 2016...........SUNRISE   531 AM CDT   SUNSET   858 PM CDT
JUNE  1 2016..........SUNRISE   530 AM CDT   SUNSET   858 PM CDT


-  INDICATES NEGATIVE NUMBERS.
R  INDICATES RECORD WAS SET OR TIED.
MM INDICATES DATA IS MISSING.
T  INDICATES TRACE AMOUNT.




$$
