000
CDUS43 KMPX 050715
CLISTC


CLIMATE REPORT
NATIONAL WEATHER SERVICE CHANHASSEN MN
214 AM CDT THU MAY 5 2016


...................................

...THE ST CLOUD MN CLIMATE SUMMARY FOR MAY 4 2016...

CLIMATE NORMAL PERIOD 1981 TO 2010
CLIMATE RECORD PERIOD 1893 TO 2016


WEATHER ITEM   OBSERVED TIME   RECORD YEAR NORMAL DEPARTURE LAST
                VALUE   (LST)  VALUE       VALUE  FROM      YEAR
                                                  NORMAL
..................................................................
TEMPERATURE (F)
 YESTERDAY
  MAXIMUM         66    459 PM  92    1952  65      1       69
  MINIMUM         37    340 AM  19    1967  40     -3       37
  AVERAGE         52                        53     -1       53

PRECIPITATION (IN)
  YESTERDAY        0.00          0.99 1912   0.10  -0.10     0.00
  MONTH TO DATE    0.00                      0.39  -0.39     0.06
  SINCE MAR 1      3.24                      4.51  -1.27     2.11
  SINCE JAN 1      4.18                      5.75  -1.57     2.70

SNOWFALL (IN)
  YESTERDAY        0.0           0.3  1979   0.0    0.0      0.0
  MONTH TO DATE    0.0                       0.0    0.0      0.0
  SINCE MAR 1      4.6                      11.5   -6.9      4.3
  SINCE JUL 1     30.3                      45.7  -15.4     31.1
  SNOW DEPTH       0

DEGREE DAYS
 HEATING
  YESTERDAY       13                        13      0       12
  MONTH TO DATE   53                        53      0       28
  SINCE MAR 1   1475                      1774   -299     1580
  SINCE JUL 1   6926                      8220  -1294     7838

 COOLING
  YESTERDAY        0                         0      0        0
  MONTH TO DATE    0                         0      0        0
  SINCE MAR 1      5                         2      3        0
  SINCE JAN 1      5                         2      3        0
..................................................................


WIND (MPH)
  HIGHEST WIND SPEED    21   HIGHEST WIND DIRECTION     N (340)
  HIGHEST GUST SPEED    30   HIGHEST GUST DIRECTION    NW (320)
  AVERAGE WIND SPEED     8.0


SKY COVER
  POSSIBLE SUNSHINE  MM
  AVERAGE SKY COVER 0.0


WEATHER CONDITIONS
 THE FOLLOWING WEATHER WAS RECORDED YESTERDAY.
  NO SIGNIFICANT WEATHER WAS OBSERVED.


RELATIVE HUMIDITY (PERCENT)
 HIGHEST    79           600 AM
 LOWEST     18           400 PM
 AVERAGE    49

..........................................................


THE ST CLOUD MN CLIMATE NORMALS FOR TODAY
                         NORMAL    RECORD    YEAR
 MAXIMUM TEMPERATURE (F)   66        91      2000
 MINIMUM TEMPERATURE (F)   41        25      1967
                                             1944


SUNRISE AND SUNSET
MAY  5 2016...........SUNRISE   558 AM CDT   SUNSET   829 PM CDT
MAY  6 2016...........SUNRISE   556 AM CDT   SUNSET   830 PM CDT


-  INDICATES NEGATIVE NUMBERS.
R  INDICATES RECORD WAS SET OR TIED.
MM INDICATES DATA IS MISSING.
T  INDICATES TRACE AMOUNT.




$$
