000
CDUS43 KEAX 270633
CLISTJ


CLIMATE REPORT
NATIONAL WEATHER SERVICE KANSAS CITY/PLEASANT HILL MO
133 AM CDT FRI MAY 27 2016


...................................

...THE ST. JOSEPH MO CLIMATE SUMMARY FOR MAY 26 2016...

CLIMATE NORMAL PERIOD 1981 TO 2010
CLIMATE RECORD PERIOD 1892 TO 2016


WEATHER ITEM   OBSERVED TIME   RECORD YEAR NORMAL DEPARTURE LAST
                VALUE   (LST)  VALUE       VALUE  FROM      YEAR
                                                  NORMAL
..................................................................
TEMPERATURE (F)
 YESTERDAY
  MAXIMUM         74    133 PM  94    1967  79     -5       77
  MINIMUM         62   1158 PM  43    1925  57      5       61
  AVERAGE         68                        68      0       69

PRECIPITATION (IN)
  YESTERDAY        2.60R         1.36 2000   0.16   2.44     0.49
  MONTH TO DATE    5.14                      4.59   0.55     9.13
  SINCE MAR 1     12.44                     10.63   1.81    13.31
  SINCE JAN 1     13.35                     12.12   1.23    15.06

DEGREE DAYS
 HEATING
  YESTERDAY        0                         2     -2        0
  MONTH TO DATE  126                       107     19       91
  SINCE MAR 1    901                      1137   -236      970
  SINCE JUL 1   4519                      5445   -926     5494

 COOLING
  YESTERDAY        3                         5     -2        4
  MONTH TO DATE   35                        65    -30       52
  SINCE MAR 1     54                        86    -32       57
  SINCE JAN 1     54                        86    -32       57
..................................................................


WIND (MPH)
  HIGHEST WIND SPEED    39   HIGHEST WIND DIRECTION     E (100)
  HIGHEST GUST SPEED    59   HIGHEST GUST DIRECTION     W (250)
  AVERAGE WIND SPEED     9.5


SKY COVER
  POSSIBLE SUNSHINE  MM
  AVERAGE SKY COVER 0.6


WEATHER CONDITIONS
 THE FOLLOWING WEATHER WAS RECORDED YESTERDAY.
  THUNDERSTORM
  HEAVY RAIN
  RAIN
  LIGHT RAIN
  FOG


RELATIVE HUMIDITY (PERCENT)
 HIGHEST    93           500 AM
 LOWEST     78           800 AM
 AVERAGE    86

..........................................................


THE ST. JOSEPH MO CLIMATE NORMALS FOR TODAY
                         NORMAL    RECORD    YEAR
 MAXIMUM TEMPERATURE (F)   79        93      2006
                                             1966
 MINIMUM TEMPERATURE (F)   58        42      1968


SUNRISE AND SUNSET
MAY 27 2016...........SUNRISE   556 AM CDT   SUNSET   838 PM CDT
MAY 28 2016...........SUNRISE   555 AM CDT   SUNSET   839 PM CDT


-  INDICATES NEGATIVE NUMBERS.
R  INDICATES RECORD WAS SET OR TIED.
MM INDICATES DATA IS MISSING.
T  INDICATES TRACE AMOUNT.




$$
