828
CDUS43 KEAX 220633
CLISTJ


CLIMATE REPORT
NATIONAL WEATHER SERVICE KANSAS CITY/PLEASANT HILL MO
132 AM CDT MON MAY 22 2017


...................................

...THE ST. JOSEPH MO CLIMATE SUMMARY FOR MAY 21 2017...

CLIMATE NORMAL PERIOD 1981 TO 2010
CLIMATE RECORD PERIOD 1892 TO 2017


WEATHER ITEM   OBSERVED TIME   RECORD YEAR NORMAL DEPARTURE LAST
                VALUE   (LST)  VALUE       VALUE  FROM      YEAR
                                                  NORMAL
..................................................................
TEMPERATURE (F)
 YESTERDAY
  MAXIMUM         70    503 PM  96    1956  77     -7       75
  MINIMUM         44    546 AM  32    1968  55    -11       45
  AVERAGE         57                        66     -9       60

PRECIPITATION (IN)
  YESTERDAY        0.00          1.37 1989   0.18  -0.18      T
  MONTH TO DATE    3.00                      3.72  -0.72     1.89
  SINCE MAR 1     10.21                      9.76   0.45     9.19
  SINCE JAN 1     11.23                     11.25  -0.02    10.10

DEGREE DAYS
 HEATING
  YESTERDAY        8                         2      6        5
  MONTH TO DATE   89                        97     -8      126
  SINCE MAR 1    936                      1127   -191      901
  SINCE JUL 1   4233                      5435  -1202     4519

 COOLING
  YESTERDAY        0                         4     -4        0
  MONTH TO DATE   76                        44     32       12
  SINCE MAR 1     94                        65     29       31
  SINCE JAN 1     94                        65     29       31
..................................................................


WIND (MPH)
  HIGHEST WIND SPEED    24   HIGHEST WIND DIRECTION    NW (310)
  HIGHEST GUST SPEED    29   HIGHEST GUST DIRECTION     W (270)
  AVERAGE WIND SPEED    10.7


SKY COVER
  POSSIBLE SUNSHINE  MM
  AVERAGE SKY COVER 0.2


WEATHER CONDITIONS
 THE FOLLOWING WEATHER WAS RECORDED YESTERDAY.
  NO SIGNIFICANT WEATHER WAS OBSERVED.


RELATIVE HUMIDITY (PERCENT)
 HIGHEST    96          1100 PM
 LOWEST     36           500 PM
 AVERAGE    66

..........................................................


THE ST. JOSEPH MO CLIMATE NORMALS FOR TODAY
                         NORMAL    RECORD    YEAR
 MAXIMUM TEMPERATURE (F)   78        94      1925
 MINIMUM TEMPERATURE (F)   56        39      1963


SUNRISE AND SUNSET
MAY 22 2017...........SUNRISE   559 AM CDT   SUNSET   834 PM CDT
MAY 23 2017...........SUNRISE   558 AM CDT   SUNSET   835 PM CDT


-  INDICATES NEGATIVE NUMBERS.
R  INDICATES RECORD WAS SET OR TIED.
MM INDICATES DATA IS MISSING.
T  INDICATES TRACE AMOUNT.




$$
