000
CDUS43 KEAX 240032
CLISTJ


CLIMATE REPORT
NATIONAL WEATHER SERVICE KANSAS CITY/PLEASANT HILL MO
732 PM CDT TUE SEP 23 2014


...................................

...THE ST. JOSEPH MO CLIMATE SUMMARY FOR SEPTEMBER 23 2014...
VALID TODAY AS OF 0700 PM LOCAL TIME.

CLIMATE NORMAL PERIOD 1981 TO 2010
CLIMATE RECORD PERIOD 1892 TO 2014


WEATHER ITEM   OBSERVED TIME   RECORD YEAR NORMAL DEPARTURE LAST
                VALUE   (LST)  VALUE       VALUE  FROM      YEAR
                                                  NORMAL
..................................................................
TEMPERATURE (F)
 TODAY
  MAXIMUM         76    106 PM  91    1938  76      0       77
  MINIMUM         48    313 AM  31    2012  51     -3       49
  AVERAGE         62                        64     -2       63

PRECIPITATION (IN)
  TODAY            T             2.00 1958   0.10  -0.10     0.00
  MONTH TO DATE    1.67                      2.80  -1.13     3.48
  SINCE SEP 1      1.67                      2.80  -1.13     3.48
  SINCE JAN 1     24.22                     29.10  -4.88    23.15

DEGREE DAYS
 HEATING
  TODAY            3                         4     -1        2
  MONTH TO DATE   78                        40     38       21
  SINCE SEP 1     78                        40     38       21
  SINCE JUL 1     84                        45     39       23

 COOLING
  TODAY            0                         3     -3        0
  MONTH TO DATE   89                       106    -17      169
  SINCE SEP 1     89                       106    -17      169
  SINCE JAN 1   1138                      1183    -45     1239
..................................................................


WIND (MPH)
  HIGHEST WIND SPEED    18   HIGHEST WIND DIRECTION     S (160)
  HIGHEST GUST SPEED    25   HIGHEST GUST DIRECTION     S (160)
  AVERAGE WIND SPEED     6.8


SKY COVER
  AVERAGE SKY COVER 0.1


WEATHER CONDITIONS
 THE FOLLOWING WEATHER WAS RECORDED TODAY.
  LIGHT RAIN


RELATIVE HUMIDITY (PERCENT)
 HIGHEST    93          1200 AM
 LOWEST     49           100 PM
 AVERAGE    71

..........................................................


THE ST. JOSEPH MO CLIMATE NORMALS FOR TOMORROW
                         NORMAL    RECORD    YEAR
 MAXIMUM TEMPERATURE (F)   76        90      1958
 MINIMUM TEMPERATURE (F)   50        30      1989


SUNRISE AND SUNSET
SEPTEMBER 23 2014.....SUNRISE   708 AM CDT   SUNSET   715 PM CDT
SEPTEMBER 24 2014.....SUNRISE   709 AM CDT   SUNSET   713 PM CDT


-  INDICATES NEGATIVE NUMBERS.
R  INDICATES RECORD WAS SET OR TIED.
MM INDICATES DATA IS MISSING.
T  INDICATES TRACE AMOUNT.




$$
