000
CDUS43 KEAX 210633
CLISTJ


CLIMATE REPORT
NATIONAL WEATHER SERVICE KANSAS CITY/PLEASANT HILL MO
133 AM CDT SAT OCT 21 2017


...................................

...THE ST. JOSEPH MO CLIMATE SUMMARY FOR OCTOBER 20 2017...

CLIMATE NORMAL PERIOD 1981 TO 2010
CLIMATE RECORD PERIOD 1892 TO 2017


WEATHER ITEM   OBSERVED TIME   RECORD YEAR NORMAL DEPARTURE LAST
                VALUE   (LST)  VALUE       VALUE  FROM      YEAR
                                                  NORMAL
..................................................................
TEMPERATURE (F)
 YESTERDAY
  MAXIMUM         77    248 PM  90    2003  65     12       62
  MINIMUM         48    424 AM  22    1989  41      7       38
  AVERAGE         63                        53     10       50

PRECIPITATION (IN)
  YESTERDAY        0.00          2.91 1949   0.09  -0.09     0.01
  MONTH TO DATE    2.19                      1.86   0.33     1.48
  SINCE SEP 1      3.22                      5.28  -2.06    10.14
  SINCE JAN 1     23.47                     31.58  -8.11    40.26

DEGREE DAYS
 HEATING
  YESTERDAY        2                        12    -10       15
  MONTH TO DATE   91                       182    -91      105
  SINCE SEP 1    114                       257   -143      130
  SINCE JUL 1    120                       262   -142      132

 COOLING
  YESTERDAY        0                         0      0        0
  MONTH TO DATE   37                        18     19       34
  SINCE SEP 1    227                       140     87      256
  SINCE JAN 1   1271                      1217     54     1528
..................................................................


WIND (MPH)
  HIGHEST WIND SPEED    28   HIGHEST WIND DIRECTION     S (170)
  HIGHEST GUST SPEED    36   HIGHEST GUST DIRECTION     S (170)
  AVERAGE WIND SPEED    12.8


SKY COVER
  POSSIBLE SUNSHINE  MM
  AVERAGE SKY COVER 0.0


WEATHER CONDITIONS
 THE FOLLOWING WEATHER WAS RECORDED YESTERDAY.
  LIGHT RAIN


RELATIVE HUMIDITY (PERCENT)
 HIGHEST   100           600 AM
 LOWEST     54          1200 PM
 AVERAGE    77

..........................................................


THE ST. JOSEPH MO CLIMATE NORMALS FOR TODAY
                         NORMAL    RECORD    YEAR
 MAXIMUM TEMPERATURE (F)   65        88      1979
 MINIMUM TEMPERATURE (F)   41        20      1982


SUNRISE AND SUNSET
OCTOBER 21 2017.......SUNRISE   737 AM CDT   SUNSET   631 PM CDT
OCTOBER 22 2017.......SUNRISE   738 AM CDT   SUNSET   630 PM CDT


-  INDICATES NEGATIVE NUMBERS.
R  INDICATES RECORD WAS SET OR TIED.
MM INDICATES DATA IS MISSING.
T  INDICATES TRACE AMOUNT.




$$
