000
CDUS43 KEAX 310639
CLISTJ


CLIMATE REPORT
NATIONAL WEATHER SERVICE KANSAS CITY/PLEASANT HILL MO
138 AM CDT SUN AUG 31 2014


...................................

...THE ST. JOSEPH MO CLIMATE SUMMARY FOR AUGUST 30 2014...

CLIMATE NORMAL PERIOD 1981 TO 2010
CLIMATE RECORD PERIOD 1892 TO 2014


WEATHER ITEM   OBSERVED TIME   RECORD YEAR NORMAL DEPARTURE LAST
                VALUE   (LST)  VALUE       VALUE  FROM      YEAR
                                                  NORMAL
..................................................................
TEMPERATURE (F)
 YESTERDAY
  MAXIMUM         87    252 PM 103    1947  84      3       99
  MINIMUM         63    556 AM  46    1915  61      2       68
  AVERAGE         75                        72      3       84

PRECIPITATION (IN)
  YESTERDAY        0.00          1.32 1965   0.15  -0.15     0.00
  MONTH TO DATE    1.52                      3.84  -2.32     1.26
  SINCE JUN 1     13.84                     13.21   0.63     5.62
  SINCE JAN 1     21.61                     26.16  -4.55    19.67

DEGREE DAYS
 HEATING
  YESTERDAY        0                         0      0        0
  MONTH TO DATE    0                         0      0        0
  SINCE JUN 1      7                         9     -2       17
  SINCE JUL 1      6                         1      5        2

 COOLING
  YESTERDAY       10                         8      2       19
  MONTH TO DATE  336                       316     20      308
  SINCE JUN 1    874                       957    -83      929
  SINCE JAN 1   1035                      1070    -35     1055
..................................................................


WIND (MPH)
  HIGHEST WIND SPEED     9   HIGHEST WIND DIRECTION    NW (300)
  HIGHEST GUST SPEED    14   HIGHEST GUST DIRECTION    NW (320)
  AVERAGE WIND SPEED     2.5


SKY COVER
  POSSIBLE SUNSHINE  MM
  AVERAGE SKY COVER 0.1


WEATHER CONDITIONS
 THE FOLLOWING WEATHER WAS RECORDED YESTERDAY.
  FOG


RELATIVE HUMIDITY (PERCENT)
 HIGHEST   100           600 AM
 LOWEST     55           300 PM
 AVERAGE    78

..........................................................


THE ST. JOSEPH MO CLIMATE NORMALS FOR TODAY
                         NORMAL    RECORD    YEAR
 MAXIMUM TEMPERATURE (F)   84       103      1913
 MINIMUM TEMPERATURE (F)   60        44      1967


SUNRISE AND SUNSET
AUGUST 31 2014........SUNRISE   647 AM CDT   SUNSET   752 PM CDT
SEPTEMBER  1 2014.....SUNRISE   648 AM CDT   SUNSET   751 PM CDT


-  INDICATES NEGATIVE NUMBERS.
R  INDICATES RECORD WAS SET OR TIED.
MM INDICATES DATA IS MISSING.
T  INDICATES TRACE AMOUNT.




$$
