000
CDUS43 KEAX 230640
CLISTJ


CLIMATE REPORT
NATIONAL WEATHER SERVICE KANSAS CITY/PLEASANT HILL MO
1239 AM CST SUN NOV 23 2014


...................................

...THE ST. JOSEPH MO CLIMATE SUMMARY FOR NOVEMBER 22 2014...

CLIMATE NORMAL PERIOD 1981 TO 2010
CLIMATE RECORD PERIOD 1892 TO 2014


WEATHER ITEM   OBSERVED TIME   RECORD YEAR NORMAL DEPARTURE LAST
                VALUE   (LST)  VALUE       VALUE  FROM      YEAR
                                                  NORMAL
..................................................................
TEMPERATURE (F)
 YESTERDAY
  MAXIMUM         57    454 PM  78    1966  50      7       27
  MINIMUM         40   1244 AM  10    1929  28     12       22
  AVERAGE         49                        39     10       25

PRECIPITATION (IN)
  YESTERDAY        0.00          1.48 1999   0.04  -0.04      T
  MONTH TO DATE    0.04                      1.23  -1.19     1.93
  SINCE SEP 1      8.20                      7.46   0.74    11.15
  SINCE JAN 1     30.75                     33.76  -3.01    30.82

DEGREE DAYS
 HEATING
  YESTERDAY       16                        26    -10       40
  MONTH TO DATE  657                       465    192      466
  SINCE SEP 1   1014                       879    135      869
  SINCE JUL 1   1020                       884    136      871

 COOLING
  YESTERDAY        0                         0      0        0
  MONTH TO DATE    0                         0      0        0
  SINCE SEP 1    133                       143    -10      215
  SINCE JAN 1   1182                      1220    -38     1285
..................................................................


WIND (MPH)
  HIGHEST WIND SPEED    23   HIGHEST WIND DIRECTION     S (180)
  HIGHEST GUST SPEED    30   HIGHEST GUST DIRECTION     S (180)
  AVERAGE WIND SPEED     8.7


SKY COVER
  POSSIBLE SUNSHINE  MM
  AVERAGE SKY COVER 1.0


WEATHER CONDITIONS
 THE FOLLOWING WEATHER WAS RECORDED YESTERDAY.
  FOG
  FOG W/VISIBILITY <= 1/4 MILE


RELATIVE HUMIDITY (PERCENT)
 HIGHEST   100           300 AM
 LOWEST     83          1000 PM
 AVERAGE    92

..........................................................


THE ST. JOSEPH MO CLIMATE NORMALS FOR TODAY
                         NORMAL    RECORD    YEAR
 MAXIMUM TEMPERATURE (F)   49        77      1966
 MINIMUM TEMPERATURE (F)   28         8      2007
                                             1950


SUNRISE AND SUNSET
NOVEMBER 23 2014......SUNRISE   713 AM CST   SUNSET   459 PM CST
NOVEMBER 24 2014......SUNRISE   714 AM CST   SUNSET   458 PM CST


-  INDICATES NEGATIVE NUMBERS.
R  INDICATES RECORD WAS SET OR TIED.
MM INDICATES DATA IS MISSING.
T  INDICATES TRACE AMOUNT.




$$
