000
CDUS43 KEAX 290632
CLISTJ


CLIMATE REPORT
NATIONAL WEATHER SERVICE KANSAS CITY/PLEASANT HILL MO
131 AM CDT TUE JUL 29 2014


...................................

...THE ST. JOSEPH MO CLIMATE SUMMARY FOR JULY 28 2014...

CLIMATE NORMAL PERIOD 1981 TO 2010
CLIMATE RECORD PERIOD 1892 TO 2014


WEATHER ITEM   OBSERVED TIME   RECORD YEAR NORMAL DEPARTURE LAST
                VALUE   (LST)  VALUE       VALUE  FROM      YEAR
                                                  NORMAL
..................................................................
TEMPERATURE (F)
 YESTERDAY
  MAXIMUM         79    330 PM 103    1931  87     -8       80
  MINIMUM         57    519 AM  48    2013  67    -10       48
  AVERAGE         68                        77     -9       64

PRECIPITATION (IN)
  YESTERDAY        0.00          1.87 1979   0.17  -0.17     0.00
  MONTH TO DATE    4.41                      4.68  -0.27     0.25
  SINCE JUN 1     12.32                      8.86   3.46     2.34
  SINCE JAN 1     20.09                     21.81  -1.72    16.39

DEGREE DAYS
 HEATING
  YESTERDAY        0                         0      0        1
  MONTH TO DATE    6                         0      6        2
  SINCE JUN 1      7                         8     -1       17
  SINCE JUL 1      6                         0      6        2

 COOLING
  YESTERDAY        3                        12     -9        0
  MONTH TO DATE  248                       334    -86      327
  SINCE JUN 1    527                       601    -74      602
  SINCE JAN 1    688                       714    -26      728
..................................................................


WIND (MPH)
  HIGHEST WIND SPEED    15   HIGHEST WIND DIRECTION     N (10)
  HIGHEST GUST SPEED    19   HIGHEST GUST DIRECTION     N (10)
  AVERAGE WIND SPEED     5.8


SKY COVER
  POSSIBLE SUNSHINE  MM
  AVERAGE SKY COVER 0.2


WEATHER CONDITIONS
 THE FOLLOWING WEATHER WAS RECORDED YESTERDAY.
  NO SIGNIFICANT WEATHER WAS OBSERVED.


RELATIVE HUMIDITY (PERCENT)
 HIGHEST    93           200 AM
 LOWEST     56           500 PM
 AVERAGE    75

..........................................................


THE ST. JOSEPH MO CLIMATE NORMALS FOR TODAY
                         NORMAL    RECORD    YEAR
 MAXIMUM TEMPERATURE (F)   87       104      1947
 MINIMUM TEMPERATURE (F)   67        52      1971


SUNRISE AND SUNSET
JULY 29 2014..........SUNRISE   616 AM CDT   SUNSET   836 PM CDT
JULY 30 2014..........SUNRISE   617 AM CDT   SUNSET   835 PM CDT


-  INDICATES NEGATIVE NUMBERS.
R  INDICATES RECORD WAS SET OR TIED.
MM INDICATES DATA IS MISSING.
T  INDICATES TRACE AMOUNT.




$$
