000
CDUS43 KEAX 050635
CLISTJ


CLIMATE REPORT
NATIONAL WEATHER SERVICE KANSAS CITY/PLEASANT HILL MO
134 AM CDT THU MAY 5 2016


...................................

...THE ST. JOSEPH MO CLIMATE SUMMARY FOR MAY 4 2016...

CLIMATE NORMAL PERIOD 1981 TO 2010
CLIMATE RECORD PERIOD 1892 TO 2016


WEATHER ITEM   OBSERVED TIME   RECORD YEAR NORMAL DEPARTURE LAST
                VALUE   (LST)  VALUE       VALUE  FROM      YEAR
                                                  NORMAL
..................................................................
TEMPERATURE (F)
 YESTERDAY
  MAXIMUM         71    429 PM  91    1950  71      0       82
  MINIMUM         47   1152 PM  32    1954  49     -2       62
  AVERAGE         59                        60     -1       72

PRECIPITATION (IN)
  YESTERDAY        0.00          2.31 1958   0.20  -0.20     1.41
  MONTH TO DATE    0.04                      0.76  -0.72     1.72
  SINCE MAR 1      7.34                      6.80   0.54     5.90
  SINCE JAN 1      8.25                      8.29  -0.04     7.65

DEGREE DAYS
 HEATING
  YESTERDAY        6                         6      0        0
  MONTH TO DATE   38                        26     12        4
  SINCE MAR 1    813                      1056   -243      883
  SINCE JUL 1   4431                      5364   -933     5407

 COOLING
  YESTERDAY        0                         1     -1        7
  MONTH TO DATE    0                         4     -4       14
  SINCE MAR 1     19                        25     -6       19
  SINCE JAN 1     19                        25     -6       19
..................................................................


WIND (MPH)
  HIGHEST WIND SPEED    23   HIGHEST WIND DIRECTION     N (360)
  HIGHEST GUST SPEED    29   HIGHEST GUST DIRECTION     N (360)
  AVERAGE WIND SPEED    11.7


SKY COVER
  POSSIBLE SUNSHINE  MM
  AVERAGE SKY COVER 0.1


WEATHER CONDITIONS
 THE FOLLOWING WEATHER WAS RECORDED YESTERDAY.
  NO SIGNIFICANT WEATHER WAS OBSERVED.


RELATIVE HUMIDITY (PERCENT)
 HIGHEST    74          1100 PM
 LOWEST     28           200 PM
 AVERAGE    51

..........................................................


THE ST. JOSEPH MO CLIMATE NORMALS FOR TODAY
                         NORMAL    RECORD    YEAR
 MAXIMUM TEMPERATURE (F)   72        92      1971
 MINIMUM TEMPERATURE (F)   49        32      1944


SUNRISE AND SUNSET
MAY  5 2016...........SUNRISE   615 AM CDT   SUNSET   818 PM CDT
MAY  6 2016...........SUNRISE   614 AM CDT   SUNSET   819 PM CDT


-  INDICATES NEGATIVE NUMBERS.
R  INDICATES RECORD WAS SET OR TIED.
MM INDICATES DATA IS MISSING.
T  INDICATES TRACE AMOUNT.




$$
