000
CDUS43 KLSX 280744
CLISTL


CLIMATE REPORT
NATIONAL WEATHER SERVICE ST LOUIS MO
138 AM CST SUN DEC 28 2014


...................................

...THE ST. LOUIS CLIMATE SUMMARY FOR DECEMBER 27 2014...

CLIMATE NORMAL PERIOD 1981 TO 2010
CLIMATE RECORD PERIOD 1874 TO 2014


WEATHER ITEM   OBSERVED TIME   RECORD YEAR NORMAL DEPARTURE LAST
                VALUE   (LST)  VALUE       VALUE  FROM      YEAR
                                                  NORMAL
..................................................................
TEMPERATURE (F)
 YESTERDAY
  MAXIMUM         50    854 AM  72    1971  40     10       56
  MINIMUM         34   1159 PM  -3    1886  25      9       28
  AVERAGE         42                        32     10       42

PRECIPITATION (IN)
  YESTERDAY        0.14          3.04 1922   0.09   0.05     0.00
  MONTH TO DATE    2.72                      2.50   0.22     1.96
  SINCE DEC 1      2.72                      2.50   0.22     1.96
  SINCE JAN 1     43.43                     40.62   2.81    42.68

SNOWFALL (IN)
  YESTERDAY        T             5.2  1939   0.2   -0.2      0.0
  MONTH TO DATE    0.2                       3.7   -3.5      5.6
  SINCE DEC 1      0.2                       3.7   -3.5      5.6
  SINCE JUL 1      4.0                       4.4   -0.4      5.6
  SNOW DEPTH       0

DEGREE DAYS
 HEATING
  YESTERDAY       23                        33    -10       23
  MONTH TO DATE  654                       807   -153      845
  SINCE DEC 1    654                       807   -153      845
  SINCE JUL 1   1611                      1633    -22     1715

 COOLING
  YESTERDAY        0                         0      0        0
  MONTH TO DATE    0                         0      0        0
  SINCE DEC 1      0                         0      0        0
  SINCE JAN 1   1732                      1646     86     1728
..................................................................


WIND (MPH)
  HIGHEST WIND SPEED    20   HIGHEST WIND DIRECTION     W (290)
  HIGHEST GUST SPEED    25   HIGHEST GUST DIRECTION     W (280)
  AVERAGE WIND SPEED     8.8


SKY COVER
  AVERAGE SKY COVER 1.0


WEATHER CONDITIONS
 THE FOLLOWING WEATHER WAS RECORDED YESTERDAY.
  RAIN
  LIGHT RAIN
  SLEET
  FOG


RELATIVE HUMIDITY (PERCENT)
 HIGHEST    92           700 PM
 LOWEST     70          1100 PM
 AVERAGE    81

..........................................................


THE ST. LOUIS CLIMATE NORMALS FOR TODAY
                         NORMAL    RECORD    YEAR
 MAXIMUM TEMPERATURE (F)   40        75      1928
 MINIMUM TEMPERATURE (F)   24        -8      1924


SUNRISE AND SUNSET
DECEMBER 28 2014......SUNRISE   719 AM CST   SUNSET   448 PM CST
DECEMBER 29 2014......SUNRISE   719 AM CST   SUNSET   448 PM CST


-  INDICATES NEGATIVE NUMBERS.
R  INDICATES RECORD WAS SET OR TIED.
MM INDICATES DATA IS MISSING.
T  INDICATES TRACE AMOUNT.




$$
