000
CDUS43 KLSX 250729
CLISTL


CLIMATE REPORT
NATIONAL WEATHER SERVICE ST LOUIS MO
228 AM CDT MON MAY 25 2015


...................................

...THE ST. LOUIS CLIMATE SUMMARY FOR MAY 24 2015...

CLIMATE NORMAL PERIOD 1981 TO 2010
CLIMATE RECORD PERIOD 1874 TO 2015


WEATHER ITEM   OBSERVED TIME   RECORD YEAR NORMAL DEPARTURE LAST
                VALUE   (LST)  VALUE       VALUE  FROM      YEAR
                                                  NORMAL
..................................................................
TEMPERATURE (F)
 YESTERDAY
  MAXIMUM         87    132 PM  92    2012  78      9       82
                                      1950
                                      1921
  MINIMUM         65    522 AM  40    1961  60      5       60
  AVERAGE         76                        69      7       71

PRECIPITATION (IN)
  YESTERDAY        0.24          2.15 1927   0.16   0.08      T
  MONTH TO DATE    2.85                      3.58  -0.73     1.84
  SINCE MAR 1     11.27                     10.59   0.68    11.77
  SINCE JAN 1     14.22                     15.23  -1.01    14.92

SNOWFALL (IN)
  YESTERDAY        0.0           0.0  2014   0.0    0.0      0.0
  MONTH TO DATE    0.0                       0.0    0.0      0.0
  SINCE MAR 1      0.6                       2.7   -2.1      1.6
  SINCE JUL 1     16.8                      17.7   -0.9     28.8
  SNOW DEPTH       0

DEGREE DAYS
 HEATING
  YESTERDAY        0                         1     -1        0
  MONTH TO DATE   42                        68    -26       79
  SINCE MAR 1    772                       926   -154      990
  SINCE JUL 1   4574                      4524     50     5027

 COOLING
  YESTERDAY       11                         5      6        6
  MONTH TO DATE  139                        84     55      141
  SINCE MAR 1    164                       130     34      178
  SINCE JAN 1    164                       130     34      178
..................................................................


WIND (MPH)
  HIGHEST WIND SPEED    30   HIGHEST WIND DIRECTION    SE (150)
  HIGHEST GUST SPEED    37   HIGHEST GUST DIRECTION    SE (140)
  AVERAGE WIND SPEED    14.2


SKY COVER
  AVERAGE SKY COVER 0.8


WEATHER CONDITIONS
 THE FOLLOWING WEATHER WAS RECORDED YESTERDAY.
  HEAVY RAIN
  RAIN
  LIGHT RAIN


RELATIVE HUMIDITY (PERCENT)
 HIGHEST    84          1000 PM
 LOWEST     48           100 PM
 AVERAGE    66

..........................................................


THE ST. LOUIS CLIMATE NORMALS FOR TODAY
                         NORMAL    RECORD    YEAR
 MAXIMUM TEMPERATURE (F)   79        93      1953
                                             1911
 MINIMUM TEMPERATURE (F)   60        38      1925


SUNRISE AND SUNSET
MAY 25 2015...........SUNRISE   542 AM CDT   SUNSET   815 PM CDT
MAY 26 2015...........SUNRISE   542 AM CDT   SUNSET   816 PM CDT


-  INDICATES NEGATIVE NUMBERS.
R  INDICATES RECORD WAS SET OR TIED.
MM INDICATES DATA IS MISSING.
T  INDICATES TRACE AMOUNT.




$$
