000
CDUS43 KLSX 010728
CLISTL


CLIMATE REPORT
NATIONAL WEATHER SERVICE ST LOUIS MO
227 AM CDT SAT AUG 1 2015


...................................

...THE ST. LOUIS CLIMATE SUMMARY FOR JULY 31 2015...

CLIMATE NORMAL PERIOD 1981 TO 2010
CLIMATE RECORD PERIOD 1874 TO 2015


WEATHER ITEM   OBSERVED TIME   RECORD YEAR NORMAL DEPARTURE LAST
                VALUE   (LST)  VALUE       VALUE  FROM      YEAR
                                                  NORMAL
..................................................................
TEMPERATURE (F)
 YESTERDAY
  MAXIMUM         94    325 PM 103    2012  89      5       86
                                      1970
  MINIMUM         71    513 AM  53    1971  71      0       65
  AVERAGE         83                        80      3       76

PRECIPITATION (IN)
  YESTERDAY        0.00          2.16 1943   0.13  -0.13     0.00
  MONTH TO DATE    4.13                      4.11   0.02     1.59
  SINCE JUN 1     17.27                      8.39   8.88     6.85
  SINCE JAN 1     32.26                     24.76   7.50    23.91

SNOWFALL (IN)
  YESTERDAY        0.0           0.0  2013   0.0    0.0      0.0
  MONTH TO DATE    0.0                       0.0    0.0      0.0
  SINCE JUN 1      0.0                       0.0    0.0      0.0
  SINCE JUL 1      0.0                       0.0    0.0      0.0
  SNOW DEPTH       0

DEGREE DAYS
 HEATING
  YESTERDAY        0                         0      0        0
  MONTH TO DATE    0                         0      0        0
  SINCE JUN 1      3                         5     -2        0
  SINCE JUL 1      0                         0      0        0

 COOLING
  YESTERDAY       18                        15      3       11
  MONTH TO DATE  490                       467     23      362
  SINCE JUN 1    880                       801     79      760
  SINCE JAN 1   1104                       975    129     1022
..................................................................


WIND (MPH)
  HIGHEST WIND SPEED    14   HIGHEST WIND DIRECTION    NW (320)
  HIGHEST GUST SPEED    20   HIGHEST GUST DIRECTION    NW (310)
  AVERAGE WIND SPEED     5.3


SKY COVER
  AVERAGE SKY COVER 0.2


WEATHER CONDITIONS
 THE FOLLOWING WEATHER WAS RECORDED YESTERDAY.
  NO SIGNIFICANT WEATHER WAS OBSERVED.


RELATIVE HUMIDITY (PERCENT)
 HIGHEST    79           300 AM
 LOWEST     33           200 PM
 AVERAGE    56

..........................................................


THE ST. LOUIS CLIMATE NORMALS FOR TODAY
                         NORMAL    RECORD    YEAR
 MAXIMUM TEMPERATURE (F)   89       104      1980
 MINIMUM TEMPERATURE (F)   71        57      1962


SUNRISE AND SUNSET
AUGUST  1 2015........SUNRISE   603 AM CDT   SUNSET   813 PM CDT
AUGUST  2 2015........SUNRISE   604 AM CDT   SUNSET   811 PM CDT


-  INDICATES NEGATIVE NUMBERS.
R  INDICATES RECORD WAS SET OR TIED.
MM INDICATES DATA IS MISSING.
T  INDICATES TRACE AMOUNT.




$$
