000
CDUS46 KMTR 050834
CLISTS


CLIMATE REPORT
NATIONAL WEATHER SERVICE SAN FRANCISCO BAY AREA
1233 AM PST FRI FEB 5 2016


...................................

...THE SANTA ROSA AIRPORT CLIMATE SUMMARY FOR FEBRUARY 4 2016...

CLIMATE NORMAL PERIOD 1981 TO 2010
CLIMATE RECORD PERIOD 1998 TO 2016


WEATHER ITEM   OBSERVED TIME   RECORD YEAR NORMAL DEPARTURE LAST
                VALUE   (LST)  VALUE       VALUE  FROM      YEAR
                                                  NORMAL
..................................................................
TEMPERATURE (F)
 YESTERDAY
  MAXIMUM         61    408 PM  74    2001  59      2       64
  MINIMUM         42   1159 PM  30    2014  38      4       41
                                      2002
  AVERAGE         52                        48      4       53

PRECIPITATION (IN)
  YESTERDAY        0.00          0.10 2006   0.21  -0.21     0.00
  MONTH TO DATE    0.03                      0.82  -0.79     0.00
  SINCE OCT 1     19.48                     21.62  -2.14    18.67
  SINCE JAN 1     10.90                      7.87   3.03     0.12

DEGREE DAYS
 HEATING
  YESTERDAY       13                                        12
  MONTH TO DATE   65                                        44
  SINCE DEC 1   1061                                       864
  SINCE JUL 1   1506                                      1222

 COOLING
  YESTERDAY        0                                         0
  MONTH TO DATE    0                                         0
  SINCE DEC 1      0                                         0
  SINCE JAN 1      0                                         0
..................................................................


WIND (MPH)
  RESULTANT WIND SPEED   1   RESULTANT WIND DIRECTION   N (340)
  HIGHEST WIND SPEED    10   HIGHEST WIND DIRECTION     N (340)
  HIGHEST GUST SPEED    12   HIGHEST GUST DIRECTION     N (350)
  AVERAGE WIND SPEED     4.2


SKY COVER
  POSSIBLE SUNSHINE  MM
  AVERAGE SKY COVER 0.6


WEATHER CONDITIONS
 THE FOLLOWING WEATHER WAS RECORDED YESTERDAY.
  FOG


RELATIVE HUMIDITY (PERCENT)
 HIGHEST   100          1000 PM
 LOWEST     60           100 PM
 AVERAGE    80

..........................................................


THE SANTA ROSA AIRPORT CLIMATE NORMALS FOR TODAY
                         NORMAL    RECORD    YEAR
 MAXIMUM TEMPERATURE (F)   59        80      2011
 MINIMUM TEMPERATURE (F)   38        27      2014


SUNRISE AND SUNSET
FEBRUARY  5 2016......SUNRISE   713 AM PST   SUNSET   538 PM PST
FEBRUARY  6 2016......SUNRISE   712 AM PST   SUNSET   539 PM PST


-  INDICATES NEGATIVE NUMBERS.
R  INDICATES RECORD WAS SET OR TIED.
MM INDICATES DATA IS MISSING.
T  INDICATES TRACE AMOUNT.




$$
