000
CDUS46 KMTR 070038
CLISTS


CLIMATE REPORT
NATIONAL WEATHER SERVICE SAN FRANCISCO BAY AREA
438 PM PST FRI MAR 6 2015


...................................

...THE SANTA ROSA AIRPORT CLIMATE SUMMARY FOR MARCH 6 2015...
VALID TODAY AS OF 0400 PM LOCAL TIME.

CLIMATE NORMAL PERIOD 1981 TO 2010
CLIMATE RECORD PERIOD 1998 TO 2015


WEATHER ITEM   OBSERVED TIME   RECORD YEAR NORMAL DEPARTURE LAST
                VALUE   (LST)  VALUE       VALUE  FROM      YEAR
                                                  NORMAL
..................................................................
TEMPERATURE (F)
 TODAY
  MAXIMUM         76R       MM  75    2005  63     13       63
  MINIMUM         38        MM  35    2009  41     -3       47
  AVERAGE         57                        52      5       55

PRECIPITATION (IN)
  TODAY            0.00          0.62 2006   0.21  -0.21      T
  MONTH TO DATE    T                         1.37  -1.37     0.77
  SINCE OCT 1     22.87                     28.57  -5.70    11.71
  SINCE JAN 1      4.32                     14.82 -10.50    10.21

DEGREE DAYS
 HEATING
  TODAY            8                                        10
  MONTH TO DATE   75                                        47
  SINCE MAR 1     75                                        47
  SINCE JUL 1   1531                                      1984

 COOLING
  TODAY            0                                         0
  MONTH TO DATE    0                                         0
  SINCE MAR 1      0                                         0
  SINCE JAN 1      0                                         0
..................................................................


WIND (MPH)
  RESULTANT WIND SPEED   3   RESULTANT WIND DIRECTION  NW (330)
  HIGHEST WIND SPEED     7   HIGHEST WIND DIRECTION     E (99)
  HIGHEST GUST SPEED    MM   HIGHEST GUST DIRECTION    MM
  AVERAGE WIND SPEED     3.7


SKY COVER
  POSSIBLE SUNSHINE  MM
  AVERAGE SKY COVER 0.0


WEATHER CONDITIONS
 THE FOLLOWING WEATHER WAS RECORDED TODAY.
  NO SIGNIFICANT WEATHER WAS OBSERVED.


RELATIVE HUMIDITY (PERCENT)
 HIGHEST    93           200 AM
 LOWEST     23           300 PM
 AVERAGE    58

..........................................................


THE SANTA ROSA AIRPORT CLIMATE NORMALS FOR TOMORROW
                         NORMAL    RECORD    YEAR
 MAXIMUM TEMPERATURE (F)   63        79      2004
 MINIMUM TEMPERATURE (F)   41        31      1999


SUNRISE AND SUNSET
MARCH  6 2015.........SUNRISE   636 AM PST   SUNSET   609 PM PST
MARCH  7 2015.........SUNRISE   635 AM PST   SUNSET   610 PM PST


-  INDICATES NEGATIVE NUMBERS.
R  INDICATES RECORD WAS SET OR TIED.
MM INDICATES DATA IS MISSING.
T  INDICATES TRACE AMOUNT.




$$
