000
CDUS41 KBGM 010537
CLISYR


CLIMATE REPORT
NATIONAL WEATHER SERVICE BINGHAMTON NY
136 AM EDT WED JUN 1 2016


...................................

...THE SYRACUSE NY CLIMATE SUMMARY FOR MAY 31 2016...

CLIMATE NORMAL PERIOD 1981 TO 2010
CLIMATE RECORD PERIOD 1902 TO 2016


WEATHER ITEM   OBSERVED TIME   RECORD YEAR NORMAL DEPARTURE LAST
                VALUE   (LST)  VALUE       VALUE  FROM      YEAR
                                                  NORMAL
..................................................................
TEMPERATURE (F)
 YESTERDAY
  MAXIMUM         80    302 PM  92    2011  73      7       69
                                      2010
                                      1999
  MINIMUM         59   1159 PM  36    1966  51      8       50
  AVERAGE         70                        62      8       60

PRECIPITATION (IN)
  YESTERDAY        0.00          1.61 1992   0.11  -0.11     0.53
  MONTH TO DATE    3.58                      3.22   0.36     3.93
  SINCE MAR 1      8.04                      9.36  -1.32     8.24
  SINCE JAN 1     14.56                     13.93   0.63    12.12

SNOWFALL (IN)
  YESTERDAY        0.0           0.0  2002   0.0    0.0      0.0
  MONTH TO DATE    T                         0.1   -0.1      0.0
  SINCE MAR 1     13.5                      21.9   -8.4     12.9
  SINCE JUL 1     80.3                     123.8  -43.5    119.7
  SNOW DEPTH       0

DEGREE DAYS
 HEATING
  YESTERDAY        0                         5     -5        5
  MONTH TO DATE  261                       255      6      126
  SINCE MAR 1   1699                      1759    -60     1844
  SINCE JUL 1   5798                      6590   -792     7068

 COOLING
  YESTERDAY        5                         2      3        0
  MONTH TO DATE   56                        26     30      105
  SINCE MAR 1     56                        30     26      105
  SINCE JAN 1     56                        30     26      105
..................................................................


WIND (MPH)
  HIGHEST WIND SPEED    22   HIGHEST WIND DIRECTION     W (260)
  HIGHEST GUST SPEED    28   HIGHEST GUST DIRECTION     W (260)
  AVERAGE WIND SPEED     7.3


SKY COVER
  POSSIBLE SUNSHINE  MM
  AVERAGE SKY COVER 0.5


WEATHER CONDITIONS
 THE FOLLOWING WEATHER WAS RECORDED YESTERDAY.
  NO SIGNIFICANT WEATHER WAS OBSERVED.


RELATIVE HUMIDITY (PERCENT)
 HIGHEST    80           500 AM
 LOWEST     30           200 PM
 AVERAGE    55

..........................................................


THE SYRACUSE NY CLIMATE NORMALS FOR TODAY
                         NORMAL    RECORD    YEAR
 MAXIMUM TEMPERATURE (F)   74        91      1954
 MINIMUM TEMPERATURE (F)   52        34      1945


SUNRISE AND SUNSET
JUNE  1 2016..........SUNRISE   527 AM EDT   SUNSET   838 PM EDT
JUNE  2 2016..........SUNRISE   527 AM EDT   SUNSET   838 PM EDT


-  INDICATES NEGATIVE NUMBERS.
R  INDICATES RECORD WAS SET OR TIED.
MM INDICATES DATA IS MISSING.
T  INDICATES TRACE AMOUNT.




$$
