000
CDUS41 KBGM 280556
CLISYR


CLIMATE REPORT
NATIONAL WEATHER SERVICE BINGHAMTON NY
1256 AM EST SAT FEB 28 2015


...................................

...THE SYRACUSE NY CLIMATE SUMMARY FOR FEBRUARY 27 2015...

CLIMATE NORMAL PERIOD 1981 TO 2010
CLIMATE RECORD PERIOD 1902 TO 2015


WEATHER ITEM   OBSERVED TIME   RECORD YEAR NORMAL DEPARTURE LAST
                VALUE   (LST)  VALUE       VALUE  FROM      YEAR
                                                  NORMAL
..................................................................
TEMPERATURE (F)
 YESTERDAY
  MAXIMUM         14    407 PM  64    2000  37    -23       22
  MINIMUM         -2    719 AM -11    1993  20    -22        4
  AVERAGE          6                        28    -22       13

PRECIPITATION (IN)
  YESTERDAY        T             0.90 2013   0.08  -0.08     0.03
  MONTH TO DATE    2.50                      1.98   0.52     3.32
  SINCE DEC 1      7.12                      7.70  -0.58     8.41
  SINCE JAN 1      4.10                      4.48  -0.38     5.52

SNOWFALL (IN)
  YESTERDAY        0.1           4.9  1965   0.9   -0.8      2.3
  MONTH TO DATE   59.9                      24.5   35.4     39.2
  SINCE DEC 1     95.7                      91.2    4.5     93.5
  SINCE JUL 1    106.7                     101.1    5.6    107.8
  SNOW DEPTH      28

DEGREE DAYS
 HEATING
  YESTERDAY       59                        37     22       52
  MONTH TO DATE 1502                      1059    443     1171
  SINCE DEC 1   3982                      3446    536     3704
  SINCE JUL 1   5167                      4795    372     5037

 COOLING
  YESTERDAY        0                         0      0        0
  MONTH TO DATE    0                         0      0        0
  SINCE DEC 1      0                         0      0        0
  SINCE JAN 1      0                         0      0        0
..................................................................


WIND (MPH)
  HIGHEST WIND SPEED    16   HIGHEST WIND DIRECTION     W (290)
  HIGHEST GUST SPEED    26   HIGHEST GUST DIRECTION     W (290)
  AVERAGE WIND SPEED     8.8


SKY COVER
  POSSIBLE SUNSHINE  MM
  AVERAGE SKY COVER 0.8


WEATHER CONDITIONS
 THE FOLLOWING WEATHER WAS RECORDED YESTERDAY.
  LIGHT SNOW


RELATIVE HUMIDITY (PERCENT)
 HIGHEST    MM           500 AM
 LOWEST     49           400 PM
 AVERAGE    MM

..........................................................


THE SYRACUSE NY CLIMATE NORMALS FOR TODAY
                         NORMAL    RECORD    YEAR
 MAXIMUM TEMPERATURE (F)   37        66      1954
 MINIMUM TEMPERATURE (F)   20        -3      1907


SUNRISE AND SUNSET
FEBRUARY 28 2015......SUNRISE   643 AM EST   SUNSET   552 PM EST
MARCH  1 2015.........SUNRISE   641 AM EST   SUNSET   553 PM EST


-  INDICATES NEGATIVE NUMBERS.
R  INDICATES RECORD WAS SET OR TIED.
MM INDICATES DATA IS MISSING.
T  INDICATES TRACE AMOUNT.




$$
