000
CDUS41 KBGM 210526
CLISYR


CLIMATE REPORT
NATIONAL WEATHER SERVICE BINGHAMTON NY
1225 AM EST WED FEB 21 2018


...................................

...THE SYRACUSE NY CLIMATE SUMMARY FOR FEBRUARY 20 2018...

CLIMATE NORMAL PERIOD 1981 TO 2010
CLIMATE RECORD PERIOD 1902 TO 2018


WEATHER ITEM   OBSERVED TIME   RECORD YEAR NORMAL DEPARTURE LAST
                VALUE   (LST)  VALUE       VALUE  FROM      YEAR
                                                  NORMAL
..................................................................
TEMPERATURE (F)
 YESTERDAY
  MAXIMUM         69R   146 PM  65    1930  35     34       37
  MINIMUM         45    440 AM -21    1966  18     27       23
  AVERAGE         57                        27     30       30

PRECIPITATION (IN)
  YESTERDAY        0.21          0.95 1924   0.07   0.14     0.00
  MONTH TO DATE    2.21                      1.43   0.78     2.30
  SINCE DEC 1      7.68                      7.15   0.53     8.57
  SINCE JAN 1      5.34                      3.93   1.41     5.33

SNOWFALL (IN)
  YESTERDAY        0.0           9.5  2009   0.9   -0.9      0.0
  MONTH TO DATE   22.9                      18.5    4.4     32.4
  SINCE DEC 1    101.6                      85.2   16.4     78.0
  SINCE JUL 1    106.8                      95.1   11.7    103.4
  SNOW DEPTH       0

DEGREE DAYS
 HEATING
  YESTERDAY        8                        38    -30       35
  MONTH TO DATE  727                       797    -70      723
  SINCE DEC 1   3286                      3184    102     2916
  SINCE JUL 1   4483                      4533    -50     4110

 COOLING
  YESTERDAY        0                         0      0        0
  MONTH TO DATE    0                         0      0        0
  SINCE DEC 1      0                         0      0        0
  SINCE JAN 1      0                         0      0        0
..................................................................


WIND (MPH)
  HIGHEST WIND SPEED    17   HIGHEST WIND DIRECTION     S (190)
  HIGHEST GUST SPEED    23   HIGHEST GUST DIRECTION     S (190)
  AVERAGE WIND SPEED     8.4


SKY COVER
  POSSIBLE SUNSHINE  MM
  AVERAGE SKY COVER 1.0


WEATHER CONDITIONS
 THE FOLLOWING WEATHER WAS RECORDED YESTERDAY.
  LIGHT RAIN
  FOG


RELATIVE HUMIDITY (PERCENT)
 HIGHEST   100          1200 AM
 LOWEST     68           200 PM
 AVERAGE    84

..........................................................


THE SYRACUSE NY CLIMATE NORMALS FOR TODAY
                         NORMAL    RECORD    YEAR
 MAXIMUM TEMPERATURE (F)   35        65      1997
                                             1953
 MINIMUM TEMPERATURE (F)   19       -16      2015


SUNRISE AND SUNSET
FEBRUARY 21 2018......SUNRISE   653 AM EST   SUNSET   543 PM EST
FEBRUARY 22 2018......SUNRISE   652 AM EST   SUNSET   545 PM EST


-  INDICATES NEGATIVE NUMBERS.
R  INDICATES RECORD WAS SET OR TIED.
MM INDICATES DATA IS MISSING.
T  INDICATES TRACE AMOUNT.




$$
