000
CDUS41 KBGM 150533
CLISYR


CLIMATE REPORT
NATIONAL WEATHER SERVICE BINGHAMTON NY
131 AM EDT MON SEP 15 2014


...................................

...THE SYRACUSE NY CLIMATE SUMMARY FOR SEPTEMBER 14 2014...

CLIMATE NORMAL PERIOD 1981 TO 2010
CLIMATE RECORD PERIOD 1902 TO 2014


WEATHER ITEM   OBSERVED TIME   RECORD YEAR NORMAL DEPARTURE LAST
                VALUE   (LST)  VALUE       VALUE  FROM      YEAR
                                                  NORMAL
..................................................................
TEMPERATURE (F)
 YESTERDAY
  MAXIMUM         64    336 PM  90    1931  73     -9       61
  MINIMUM         44    426 AM  35    1963  53     -9       46
  AVERAGE         54                        63     -9       54

PRECIPITATION (IN)
  YESTERDAY        0.00          1.94 1973   0.13  -0.13     0.02
  MONTH TO DATE    1.14                      1.66  -0.52     2.46
  SINCE SEP 1      1.14                      1.66  -0.52     2.46
  SINCE JAN 1     30.18                     26.25   3.93    29.04

SNOWFALL (IN)
  YESTERDAY        0.0           0.0  2002   0.0    0.0      0.0
                                      2000
                                      2001
  MONTH TO DATE    0.0                       0.0    0.0      0.0
  SINCE SEP 1      0.0                       0.0    0.0      0.0
  SINCE JUL 1      0.0                       0.0    0.0      0.0
  SNOW DEPTH       0

DEGREE DAYS
 HEATING
  YESTERDAY       11                         4      7       11
  MONTH TO DATE   33                        36     -3       48
  SINCE SEP 1     33                        36     -3       48
  SINCE JUL 1     44                        62    -18       54

 COOLING
  YESTERDAY        0                         2     -2        0
  MONTH TO DATE   64                        37     27       67
  SINCE SEP 1     64                        37     27       67
  SINCE JAN 1    623                       550     73      710
..................................................................


WIND (MPH)
  HIGHEST WIND SPEED    13   HIGHEST WIND DIRECTION    NW (330)
  HIGHEST GUST SPEED    16   HIGHEST GUST DIRECTION     W (290)
  AVERAGE WIND SPEED     3.6


SKY COVER
  POSSIBLE SUNSHINE  MM
  AVERAGE SKY COVER 0.7


WEATHER CONDITIONS
 THE FOLLOWING WEATHER WAS RECORDED YESTERDAY.
  NO SIGNIFICANT WEATHER WAS OBSERVED.


RELATIVE HUMIDITY (PERCENT)
 HIGHEST    86           500 AM
 LOWEST     49           300 PM
 AVERAGE    68

..........................................................


THE SYRACUSE NY CLIMATE NORMALS FOR TODAY
                         NORMAL    RECORD    YEAR
 MAXIMUM TEMPERATURE (F)   73        96      1939
 MINIMUM TEMPERATURE (F)   52        33      1913


SUNRISE AND SUNSET
SEPTEMBER 15 2014.....SUNRISE   644 AM EDT   SUNSET   714 PM EDT
SEPTEMBER 16 2014.....SUNRISE   645 AM EDT   SUNSET   713 PM EDT


-  INDICATES NEGATIVE NUMBERS.
R  INDICATES RECORD WAS SET OR TIED.
MM INDICATES DATA IS MISSING.
T  INDICATES TRACE AMOUNT.

$$
