000
CDUS41 KBGM 180809
CLISYR


CLIMATE REPORT
NATIONAL WEATHER SERVICE BINGHAMTON NY
409 AM EDT FRI AUG 18 2017


...................................

...THE SYRACUSE NY CLIMATE SUMMARY FOR AUGUST 17 2017...

CLIMATE NORMAL PERIOD 1981 TO 2010
CLIMATE RECORD PERIOD 1902 TO 2017


WEATHER ITEM   OBSERVED TIME   RECORD YEAR NORMAL DEPARTURE LAST
                VALUE   (LST)  VALUE       VALUE  FROM      YEAR
                                                  NORMAL
..................................................................
TEMPERATURE (F)
 YESTERDAY
  MAXIMUM         80    143 PM  97    1987  80      0       80
  MINIMUM         50    538 AM  44    1979  60    -10       66
  AVERAGE         65                        70     -5       73

PRECIPITATION (IN)
  YESTERDAY        T             0.85 1944   0.12  -0.12      T
  MONTH TO DATE    0.88                      1.96  -1.08     3.39
  SINCE JUN 1      9.76                      9.05   0.71     7.99
  SINCE JAN 1     31.60                     22.98   8.62    22.55

SNOWFALL (IN)
  YESTERDAY        0.0           0.0  2002   0.0    0.0      0.0
                                      2000
                                      2001
  MONTH TO DATE    0.0                       0.0    0.0      0.0
  SINCE JUN 1      0.0                       0.0    0.0       T
  SINCE JUL 1      0.0                       0.0    0.0      0.0
  SNOW DEPTH       0

DEGREE DAYS
 HEATING
  YESTERDAY        0                         1     -1        0
  MONTH TO DATE    0                         4     -4        0
  SINCE JUN 1     73                        73      0       53
  SINCE JUL 1      2                        12    -10        0

 COOLING
  YESTERDAY        0                         5     -5        8
  MONTH TO DATE   87                       101    -14      188
  SINCE JUN 1    365                       417    -52      554
  SINCE JAN 1    397                       447    -50      610
..................................................................


WIND (MPH)
  HIGHEST WIND SPEED    14   HIGHEST WIND DIRECTION    SE (130)
  HIGHEST GUST SPEED    16   HIGHEST GUST DIRECTION    SE (130)
  AVERAGE WIND SPEED     6.0


SKY COVER
  POSSIBLE SUNSHINE  MM
  AVERAGE SKY COVER 0.7


WEATHER CONDITIONS
 THE FOLLOWING WEATHER WAS RECORDED YESTERDAY.
  LIGHT RAIN


RELATIVE HUMIDITY (PERCENT)
 HIGHEST    96           400 AM
 LOWEST     47          1200 PM
 AVERAGE    72

..........................................................


THE SYRACUSE NY CLIMATE NORMALS FOR TODAY
                         NORMAL    RECORD    YEAR
 MAXIMUM TEMPERATURE (F)   80        93      1913
 MINIMUM TEMPERATURE (F)   60        46      1918


SUNRISE AND SUNSET
AUGUST 18 2017........SUNRISE   614 AM EDT   SUNSET   802 PM EDT
AUGUST 19 2017........SUNRISE   615 AM EDT   SUNSET   800 PM EDT


-  INDICATES NEGATIVE NUMBERS.
R  INDICATES RECORD WAS SET OR TIED.
MM INDICATES DATA IS MISSING.
T  INDICATES TRACE AMOUNT.




$$
