000
CDUS41 KBGM 260538
CLISYR


CLIMATE REPORT
NATIONAL WEATHER SERVICE BINGHAMTON NY
137 AM EDT MON JUN 26 2017


...................................

...THE SYRACUSE NY CLIMATE SUMMARY FOR JUNE 25 2017...

CLIMATE NORMAL PERIOD 1981 TO 2010
CLIMATE RECORD PERIOD 1902 TO 2017


WEATHER ITEM   OBSERVED TIME   RECORD YEAR NORMAL DEPARTURE LAST
                VALUE   (LST)  VALUE       VALUE  FROM      YEAR
                                                  NORMAL
..................................................................
TEMPERATURE (F)
 YESTERDAY
  MAXIMUM         74    147 PM  95    2005  80     -6       85
  MINIMUM         56   1148 PM  40    1979  59     -3       54
  AVERAGE         65                        69     -4       70

PRECIPITATION (IN)
  YESTERDAY        0.11          1.62 1949   0.12  -0.01     0.00
                                      1925
  MONTH TO DATE    3.55                      2.75   0.80     1.95
  SINCE JUN 1      3.55                      2.75   0.80     1.95
  SINCE JAN 1     25.39                     16.68   8.71    16.51

SNOWFALL (IN)
  YESTERDAY        0.0           0.0  2002   0.0    0.0      0.0
                                      2001
  MONTH TO DATE    0.0                       0.0    0.0       T
  SINCE JUN 1      0.0                       0.0    0.0       T
  SINCE JUL 1    134.9                     123.8   11.1     80.3
  SNOW DEPTH       0

DEGREE DAYS
 HEATING
  YESTERDAY        0                         1     -1        0
  MONTH TO DATE   60                        56      4       53
  SINCE JUN 1     60                        56      4       53
  SINCE JUL 1   6127                      6646   -519     5851

 COOLING
  YESTERDAY        0                         5     -5        5
  MONTH TO DATE   92                        85      7       62
  SINCE JUN 1     92                        85      7       62
  SINCE JAN 1    124                       115      9      118
..................................................................


WIND (MPH)
  HIGHEST WIND SPEED    28   HIGHEST WIND DIRECTION    NW (330)
  HIGHEST GUST SPEED    34   HIGHEST GUST DIRECTION    NW (330)
  AVERAGE WIND SPEED     7.9


SKY COVER
  POSSIBLE SUNSHINE  MM
  AVERAGE SKY COVER 0.5


WEATHER CONDITIONS
 THE FOLLOWING WEATHER WAS RECORDED YESTERDAY.
  THUNDERSTORM
  LIGHT RAIN


RELATIVE HUMIDITY (PERCENT)
 HIGHEST    93           400 AM
 LOWEST     49          1100 AM
 AVERAGE    71

..........................................................


THE SYRACUSE NY CLIMATE NORMALS FOR TODAY
                         NORMAL    RECORD    YEAR
 MAXIMUM TEMPERATURE (F)   80        96      1952
 MINIMUM TEMPERATURE (F)   59        42      1970


SUNRISE AND SUNSET
JUNE 26 2017..........SUNRISE   527 AM EDT   SUNSET   848 PM EDT
JUNE 27 2017..........SUNRISE   527 AM EDT   SUNSET   848 PM EDT


-  INDICATES NEGATIVE NUMBERS.
R  INDICATES RECORD WAS SET OR TIED.
MM INDICATES DATA IS MISSING.
T  INDICATES TRACE AMOUNT.




$$
