000
CDKA40 PTYA 221600
CLIT11
DAILY CLIMATE REPORT
NATIONAL WEATHER SERVICE YAP FM
2AM LST SUN APR 23 2017
THE YAP FM CLIMATE SUMMARY FOR APRIL 22 2017
CLIMATE NORMAL PERIOD  1981  TO 2010
CLIMATE RECORD PERIOD  1951  TO 2017
WEATHER ITEM OBSERVED TIME  RECORD YEAR NORMAL DEPARTURE LAST
              VALUE   (LST) VALUE       VALUE    FROM    YEAR
                                                NORMAL
TEMPERATURE   (F)
YESTERDAY
MAXIMUM       87  1445   97  2014      89      -2       91
MINIMUM       78  0545   63  1999      78       0       79
AVERAGE       83                       84      -1       85
PRECIPITATION INCHES
YESTERDAY       0.02   164.24/1996    0.20    -0.18      0.01
MONTH TO DATE   3.73                  4.05    -0.32      2.29
SINCE 01 MAR   13.08                  9.39     3.69      2.99
SINCE JAN 01   44.94                 22.68    22.26      6.99
