000
CDKA40 PTYA 200700
CLIT11
DAILY CLIMATE REPORT
NATIONAL WEATHER SERVICE YAP FM
5PM LST SUN OCT 20 2017
THE YAP FM CLIMATE SUMMARY FOR OCTOBER 20 2017
CLIMATE NORMAL PERIOD  1981  TO 2010
CLIMATE RECORD PERIOD  1951  TO 2017
WEATHER ITEM OBSERVED TIME  RECORD YEAR NORMAL DEPARTURE LAST
              VALUE   (LST) VALUE       VALUE    FROM    YEAR
                                                NORMAL
TEMPERATURE   (F)
TODAY
MAXIMUM       89  1048        97  2014     88      1        87
MINIMUM       82  0445        63  1999     78      4        78
AVERAGE       86                           83      3        83
PRECIPITATION INCHES
TODAY           0.00     164.24/1996       0.39    -0.39     0.01
MONTH TO DATE  14.49                       8.17     6.32    16.84
SINCE 01 SEP   27.08                      21.93     5.15    25.73
SINCE JAN 01  114.51                      98.48    16.03    72.39
