000
CDUS45 KPUB 291051
CLITAD


CLIMATE REPORT
NATIONAL WEATHER SERVICE PUEBLO
451 AM MDT WED MAR 29 2017


...................................

...THE TRINIDAD CO CLIMATE SUMMARY FOR MARCH 28 2017...

CLIMATE NORMAL PERIOD 1981 TO 2010
CLIMATE RECORD PERIOD 9999 TO 9999


WEATHER ITEM   OBSERVED TIME   NORMAL DEPARTURE LAST
                VALUE   (LST)  VALUE  FROM      YEAR
                                      NORMAL
......................................................
TEMPERATURE (F)
 YESTERDAY
  MAXIMUM         57    124 PM  61     -4       70
  MINIMUM         38   1159 PM  29      9       33
  AVERAGE         48            45      3       52

PRECIPITATION (IN)
  YESTERDAY        0.91          0.03   0.88     0.00
  MONTH TO DATE    1.62          0.80   0.82     0.40
  SINCE MAR 1      1.62          0.80   0.82     0.40
  SINCE JAN 1      3.18          1.69   1.49     0.81

DEGREE DAYS
 HEATING
  YESTERDAY       17            20     -3       13
  MONTH TO DATE  409           648   -239      590
  SINCE MAR 1    409           648   -239      590
  SINCE JUL 1   3865          4770   -905     4088

 COOLING
  YESTERDAY        0             0      0        0
  MONTH TO DATE    1             0      1        0
  SINCE MAR 1      1             0      1        0
  SINCE JAN 1      1             0      1        0
......................................................


WIND (MPH)
  HIGHEST WIND SPEED    20   HIGHEST WIND DIRECTION    NE (40)
  HIGHEST GUST SPEED    24   HIGHEST GUST DIRECTION    NE (40)
  AVERAGE WIND SPEED     8.9


SKY COVER
  POSSIBLE SUNSHINE  MM
  AVERAGE SKY COVER 0.7


WEATHER CONDITIONS
 THE FOLLOWING WEATHER WAS RECORDED YESTERDAY.
  THUNDERSTORM
  HEAVY RAIN
  RAIN
  LIGHT RAIN
  FOG


RELATIVE HUMIDITY (PERCENT)
 HIGHEST    96           700 PM
 LOWEST     50          1200 PM
 AVERAGE    73

..........................................................




SUNRISE AND SUNSET
MARCH 29 2017.........SUNRISE   647 AM MDT   SUNSET   718 PM MDT
MARCH 30 2017.........SUNRISE   645 AM MDT   SUNSET   718 PM MDT


-  INDICATES NEGATIVE NUMBERS.
R  INDICATES RECORD WAS SET OR TIED.
MM INDICATES DATA IS MISSING.
T  INDICATES TRACE AMOUNT.




$$
