000
CDUS45 KPUB 271034
CLITAD


CLIMATE REPORT
NATIONAL WEATHER SERVICE PUEBLO
433 AM MDT THU JUL 27 2017


...................................

...THE TRINIDAD CO CLIMATE SUMMARY FOR JULY 26 2017...

CLIMATE NORMAL PERIOD 1981 TO 2010
CLIMATE RECORD PERIOD 9999 TO 9999


WEATHER ITEM   OBSERVED TIME   NORMAL DEPARTURE LAST
                VALUE   (LST)  VALUE  FROM      YEAR
                                      NORMAL
......................................................
TEMPERATURE (F)
 YESTERDAY
  MAXIMUM         92    133 PM  88      4       MM
  MINIMUM         63    550 AM  59      4       MM
  AVERAGE         78            73      5       MM

PRECIPITATION (IN)
  YESTERDAY        0.01          0.08  -0.07    MM
  MONTH TO DATE    0.67          1.85  -1.18     0.21
  SINCE JUN 1      1.87          3.26  -1.39     1.94
  SINCE JAN 1     10.28          7.78   2.50     6.17

DEGREE DAYS
 HEATING
  YESTERDAY        0             0      0       MM
  MONTH TO DATE    0             0      0        0
  SINCE JUN 1      8            39    -31        4
  SINCE JUL 1      0             0      0        0

 COOLING
  YESTERDAY       13             8      5       MM
  MONTH TO DATE  286           227     59       98
  SINCE JUN 1    476           368    108      329
  SINCE JAN 1    491           396     95      341
......................................................


WIND (MPH)
  HIGHEST WIND SPEED    43   HIGHEST WIND DIRECTION    NW (330)
  HIGHEST GUST SPEED    53   HIGHEST GUST DIRECTION    NW (320)
  AVERAGE WIND SPEED     5.8


SKY COVER
  POSSIBLE SUNSHINE  MM
  AVERAGE SKY COVER 0.2


WEATHER CONDITIONS
 THE FOLLOWING WEATHER WAS RECORDED YESTERDAY.
  THUNDERSTORM
  RAIN
  LIGHT RAIN
  FOG
  HAZE


RELATIVE HUMIDITY (PERCENT)
 HIGHEST    84           300 AM
 LOWEST     27           100 PM
 AVERAGE    56

..........................................................




SUNRISE AND SUNSET
JULY 27 2017..........SUNRISE   558 AM MDT   SUNSET   809 PM MDT
JULY 28 2017..........SUNRISE   559 AM MDT   SUNSET   808 PM MDT


-  INDICATES NEGATIVE NUMBERS.
R  INDICATES RECORD WAS SET OR TIED.
MM INDICATES DATA IS MISSING.
T  INDICATES TRACE AMOUNT.




$$
