000
CDUS45 KPUB 171150
CLITAD


CLIMATE REPORT
NATIONAL WEATHER SERVICE PUEBLO
449 AM MST WED JAN 17 2018


...................................

...THE TRINIDAD CO CLIMATE SUMMARY FOR JANUARY 16 2018...

CLIMATE NORMAL PERIOD 1981 TO 2010
CLIMATE RECORD PERIOD 9999 TO 9999


WEATHER ITEM   OBSERVED TIME   NORMAL DEPARTURE LAST
                VALUE   (LST)  VALUE  FROM      YEAR
                                      NORMAL
......................................................
TEMPERATURE (F)
 YESTERDAY
  MAXIMUM         33    408 PM  47    -14       32
  MINIMUM         -3    648 AM  18    -21       30
  AVERAGE         15            32    -17       31

PRECIPITATION (IN)
  YESTERDAY        0.00          0.01  -0.01     0.53
  MONTH TO DATE    0.10          0.20  -0.10     1.39
  SINCE DEC 1      0.11          0.74  -0.63     1.69
  SINCE JAN 1      0.10          0.20  -0.10     1.39

DEGREE DAYS
 HEATING
  YESTERDAY       50            33     17       34
  MONTH TO DATE  496           528    -32      554
  SINCE DEC 1   1376          1563   -187     1580
  SINCE JUL 1   2343          2796   -453     2346

 COOLING
  YESTERDAY        0             0      0        0
  MONTH TO DATE    0             0      0        0
  SINCE DEC 1      0             0      0        0
  SINCE JAN 1      0             0      0        0
......................................................


WIND (MPH)
  HIGHEST WIND SPEED    18   HIGHEST WIND DIRECTION     W (250)
  HIGHEST GUST SPEED    24   HIGHEST GUST DIRECTION     W (250)
  AVERAGE WIND SPEED     6.9


SKY COVER
  POSSIBLE SUNSHINE  MM
  AVERAGE SKY COVER 0.0


WEATHER CONDITIONS
 THE FOLLOWING WEATHER WAS RECORDED YESTERDAY.
  NO SIGNIFICANT WEATHER WAS OBSERVED.


RELATIVE HUMIDITY (PERCENT)
 HIGHEST    88           100 AM
 LOWEST     30           300 PM
 AVERAGE    59

..........................................................




SUNRISE AND SUNSET
JANUARY 17 2018.......SUNRISE   710 AM MST   SUNSET   506 PM MST
JANUARY 18 2018.......SUNRISE   709 AM MST   SUNSET   507 PM MST


-  INDICATES NEGATIVE NUMBERS.
R  INDICATES RECORD WAS SET OR TIED.
MM INDICATES DATA IS MISSING.
T  INDICATES TRACE AMOUNT.




$$
