000
CDUS44 KBMX 300803
CLITCL


CLIMATE REPORT
NATIONAL WEATHER SERVICE BIRMINGHAM, AL
303 AM CDT MON MAR 30 2015


...................................

...THE TUSCALOOSA CLIMATE SUMMARY FOR MARCH 29 2015...

CLIMATE NORMAL PERIOD 1994 TO 1994
CLIMATE RECORD PERIOD 1994 TO 2015


WEATHER ITEM   OBSERVED TIME   RECORD YEAR NORMAL DEPARTURE LAST
                VALUE   (LST)  VALUE       VALUE  FROM      YEAR
                                                  NORMAL
..................................................................
TEMPERATURE (F)
 YESTERDAY
  MAXIMUM         68    507 PM  87    2007  72     -4       63
                                      1998
  MINIMUM         43    123 AM  30    1955  46     -3       44
  AVERAGE         56                        59     -3       54

PRECIPITATION (IN)
  YESTERDAY        0.00          2.08 1976   0.15  -0.15     0.32
  MONTH TO DATE    3.12                      4.26  -1.14     5.28
  SINCE MAR 1      3.12                      4.26  -1.14     5.28
  SINCE JAN 1     13.87                     14.93  -1.06    13.00

SNOWFALL (IN)
  YESTERDAY        0.0                       0.0    0.0
  MONTH TO DATE    T                         0.3   -0.3
  SINCE MAR 1      T                         0.3   -0.3
  SINCE JUL 1      T                         0.7   -0.7

DEGREE DAYS
 HEATING
  YESTERDAY        9                         7      2
  MONTH TO DATE  215                       280    -65
  SINCE MAR 1    215                       280    -65
  SINCE JUL 1   2510                      2370    140
..................................................................


WIND (MPH)
  HIGHEST WIND SPEED    16   HIGHEST WIND DIRECTION     S (180)
  HIGHEST GUST SPEED    22   HIGHEST GUST DIRECTION     S (200)
  AVERAGE WIND SPEED     7.9


SKY COVER
  AVERAGE SKY COVER 0.7


WEATHER CONDITIONS
 THE FOLLOWING WEATHER WAS RECORDED YESTERDAY.
  NO SIGNIFICANT WEATHER WAS OBSERVED.


RELATIVE HUMIDITY (PERCENT)
 HIGHEST    72          1100 PM
 LOWEST     29          1100 AM
 AVERAGE    51

..........................................................


THE TUSCALOOSA CLIMATE NORMALS FOR TODAY
                         NORMAL    RECORD    YEAR
 MAXIMUM TEMPERATURE (F)   72        86      1998
 MINIMUM TEMPERATURE (F)   46        28      1964


SUNRISE AND SUNSET
MARCH 30 2015.........SUNRISE   641 AM CDT   SUNSET   709 PM CDT
MARCH 31 2015.........SUNRISE   640 AM CDT   SUNSET   710 PM CDT


-  INDICATES NEGATIVE NUMBERS.
R  INDICATES RECORD WAS SET OR TIED.
MM INDICATES DATA IS MISSING.
T  INDICATES TRACE AMOUNT.




$$
