000
CDUS44 KBMX 180736
CLITCL


CLIMATE REPORT
NATIONAL WEATHER SERVICE BIRMINGHAM, AL
235 AM CDT WED OCT 18 2017


...................................

...THE TUSCALOOSA CLIMATE SUMMARY FOR OCTOBER 17 2017...

CLIMATE NORMAL PERIOD 1981 TO 2010
CLIMATE RECORD PERIOD 1948 TO 2017


WEATHER ITEM   OBSERVED TIME   RECORD YEAR NORMAL DEPARTURE LAST
                VALUE   (LST)  VALUE       VALUE  FROM      YEAR
                                                  NORMAL
..................................................................
TEMPERATURE (F)
 YESTERDAY
  MAXIMUM         74    245 PM  90    2007  77     -3       88
                                      1953
  MINIMUM         47    626 AM  31    1977  51     -4       58
  AVERAGE         61                        64     -3       73

PRECIPITATION (IN)
  YESTERDAY        0.00          2.71 2006   0.11  -0.11     0.00
  MONTH TO DATE    2.67                      1.94   0.73      T
  SINCE SEP 1      4.30                      5.46  -1.16     0.33
  SINCE JAN 1     52.59                     41.33  11.26    32.07

SNOWFALL (IN)
  YESTERDAY        0.0                       0.0    0.0
  MONTH TO DATE    0.0                       0.0    0.0
  SINCE SEP 1      0.0                       0.0    0.0
  SINCE JUL 1      0.0                       0.0    0.0

DEGREE DAYS
 HEATING
  YESTERDAY        4                         4      0
  MONTH TO DATE    7                        37    -30
  SINCE SEP 1     11                        44    -33
  SINCE JUL 1     11                        44    -33
..................................................................


WIND (MPH)
  HIGHEST WIND SPEED    14   HIGHEST WIND DIRECTION     E (90)
  HIGHEST GUST SPEED    21   HIGHEST GUST DIRECTION     E (70)
  AVERAGE WIND SPEED     5.2


SKY COVER
  AVERAGE SKY COVER 0.0


WEATHER CONDITIONS
 THE FOLLOWING WEATHER WAS RECORDED YESTERDAY.
  NO SIGNIFICANT WEATHER WAS OBSERVED.


RELATIVE HUMIDITY (PERCENT)
 HIGHEST   100           800 PM
 LOWEST     38           200 PM
 AVERAGE    69

..........................................................


THE TUSCALOOSA CLIMATE NORMALS FOR TODAY
                         NORMAL    RECORD    YEAR
 MAXIMUM TEMPERATURE (F)   76        90      2016
 MINIMUM TEMPERATURE (F)   51        30      1948


SUNRISE AND SUNSET
OCTOBER 18 2017.......SUNRISE   657 AM CDT   SUNSET   613 PM CDT
OCTOBER 19 2017.......SUNRISE   658 AM CDT   SUNSET   612 PM CDT


-  INDICATES NEGATIVE NUMBERS.
R  INDICATES RECORD WAS SET OR TIED.
MM INDICATES DATA IS MISSING.
T  INDICATES TRACE AMOUNT.




$$
