629
CDUS44 KBMX 130751
CLITCL


CLIMATE REPORT
NATIONAL WEATHER SERVICE BIRMINGHAM, AL
150 AM CST SAT FEB 13 2016


...................................

...THE TUSCALOOSA CLIMATE SUMMARY FOR FEBRUARY 12 2016...

CLIMATE NORMAL PERIOD 1994 TO 1994
CLIMATE RECORD PERIOD 1948 TO 2016


WEATHER ITEM   OBSERVED TIME   RECORD YEAR NORMAL DEPARTURE LAST
                VALUE   (LST)  VALUE       VALUE  FROM      YEAR
                                                  NORMAL
..................................................................
TEMPERATURE (F)
 YESTERDAY
  MAXIMUM         65    243 PM  80    1950  59      6       50
  MINIMUM         35    642 AM  13    1981  37     -2       30
  AVERAGE         50                        48      2       40

PRECIPITATION (IN)
  YESTERDAY        0.00          2.32 1966   0.20  -0.20     0.00
  MONTH TO DATE    1.35                      2.20  -0.85     0.32
  SINCE DEC 1     13.76                     12.17   1.59    13.49
  SINCE JAN 1      5.49                      7.55  -2.06     6.49

SNOWFALL (IN)
  YESTERDAY        0.0                       0.0    0.0
  MONTH TO DATE    0.0                       0.0    0.0
  SINCE DEC 1      T                         0.3   -0.3
  SINCE JUL 1      T                         0.3   -0.3

DEGREE DAYS
 HEATING
  YESTERDAY       15                        17     -2
  MONTH TO DATE  217                       219     -2
  SINCE DEC 1   1196                      1414   -218
  SINCE JUL 1   1459                      1851   -392
..................................................................


WIND (MPH)
  HIGHEST WIND SPEED    20   HIGHEST WIND DIRECTION     N (350)
  HIGHEST GUST SPEED    27   HIGHEST GUST DIRECTION     N (340)
  AVERAGE WIND SPEED     7.6


SKY COVER
  AVERAGE SKY COVER 0.0


WEATHER CONDITIONS
 THE FOLLOWING WEATHER WAS RECORDED YESTERDAY.
  NO SIGNIFICANT WEATHER WAS OBSERVED.


RELATIVE HUMIDITY (PERCENT)
 HIGHEST    82           600 AM
 LOWEST     28           100 PM
 AVERAGE    55

..........................................................


THE TUSCALOOSA CLIMATE NORMALS FOR TODAY
                         NORMAL    RECORD    YEAR
 MAXIMUM TEMPERATURE (F)   60        86      1962
 MINIMUM TEMPERATURE (F)   37        17      1958


SUNRISE AND SUNSET
FEBRUARY 13 2016......SUNRISE   637 AM CST   SUNSET   533 PM CST
FEBRUARY 14 2016......SUNRISE   636 AM CST   SUNSET   534 PM CST


-  INDICATES NEGATIVE NUMBERS.
R  INDICATES RECORD WAS SET OR TIED.
MM INDICATES DATA IS MISSING.
T  INDICATES TRACE AMOUNT.




$$
