000
CDUS44 KBMX 180835
CLITCL


CLIMATE REPORT
NATIONAL WEATHER SERVICE BIRMINGHAM, AL
235 AM CST MON DEC 18 2017


...................................

...THE TUSCALOOSA CLIMATE SUMMARY FOR DECEMBER 17 2017...

CLIMATE NORMAL PERIOD 1981 TO 2010
CLIMATE RECORD PERIOD 1948 TO 2017


WEATHER ITEM   OBSERVED TIME   RECORD YEAR NORMAL DEPARTURE LAST
                VALUE   (LST)  VALUE       VALUE  FROM      YEAR
                                                  NORMAL
..................................................................
TEMPERATURE (F)
 YESTERDAY
  MAXIMUM         50    343 PM  76    2016  57     -7       76
  MINIMUM         37   1204 AM  17    1963  36      1       58
                                      1960
  AVERAGE         44                        46     -2       67

PRECIPITATION (IN)
  YESTERDAY        0.40          3.52 1961   0.14   0.26     0.00
  MONTH TO DATE    1.40                      2.76  -1.36     1.92
  SINCE DEC 1      1.40                      2.76  -1.36     1.92
  SINCE JAN 1     56.82                     50.74   6.08    36.52

SNOWFALL (IN)
  YESTERDAY        0.0                       0.0    0.0
  MONTH TO DATE    0.0                       0.0    0.0
  SINCE DEC 1      0.0                       0.0    0.0
  SINCE JUL 1      0.0                       0.0    0.0

DEGREE DAYS
 HEATING
  YESTERDAY       21                        19      2
  MONTH TO DATE  332                       288     44
  SINCE DEC 1    332                       288     44
  SINCE JUL 1    716                       725     -9
..................................................................


WIND (MPH)
  HIGHEST WIND SPEED    16   HIGHEST WIND DIRECTION     N (20)
  HIGHEST GUST SPEED    21   HIGHEST GUST DIRECTION     E (80)
  AVERAGE WIND SPEED     3.9


SKY COVER
  AVERAGE SKY COVER 1.0


WEATHER CONDITIONS
 THE FOLLOWING WEATHER WAS RECORDED YESTERDAY.
  RAIN
  LIGHT RAIN
  FOG


RELATIVE HUMIDITY (PERCENT)
 HIGHEST   100          1000 AM
 LOWEST     54           500 AM
 AVERAGE    77

..........................................................


THE TUSCALOOSA CLIMATE NORMALS FOR TODAY
                         NORMAL    RECORD    YEAR
 MAXIMUM TEMPERATURE (F)   57        78      1984
 MINIMUM TEMPERATURE (F)   36        15      1953


SUNRISE AND SUNSET
DECEMBER 18 2017......SUNRISE   648 AM CST   SUNSET   446 PM CST
DECEMBER 19 2017......SUNRISE   649 AM CST   SUNSET   446 PM CST


-  INDICATES NEGATIVE NUMBERS.
R  INDICATES RECORD WAS SET OR TIED.
MM INDICATES DATA IS MISSING.
T  INDICATES TRACE AMOUNT.




$$
