000
CDUS44 KBMX 280929
CLITCL


CLIMATE REPORT
NATIONAL WEATHER SERVICE BIRMINGHAM, AL
428 AM CDT FRI AUG 28 2015


...................................

...THE TUSCALOOSA CLIMATE SUMMARY FOR AUGUST 27 2015...

CLIMATE NORMAL PERIOD 1994 TO 1994
CLIMATE RECORD PERIOD 1994 TO 2015


WEATHER ITEM   OBSERVED TIME   RECORD YEAR NORMAL DEPARTURE LAST
                VALUE   (LST)  VALUE       VALUE  FROM      YEAR
                                                  NORMAL
..................................................................
TEMPERATURE (F)
 YESTERDAY
  MAXIMUM         87    352 PM 103    2000  91     -4       96
  MINIMUM         62    539 AM  56    1952  70     -8       64
  AVERAGE         75                        81     -6       80

PRECIPITATION (IN)
  YESTERDAY        0.00          2.44 1976   0.10  -0.10     0.00
  MONTH TO DATE    4.24                      2.89   1.35     2.44
  SINCE JUN 1      8.86                     12.06  -3.20     8.51
  SINCE JAN 1     34.44                     35.46  -1.02    33.55

..................................................................


WIND (MPH)
  HIGHEST WIND SPEED    13   HIGHEST WIND DIRECTION    NE (50)
  HIGHEST GUST SPEED    18   HIGHEST GUST DIRECTION    NE (40)
  AVERAGE WIND SPEED     5.4


SKY COVER
  AVERAGE SKY COVER 0.1


WEATHER CONDITIONS
 THE FOLLOWING WEATHER WAS RECORDED YESTERDAY.
  NO SIGNIFICANT WEATHER WAS OBSERVED.


RELATIVE HUMIDITY (PERCENT)
 HIGHEST    90           400 AM
 LOWEST     42           200 PM
 AVERAGE    66

..........................................................


THE TUSCALOOSA CLIMATE NORMALS FOR TODAY
                         NORMAL    RECORD    YEAR
 MAXIMUM TEMPERATURE (F)   91       105      2000
 MINIMUM TEMPERATURE (F)   70        57      1952


SUNRISE AND SUNSET
AUGUST 28 2015........SUNRISE   622 AM CDT   SUNSET   721 PM CDT
AUGUST 29 2015........SUNRISE   623 AM CDT   SUNSET   720 PM CDT


-  INDICATES NEGATIVE NUMBERS.
R  INDICATES RECORD WAS SET OR TIED.
MM INDICATES DATA IS MISSING.
T  INDICATES TRACE AMOUNT.




$$
