000
CDUS44 KBMX 281211
CLITCL


CLIMATE REPORT
NATIONAL WEATHER SERVICE BIRMINGHAM, AL
611 AM CST SAT FEB 28 2015


...................................

...THE TUSCALOOSA CLIMATE SUMMARY FOR FEBRUARY 27 2015...

CLIMATE NORMAL PERIOD 1994 TO 1994
CLIMATE RECORD PERIOD 1994 TO 2015


WEATHER ITEM   OBSERVED TIME   RECORD YEAR NORMAL DEPARTURE LAST
                VALUE   (LST)  VALUE       VALUE  FROM      YEAR
                                                  NORMAL
..................................................................
TEMPERATURE (F)
 YESTERDAY
  MAXIMUM         48    306 PM  83    1962  64    -16       52
  MINIMUM         31    811 AM  17    1963  40     -9       23
  AVERAGE         40                        52    -12       38

PRECIPITATION (IN)
  YESTERDAY        0.00          3.81 2009   0.18  -0.18     0.00
  MONTH TO DATE    4.58                      5.14  -0.56     5.61
  SINCE DEC 1     17.75                     15.11   2.64    15.11
  SINCE JAN 1     10.75                     10.49   0.26     7.70

SNOWFALL (IN)
  YESTERDAY        0.0                       0.0    0.0
  MONTH TO DATE    0.0                       0.1   -0.1
  SINCE DEC 1      0.0                       0.4   -0.4
  SINCE JUL 1      0.0                       0.4   -0.4

DEGREE DAYS
 HEATING
  YESTERDAY       25                        13     12
  MONTH TO DATE  624                       444    180
  SINCE DEC 1   1736                      1639     97
  SINCE JUL 1   2280                      2076    204
..................................................................


WIND (MPH)
  HIGHEST WIND SPEED    18   HIGHEST WIND DIRECTION     N (20)
  HIGHEST GUST SPEED    23   HIGHEST GUST DIRECTION    NE (30)
  AVERAGE WIND SPEED    10.4


SKY COVER
  AVERAGE SKY COVER 0.3


WEATHER CONDITIONS
 THE FOLLOWING WEATHER WAS RECORDED YESTERDAY.
  NO SIGNIFICANT WEATHER WAS OBSERVED.


RELATIVE HUMIDITY (PERCENT)
 HIGHEST    92           200 AM
 LOWEST     34           400 PM
 AVERAGE    63

..........................................................


THE TUSCALOOSA CLIMATE NORMALS FOR TODAY
                         NORMAL    RECORD    YEAR
 MAXIMUM TEMPERATURE (F)   64        83      2011
 MINIMUM TEMPERATURE (F)   41        17      2002


SUNRISE AND SUNSET
FEBRUARY 28 2015......SUNRISE   620 AM CST   SUNSET   546 PM CST
MARCH  1 2015.........SUNRISE   619 AM CST   SUNSET   547 PM CST


-  INDICATES NEGATIVE NUMBERS.
R  INDICATES RECORD WAS SET OR TIED.
MM INDICATES DATA IS MISSING.
T  INDICATES TRACE AMOUNT.




$$
