000
CDUS42 KTAE 290632
CLITLH


CLIMATE REPORT
NATIONAL WEATHER SERVICE TALLAHASSEE FL
232 AM EDT WED JUL 29 2015


...................................

...THE TALLAHASSEE CLIMATE SUMMARY FOR JULY 28 2015...

CLIMATE NORMAL PERIOD 1981 TO 2010
CLIMATE RECORD PERIOD 1896 TO 2015


WEATHER ITEM   OBSERVED TIME   RECORD YEAR NORMAL DEPARTURE LAST
                VALUE   (LST)  VALUE       VALUE  FROM      YEAR
                                                  NORMAL
..................................................................
TEMPERATURE (F)
 YESTERDAY
  MAXIMUM        100    229 PM 101    1993  92      8      100
  MINIMUM         76    557 AM  64    1920  72      4       74
  AVERAGE         88                        82      6       87

PRECIPITATION (IN)
  YESTERDAY        0.00          3.36 1971   0.24  -0.24     0.60
  MONTH TO DATE    5.75                      6.42  -0.67     2.33
  SINCE JUN 1     12.29                     14.15  -1.86     6.73
  SINCE JAN 1     30.82                     35.81  -4.99    38.82

SNOWFALL (IN)
  YESTERDAY        0.0                       0.0    0.0

DEGREE DAYS
 HEATING
  YESTERDAY        0                                0
  MONTH TO DATE    0                                0
  SINCE JUN 1      0                                0
  SINCE JUL 1      0                                0

 COOLING
  YESTERDAY       23                                6
  MONTH TO DATE  578                              102
  SINCE JUN 1   1082                              149
  SINCE JAN 1   1903                              524
..................................................................


WIND (MPH)
  HIGHEST WIND SPEED    13   HIGHEST WIND DIRECTION     N (20)
  HIGHEST GUST SPEED    17   HIGHEST GUST DIRECTION    NE (40)
  AVERAGE WIND SPEED     3.2




RELATIVE HUMIDITY (PERCENT)
 HIGHEST    94
 LOWEST     39
 AVERAGE    67

..........................................................


THE TALLAHASSEE CLIMATE NORMALS FOR TODAY
                         NORMAL    RECORD    YEAR
 MAXIMUM TEMPERATURE (F)   92       101      1993
 MINIMUM TEMPERATURE (F)   72        64      1920


SUNRISE AND SUNSET
JULY 29 2015..........SUNRISE   654 AM EDT   SUNSET   834 PM EDT
JULY 30 2015..........SUNRISE   654 AM EDT   SUNSET   833 PM EDT


-  INDICATES NEGATIVE NUMBERS.
R  INDICATES RECORD WAS SET OR TIED.
MM INDICATES DATA IS MISSING.
T  INDICATES TRACE AMOUNT.




$$
