000
CDUS42 KTAE 310634
CLITLH


CLIMATE REPORT
NATIONAL WEATHER SERVICE TALLAHASSEE FL
234 AM EDT SUN JUL 31 2016


...................................

...THE TALLAHASSEE CLIMATE SUMMARY FOR JULY 30 2016...

CLIMATE NORMAL PERIOD 1981 TO 2010
CLIMATE RECORD PERIOD 1896 TO 2016


WEATHER ITEM   OBSERVED TIME   RECORD YEAR NORMAL DEPARTURE LAST
                VALUE   (LST)  VALUE       VALUE  FROM      YEAR
                                                  NORMAL
..................................................................
TEMPERATURE (F)
 YESTERDAY
  MAXIMUM         95   1244 PM 103    2010  92      3       96
  MINIMUM         75    525 AM  66    2014  72      3       77
  AVERAGE         85                        82      3       87

PRECIPITATION (IN)
  YESTERDAY        0.11          4.08 1975   0.25  -0.14     0.23
  MONTH TO DATE    7.74                      6.91   0.83     6.07
  SINCE JUN 1     16.12                     14.64   1.48    13.06
  SINCE JAN 1     39.52                     36.30   3.22    31.59

SNOWFALL (IN)
  YESTERDAY        0.0                       0.0    0.0

DEGREE DAYS
 HEATING
  YESTERDAY        0                                0
  MONTH TO DATE    0                                0
  SINCE JUN 1      0                                0
  SINCE JUL 1      0                                0

 COOLING
  YESTERDAY       20                                3
  MONTH TO DATE  607                               97
  SINCE JUN 1   1155                              188
  SINCE JAN 1   1765                              352
..................................................................


WIND (MPH)
  HIGHEST WIND SPEED    25   HIGHEST WIND DIRECTION     W (260)
  HIGHEST GUST SPEED    30   HIGHEST GUST DIRECTION     W (270)
  AVERAGE WIND SPEED     4.6




RELATIVE HUMIDITY (PERCENT)
 HIGHEST    94
 LOWEST     49
 AVERAGE    72

..........................................................


THE TALLAHASSEE CLIMATE NORMALS FOR TODAY
                         NORMAL    RECORD    YEAR
 MAXIMUM TEMPERATURE (F)   92       101      2010
                                             1999
 MINIMUM TEMPERATURE (F)   72        63      1896


SUNRISE AND SUNSET
JULY 31 2016..........SUNRISE   656 AM EDT   SUNSET   832 PM EDT
AUGUST  1 2016........SUNRISE   656 AM EDT   SUNSET   831 PM EDT


-  INDICATES NEGATIVE NUMBERS.
R  INDICATES RECORD WAS SET OR TIED.
MM INDICATES DATA IS MISSING.
T  INDICATES TRACE AMOUNT.




$$
