000
CDUS42 KTAE 020632
CLITLH


CLIMATE REPORT
NATIONAL WEATHER SERVICE TALLAHASSEE FL
231 AM EDT MON MAY 2 2016


...................................

...THE TALLAHASSEE CLIMATE SUMMARY FOR MAY 1 2016...

CLIMATE NORMAL PERIOD 1981 TO 2010
CLIMATE RECORD PERIOD 1896 TO 2016


WEATHER ITEM   OBSERVED TIME   RECORD YEAR NORMAL DEPARTURE LAST
                VALUE   (LST)  VALUE       VALUE  FROM      YEAR
                                                  NORMAL
..................................................................
TEMPERATURE (F)
 YESTERDAY
  MAXIMUM         88    204 PM  95    1990  84      4       82
  MINIMUM         69   1123 PM  43    1996  56     13       52
  AVERAGE         79                        70      9       67

PRECIPITATION (IN)
  YESTERDAY        0.00          2.35 1918   0.08  -0.08     0.00
  MONTH TO DATE    0.00                      0.08  -0.08     0.00
  SINCE MAR 1     12.99                      9.08   3.91     7.42
  SINCE JAN 1     21.69                     18.27   3.42    16.61

SNOWFALL (IN)
  YESTERDAY        0.0                       0.0    0.0

DEGREE DAYS
 HEATING
  YESTERDAY        0                               -1
  MONTH TO DATE    0                               -1
  SINCE MAR 1     98                             -150
  SINCE JUL 1    943                             -648

 COOLING
  YESTERDAY       14                                8
  MONTH TO DATE   14                                8
  SINCE MAR 1    269                              124
  SINCE JAN 1    272                              113
..................................................................


WIND (MPH)
  HIGHEST WIND SPEED    16   HIGHEST WIND DIRECTION     S (160)
  HIGHEST GUST SPEED    20   HIGHEST GUST DIRECTION    SE (120)
  AVERAGE WIND SPEED     6.2




RELATIVE HUMIDITY (PERCENT)
 HIGHEST    93
 LOWEST     42
 AVERAGE    68

..........................................................


THE TALLAHASSEE CLIMATE NORMALS FOR TODAY
                         NORMAL    RECORD    YEAR
 MAXIMUM TEMPERATURE (F)   84        96      1990
 MINIMUM TEMPERATURE (F)   57        44      1988


SUNRISE AND SUNSET
MAY  2 2016...........SUNRISE   653 AM EDT   SUNSET   816 PM EDT
MAY  3 2016...........SUNRISE   652 AM EDT   SUNSET   817 PM EDT


-  INDICATES NEGATIVE NUMBERS.
R  INDICATES RECORD WAS SET OR TIED.
MM INDICATES DATA IS MISSING.
T  INDICATES TRACE AMOUNT.




$$
