000
CDUS42 KTAE 290635
CLITLH


CLIMATE REPORT
NATIONAL WEATHER SERVICE TALLAHASSEE FL
234 AM EDT SUN MAY 29 2016


...................................

...THE TALLAHASSEE CLIMATE SUMMARY FOR MAY 28 2016...

CLIMATE NORMAL PERIOD 1981 TO 2010
CLIMATE RECORD PERIOD 1896 TO 2016


WEATHER ITEM   OBSERVED TIME   RECORD YEAR NORMAL DEPARTURE LAST
                VALUE   (LST)  VALUE       VALUE  FROM      YEAR
                                                  NORMAL
..................................................................
TEMPERATURE (F)
 YESTERDAY
  MAXIMUM         93    406 PM 100    2000  89      4       91
  MINIMUM         71    618 AM  47    1988  66      5       70
  AVERAGE         82                        78      4       81

PRECIPITATION (IN)
  YESTERDAY        0.00          2.00 1919   0.16  -0.16     0.00
  MONTH TO DATE    1.63                      2.98  -1.35     1.22
  SINCE MAR 1     14.62                     11.98   2.64     8.64
  SINCE JAN 1     23.32                     21.17   2.15    17.83

SNOWFALL (IN)
  YESTERDAY        0.0                       0.0    0.0

DEGREE DAYS
 HEATING
  YESTERDAY        0                                0
  MONTH TO DATE    0                               -3
  SINCE MAR 1     98                             -152
  SINCE JUL 1    943                             -650

 COOLING
  YESTERDAY       17                                5
  MONTH TO DATE  299                               44
  SINCE MAR 1    554                              160
  SINCE JAN 1    557                              149
..................................................................


WIND (MPH)
  HIGHEST WIND SPEED    15   HIGHEST WIND DIRECTION     E (80)
  HIGHEST GUST SPEED    20   HIGHEST GUST DIRECTION     E (70)
  AVERAGE WIND SPEED     6.2




RELATIVE HUMIDITY (PERCENT)
 HIGHEST    84
 LOWEST     36
 AVERAGE    60

..........................................................


THE TALLAHASSEE CLIMATE NORMALS FOR TODAY
                         NORMAL    RECORD    YEAR
 MAXIMUM TEMPERATURE (F)   89       100      1937
 MINIMUM TEMPERATURE (F)   66        51      1988


SUNRISE AND SUNSET
MAY 29 2016...........SUNRISE   637 AM EDT   SUNSET   834 PM EDT
MAY 30 2016...........SUNRISE   636 AM EDT   SUNSET   834 PM EDT


-  INDICATES NEGATIVE NUMBERS.
R  INDICATES RECORD WAS SET OR TIED.
MM INDICATES DATA IS MISSING.
T  INDICATES TRACE AMOUNT.




$$
