000
CDUS42 KTAE 150633
CLITLH


CLIMATE REPORT
NATIONAL WEATHER SERVICE TALLAHASSEE FL
231 AM EDT MON SEP 15 2014

...................................

...THE TALLAHASSEE CLIMATE SUMMARY FOR SEPTEMBER 14 2014...

CLIMATE NORMAL PERIOD 1981 TO 2010
CLIMATE RECORD PERIOD 1896 TO 2014


WEATHER ITEM   OBSERVED TIME   RECORD YEAR NORMAL DEPARTURE LAST
                VALUE   (LST)  VALUE       VALUE  FROM      YEAR
                                                  NORMAL
..................................................................
TEMPERATURE (F)
 YESTERDAY
  MAXIMUM         95    245 PM  98    1991  89      6
  MINIMUM         73    557 AM  54    1971  69      4
                                      1969
  AVERAGE         84                        79      5

PRECIPITATION (IN)
  YESTERDAY        0.00          3.62 1900   0.16  -0.16     0.00
  MONTH TO DATE    5.14                      2.40   2.74     1.65
  SINCE SEP 1      5.14                      2.40   2.74     1.65
  SINCE JAN 1     46.22                     46.31  -0.09    54.94

SNOWFALL (IN)
  YESTERDAY        0.0                       0.0    0.0

DEGREE DAYS
 HEATING
  YESTERDAY        0                                0
  MONTH TO DATE    0                                0
  SINCE SEP 1      0                                0
  SINCE JUL 1      0                                0

 COOLING
  YESTERDAY       19                                5
  MONTH TO DATE  253                               43
  SINCE SEP 1    253                               43
  SINCE JAN 1   2424                              261
..................................................................


WIND (MPH)
  HIGHEST WIND SPEED    36   HIGHEST WIND DIRECTION    SW (240)
  HIGHEST GUST SPEED    MM   HIGHEST GUST DIRECTION    MM
  AVERAGE WIND SPEED     3.9




RELATIVE HUMIDITY (PERCENT)
 HIGHEST    93
 LOWEST     46
 AVERAGE    70

..........................................................


THE TALLAHASSEE CLIMATE NORMALS FOR TODAY
                         NORMAL    RECORD    YEAR
 MAXIMUM TEMPERATURE (F)   89       101      1927
 MINIMUM TEMPERATURE (F)   69        58      1971


SUNRISE AND SUNSET
SEPTEMBER 15 2014.....SUNRISE   722 AM EDT   SUNSET   743 PM EDT
SEPTEMBER 16 2014.....SUNRISE   722 AM EDT   SUNSET   742 PM EDT


-  INDICATES NEGATIVE NUMBERS.
R  INDICATES RECORD WAS SET OR TIED.
MM INDICATES DATA IS MISSING.
T  INDICATES TRACE AMOUNT.

$$
