000
CDUS42 KTAE 270636
CLITLH


CLIMATE REPORT
NATIONAL WEATHER SERVICE TALLAHASSEE FL
135 AM EST FRI FEB 27 2015


...................................

...THE TALLAHASSEE CLIMATE SUMMARY FOR FEBRUARY 26 2015...

CLIMATE NORMAL PERIOD 1981 TO 2010
CLIMATE RECORD PERIOD 1896 TO 2015


WEATHER ITEM   OBSERVED TIME   RECORD YEAR NORMAL DEPARTURE LAST
                VALUE   (LST)  VALUE       VALUE  FROM      YEAR
                                                  NORMAL
..................................................................
TEMPERATURE (F)
 YESTERDAY
  MAXIMUM         57    121 AM  84    1930  70    -13       63
  MINIMUM         45   1159 PM  21    1967  44      1       47
  AVERAGE         51                        57     -6       55

PRECIPITATION (IN)
  YESTERDAY        0.00          2.05 1939   0.19  -0.19     0.62
  MONTH TO DATE    4.39                      4.48  -0.09     4.38
  SINCE DEC 1     17.93                     12.72   5.21    12.94
  SINCE JAN 1      9.15                      8.82   0.33     8.05

SNOWFALL (IN)
  YESTERDAY        0.0                       0.0    0.0

DEGREE DAYS
 HEATING
  YESTERDAY       14                                5
  MONTH TO DATE  348                               67
  SINCE DEC 1    985                             -106
  SINCE JUL 1   1336                                9

 COOLING
  YESTERDAY        0                               -1
  MONTH TO DATE    0                               -2
  SINCE DEC 1     20                                0
  SINCE JAN 1      7                                0
..................................................................


WIND (MPH)
  HIGHEST WIND SPEED    21   HIGHEST WIND DIRECTION     W (290)
  HIGHEST GUST SPEED    25   HIGHEST GUST DIRECTION     W (280)
  AVERAGE WIND SPEED     9.0




RELATIVE HUMIDITY (PERCENT)
 HIGHEST   100
 LOWEST     63
 AVERAGE    82

..........................................................


THE TALLAHASSEE CLIMATE NORMALS FOR TODAY
                         NORMAL    RECORD    YEAR
 MAXIMUM TEMPERATURE (F)   70        84      1962
 MINIMUM TEMPERATURE (F)   44        17      1974


SUNRISE AND SUNSET
FEBRUARY 27 2015......SUNRISE   706 AM EST   SUNSET   635 PM EST
FEBRUARY 28 2015......SUNRISE   705 AM EST   SUNSET   635 PM EST


-  INDICATES NEGATIVE NUMBERS.
R  INDICATES RECORD WAS SET OR TIED.
MM INDICATES DATA IS MISSING.
T  INDICATES TRACE AMOUNT.




$$
