000
CDUS42 KTAE 220643
CLITLH


CLIMATE REPORT
NATIONAL WEATHER SERVICE TALLAHASSEE FL
243 AM EDT FRI MAY 22 2015


...................................

...THE TALLAHASSEE CLIMATE SUMMARY FOR MAY 21 2015...

CLIMATE NORMAL PERIOD 1981 TO 2010
CLIMATE RECORD PERIOD 1896 TO 2015


WEATHER ITEM   OBSERVED TIME   RECORD YEAR NORMAL DEPARTURE LAST
                VALUE   (LST)  VALUE       VALUE  FROM      YEAR
                                                  NORMAL
..................................................................
TEMPERATURE (F)
 YESTERDAY
  MAXIMUM         94    420 PM  98    1938  88      6       91
  MINIMUM         70    529 AM  48    2002  63      7       63
  AVERAGE         82                        76      6       77

PRECIPITATION (IN)
  YESTERDAY        0.00          1.75 1942   0.12  -0.12     0.00
  MONTH TO DATE    1.08                      2.01  -0.93     1.10
  SINCE MAR 1      8.50                     11.01  -2.51    23.79
  SINCE JAN 1     17.69                     20.20  -2.51    31.84

SNOWFALL (IN)
  YESTERDAY        0.0                       0.0    0.0

DEGREE DAYS
 HEATING
  YESTERDAY        0                                0
  MONTH TO DATE    0                               -3
  SINCE MAR 1     75                             -175
  SINCE JUL 1   1441                             -152

 COOLING
  YESTERDAY       17                                6
  MONTH TO DATE  264                               91
  SINCE MAR 1    659                              347
  SINCE JAN 1    666                              340
..................................................................


WIND (MPH)
  HIGHEST WIND SPEED    20   HIGHEST WIND DIRECTION    NW (310)
  HIGHEST GUST SPEED    25   HIGHEST GUST DIRECTION    NW (300)
  AVERAGE WIND SPEED     9.1




RELATIVE HUMIDITY (PERCENT)
 HIGHEST    84
 LOWEST     39
 AVERAGE    62

..........................................................


THE TALLAHASSEE CLIMATE NORMALS FOR TODAY
                         NORMAL    RECORD    YEAR
 MAXIMUM TEMPERATURE (F)   88        99      1938
 MINIMUM TEMPERATURE (F)   64        45      1981


SUNRISE AND SUNSET
MAY 22 2015...........SUNRISE   640 AM EDT   SUNSET   829 PM EDT
MAY 23 2015...........SUNRISE   639 AM EDT   SUNSET   830 PM EDT


-  INDICATES NEGATIVE NUMBERS.
R  INDICATES RECORD WAS SET OR TIED.
MM INDICATES DATA IS MISSING.
T  INDICATES TRACE AMOUNT.




$$
