000
CDUS44 KBMX 020030
CLITOI


CLIMATE REPORT
NATIONAL WEATHER SERVICE BIRMINGHAM, AL
730 PM CDT MON JUN 1 2015


...................................

...THE TROY CLIMATE SUMMARY FOR JUNE 1 2015...
VALID TODAY AS OF 0700 PM LOCAL TIME.

CLIMATE NORMAL PERIOD 1981 TO 2010
CLIMATE RECORD PERIOD 9999 TO 9999


WEATHER ITEM   OBSERVED TIME   RECORD YEAR NORMAL DEPARTURE LAST
                VALUE   (LST)  VALUE       VALUE  FROM      YEAR
                                                  NORMAL
..................................................................
TEMPERATURE (F)
 TODAY
  MAXIMUM         81   1124 AM  MM      MM  87     -6       86
  MINIMUM         66    520 AM  MM      MM  63      3       69
  AVERAGE         74                        75     -1       78

PRECIPITATION (IN)
  TODAY            0.05                      0.16  -0.11     0.54
  MONTH TO DATE    0.05                      0.16  -0.11     0.54
  SINCE JUN 1      0.05                      0.16  -0.11     0.54
  SINCE JAN 1     19.87                     22.99  -3.12    30.60

DEGREE DAYS
 COOLING
  TODAY            9                        10     -1       13
  MONTH TO DATE    9                        10     -1       13
  SINCE JUN 1      9                        10     -1       13
  SINCE JAN 1    492                       297    195      335
..................................................................


WIND (MPH)
  HIGHEST WIND SPEED     7   HIGHEST WIND DIRECTION     W (260)
  HIGHEST GUST SPEED    12   HIGHEST GUST DIRECTION     W (260)
  AVERAGE WIND SPEED     1.5


SKY COVER
  AVERAGE SKY COVER 0.6


WEATHER CONDITIONS
 THE FOLLOWING WEATHER WAS RECORDED TODAY.
  RAIN
  FOG
  FOG W/VISIBILITY <= 1/4 MILE


RELATIVE HUMIDITY (PERCENT)
 HIGHEST   100           200 AM
 LOWEST     69          1100 AM
 AVERAGE    85

..........................................................


THE TROY CLIMATE NORMALS FOR TOMORROW
                         NORMAL    RECORD    YEAR
 MAXIMUM TEMPERATURE (F)   87        MM        MM
 MINIMUM TEMPERATURE (F)   64        MM        MM


SUNRISE AND SUNSET
JUNE  1 2015..........SUNRISE   539 AM CDT   SUNSET   745 PM CDT
JUNE  2 2015..........SUNRISE   539 AM CDT   SUNSET   745 PM CDT


-  INDICATES NEGATIVE NUMBERS.
R  INDICATES RECORD WAS SET OR TIED.
MM INDICATES DATA IS MISSING.
T  INDICATES TRACE AMOUNT.




$$
