000
CDUS44 KBMX 220716
CLITOI


CLIMATE REPORT
NATIONAL WEATHER SERVICE BIRMINGHAM, AL
112 AM CST SAT NOV 22 2014


...................................

...THE TROY CLIMATE SUMMARY FOR NOVEMBER 21 2014...

CLIMATE NORMAL PERIOD 1981 TO 2010
CLIMATE RECORD PERIOD 9999 TO 9999


WEATHER ITEM   OBSERVED TIME   RECORD YEAR NORMAL DEPARTURE LAST
                VALUE   (LST)  VALUE       VALUE  FROM      YEAR
                                                  NORMAL
..................................................................
TEMPERATURE (F)
 YESTERDAY
  MAXIMUM         69    230 PM  MM      MM  67      2       70
  MINIMUM         33    643 AM  MM      MM  41     -8       55
  AVERAGE         51                        54     -3       63

PRECIPITATION (IN)
  YESTERDAY        0.00                      0.18  -0.18     0.00
  MONTH TO DATE    2.17                      2.99  -0.82     0.74
  SINCE SEP 1      8.05                     10.18  -2.13     3.71
  SINCE JAN 1     46.05                     48.13  -2.08    49.32

SNOWFALL (IN)
  YESTERDAY        0.0                      MM     MM        0.0
  MONTH TO DATE    0.0                      MM     MM        0.0
  SINCE SEP 1      0.0                      MM     MM        0.0
  SINCE JUL 1      0.0                      MM     MM        0.0
  SNOW DEPTH       0

DEGREE DAYS
 HEATING
  YESTERDAY       14                        11      3        2
  MONTH TO DATE  330                       180    150      153
  SINCE SEP 1    410                       278    132      198
  SINCE JUL 1    410                       278    132      198
..................................................................


WIND (MPH)
  HIGHEST WIND SPEED    13   HIGHEST WIND DIRECTION    NE (60)
  HIGHEST GUST SPEED    17   HIGHEST GUST DIRECTION     E (70)
  AVERAGE WIND SPEED     3.5


SKY COVER
  AVERAGE SKY COVER 0.0


WEATHER CONDITIONS
 THE FOLLOWING WEATHER WAS RECORDED YESTERDAY.
  FOG
  HAZE


RELATIVE HUMIDITY (PERCENT)
 HIGHEST   100           700 AM
 LOWEST     35           200 PM
 AVERAGE    68

..........................................................


THE TROY CLIMATE NORMALS FOR TODAY
                         NORMAL    RECORD    YEAR
 MAXIMUM TEMPERATURE (F)   67        MM        MM
 MINIMUM TEMPERATURE (F)   41        MM        MM


SUNRISE AND SUNSET
NOVEMBER 22 2014......SUNRISE   619 AM CST   SUNSET   442 PM CST
NOVEMBER 23 2014......SUNRISE   619 AM CST   SUNSET   441 PM CST


-  INDICATES NEGATIVE NUMBERS.
R  INDICATES RECORD WAS SET OR TIED.
MM INDICATES DATA IS MISSING.
T  INDICATES TRACE AMOUNT.




$$
