000
CDUS44 KBMX 270115
CLITOI


CLIMATE REPORT
NATIONAL WEATHER SERVICE BIRMINGHAM, AL
815 PM CDT THU MAY 26 2016


...................................

...THE TROY CLIMATE SUMMARY FOR MAY 26 2016...
VALID TODAY AS OF 0700 PM LOCAL TIME.

CLIMATE NORMAL PERIOD 1981 TO 2010
CLIMATE RECORD PERIOD 9999 TO 9999


WEATHER ITEM   OBSERVED TIME   RECORD YEAR NORMAL DEPARTURE LAST
                VALUE   (LST)  VALUE       VALUE  FROM      YEAR
                                                  NORMAL
..................................................................
TEMPERATURE (F)
 TODAY
  MAXIMUM         89    155 PM  MM      MM  86      3       86
  MINIMUM         64    423 AM  MM      MM  62      2       64
  AVERAGE         77                        74      3       75

PRECIPITATION (IN)
  TODAY            0.00                      0.17  -0.17     0.42
  MONTH TO DATE    2.40                      2.68  -0.28     1.68
  SINCE MAR 1     12.98                     12.70   0.28    11.50
  SINCE JAN 1     19.33                     21.83  -2.50    18.41

DEGREE DAYS
 COOLING
  TODAY           12                         9      3       10
  MONTH TO DATE  174                       162     12      219
  SINCE MAR 1    333                       234     99      423
  SINCE JAN 1    340                       239    101      425
..................................................................


WIND (MPH)
  HIGHEST WIND SPEED    14   HIGHEST WIND DIRECTION     S (200)
  HIGHEST GUST SPEED    20   HIGHEST GUST DIRECTION    SE (150)
  AVERAGE WIND SPEED     4.4


SKY COVER
  AVERAGE SKY COVER 0.1


WEATHER CONDITIONS
 THE FOLLOWING WEATHER WAS RECORDED TODAY.
  FOG


RELATIVE HUMIDITY (PERCENT)
 HIGHEST    93          1200 AM
 LOWEST     43           300 PM
 AVERAGE    68

..........................................................


THE TROY CLIMATE NORMALS FOR TOMORROW
                         NORMAL    RECORD    YEAR
 MAXIMUM TEMPERATURE (F)   86        MM        MM
 MINIMUM TEMPERATURE (F)   62        MM        MM


SUNRISE AND SUNSET
MAY 26 2016...........SUNRISE   541 AM CDT   SUNSET   742 PM CDT
MAY 27 2016...........SUNRISE   541 AM CDT   SUNSET   742 PM CDT


-  INDICATES NEGATIVE NUMBERS.
R  INDICATES RECORD WAS SET OR TIED.
MM INDICATES DATA IS MISSING.
T  INDICATES TRACE AMOUNT.




$$
