000
CDUS44 KBMX 180900
CLITOI


CLIMATE REPORT
NATIONAL WEATHER SERVICE BIRMINGHAM, AL
256 AM CST THU JAN 18 2018


...................................

...THE TROY CLIMATE SUMMARY FOR JANUARY 17 2018...

CLIMATE NORMAL PERIOD 1981 TO 2010
CLIMATE RECORD PERIOD 9999 TO 9999


WEATHER ITEM   OBSERVED TIME   RECORD YEAR NORMAL DEPARTURE LAST
                VALUE   (LST)  VALUE       VALUE  FROM      YEAR
                                                  NORMAL
..................................................................
TEMPERATURE (F)
 YESTERDAY
  MAXIMUM         29   1212 AM  MM      MM  58    -29       78
  MINIMUM         17    903 AM  MM      MM  35    -18       53
  AVERAGE         23                        46    -23       66

PRECIPITATION (IN)
  YESTERDAY        0.09                      0.13  -0.04     0.00
  MONTH TO DATE    0.41                      2.39  -1.98    10.80
  SINCE DEC 1      3.13                      7.23  -4.10    15.47
  SINCE JAN 1      0.41                      2.39  -1.98    10.80

SNOWFALL (IN)
  YESTERDAY       MM                        MM     MM        0.0
  MONTH TO DATE    MM                       MM     MM        0.0
  SINCE DEC 1      T                        MM     MM        0.0
  SINCE JUL 1      T                        MM     MM        0.0
  SNOW DEPTH      MM

DEGREE DAYS
 HEATING
  YESTERDAY       42                        19     23        0
  MONTH TO DATE  430                       323    107      201
  SINCE DEC 1    905                       847     58      562
  SINCE JUL 1   1259                      1240     19      814
..................................................................


WIND (MPH)
  HIGHEST WIND SPEED    22   HIGHEST WIND DIRECTION     N (340)
  HIGHEST GUST SPEED    29   HIGHEST GUST DIRECTION     N (350)
  AVERAGE WIND SPEED    13.8


SKY COVER
  AVERAGE SKY COVER 0.3


WEATHER CONDITIONS
 THE FOLLOWING WEATHER WAS RECORDED YESTERDAY.
  LIGHT SNOW
  FOG


RELATIVE HUMIDITY (PERCENT)
 HIGHEST    92          1200 AM
 LOWEST     50           200 PM
 AVERAGE    71

..........................................................


THE TROY CLIMATE NORMALS FOR TODAY
                         NORMAL    RECORD    YEAR
 MAXIMUM TEMPERATURE (F)   58        MM        MM
 MINIMUM TEMPERATURE (F)   35        MM        MM


SUNRISE AND SUNSET
JANUARY 18 2018.......SUNRISE   644 AM CST   SUNSET   505 PM CST
JANUARY 19 2018.......SUNRISE   644 AM CST   SUNSET   506 PM CST


-  INDICATES NEGATIVE NUMBERS.
R  INDICATES RECORD WAS SET OR TIED.
MM INDICATES DATA IS MISSING.
T  INDICATES TRACE AMOUNT.




$$
