000
CDUS44 KBMX 270736
CLITOI


CLIMATE REPORT
NATIONAL WEATHER SERVICE BIRMINGHAM, AL
233 AM CDT FRI MAR 27 2015


...................................

...THE TROY CLIMATE SUMMARY FOR MARCH 26 2015...

CLIMATE NORMAL PERIOD 1981 TO 2010
CLIMATE RECORD PERIOD 9999 TO 9999


WEATHER ITEM   OBSERVED TIME   RECORD YEAR NORMAL DEPARTURE LAST
                VALUE   (LST)  VALUE       VALUE  FROM      YEAR
                                                  NORMAL
..................................................................
TEMPERATURE (F)
 YESTERDAY
  MAXIMUM         76   1126 AM  MM      MM  72      4       58
  MINIMUM         60    521 AM  MM      MM  45     15       28
  AVERAGE         68                        58     10       43

PRECIPITATION (IN)
  YESTERDAY        T                         0.25  -0.25     0.00
  MONTH TO DATE    2.42                      4.92  -2.50     2.98
  SINCE MAR 1      2.42                      4.92  -2.50     2.98
  SINCE JAN 1      9.33                     14.05  -4.72    12.04

SNOWFALL (IN)
  YESTERDAY        0.0                      MM     MM        0.0
  MONTH TO DATE    0.0                      MM     MM        0.0
  SINCE MAR 1      0.0                      MM     MM        0.0
  SINCE JUL 1      0.0                      MM     MM        0.3
  SNOW DEPTH      MM

DEGREE DAYS
 HEATING
  YESTERDAY        0                         7     -7       22
  MONTH TO DATE  110                       249   -139      261
  SINCE MAR 1    110                       249   -139      261
  SINCE JUL 1   2111                      2168    -57     2201

 COOLING
  YESTERDAY        3                         1      2        0
  MONTH TO DATE   56                         6     50        1
  SINCE MAR 1     56                         6     50        1
  SINCE JAN 1     58                        11     47       12
..................................................................


WIND (MPH)
  HIGHEST WIND SPEED    14   HIGHEST WIND DIRECTION    NW (310)
  HIGHEST GUST SPEED    18   HIGHEST GUST DIRECTION    SW (210)
  AVERAGE WIND SPEED     5.2


SKY COVER
  AVERAGE SKY COVER 0.5


WEATHER CONDITIONS
 THE FOLLOWING WEATHER WAS RECORDED YESTERDAY.
  FOG


RELATIVE HUMIDITY (PERCENT)
 HIGHEST    93           300 AM
 LOWEST     50          1000 AM
 AVERAGE    72

..........................................................


THE TROY CLIMATE NORMALS FOR TODAY
                         NORMAL    RECORD    YEAR
 MAXIMUM TEMPERATURE (F)   72        MM        MM
 MINIMUM TEMPERATURE (F)   45        MM        MM


SUNRISE AND SUNSET
MARCH 27 2015.........SUNRISE   639 AM CDT   SUNSET   700 PM CDT
MARCH 28 2015.........SUNRISE   638 AM CDT   SUNSET   701 PM CDT


-  INDICATES NEGATIVE NUMBERS.
R  INDICATES RECORD WAS SET OR TIED.
MM INDICATES DATA IS MISSING.
T  INDICATES TRACE AMOUNT.




$$
