000
CDUS44 KBMX 022155
CLITOI


CLIMATE REPORT
NATIONAL WEATHER SERVICE BIRMINGHAM, AL
455 PM CDT MON MAY 2 2016


...................................

...THE TROY CLIMATE SUMMARY FOR MAY 2 2016...
VALID AS OF 0400 PM LOCAL TIME.

CLIMATE NORMAL PERIOD 1981 TO 2010
CLIMATE RECORD PERIOD 9999 TO 9999


WEATHER ITEM   OBSERVED TIME   RECORD YEAR NORMAL DEPARTURE LAST
                VALUE   (LST)  VALUE       VALUE  FROM      YEAR
                                                  NORMAL
..................................................................
TEMPERATURE (F)
 TODAY
  MAXIMUM         81    245 PM  MM      MM  81      0       80
  MINIMUM         65    303 AM  MM      MM  54     11       44
  AVERAGE         73                        68      5       62

PRECIPITATION (IN)
  TODAY            0.00                      0.07  -0.07     0.00
  MONTH TO DATE    1.16                      0.15   1.01     0.00
  SINCE MAR 1     11.74                     10.17   1.57     9.82
  SINCE JAN 1     18.09                     19.30  -1.21    16.73

DEGREE DAYS
 COOLING
  TODAY            8                         4      4        0
  MONTH TO DATE   20                         8     12        0
  SINCE MAR 1    179                        80     99      204
  SINCE JAN 1    186                        85    101      206
..................................................................


WIND (MPH)
  HIGHEST WIND SPEED    10   HIGHEST WIND DIRECTION    SW (220)
  HIGHEST GUST SPEED    14   HIGHEST GUST DIRECTION    SW (210)
  AVERAGE WIND SPEED     3.5


SKY COVER
  AVERAGE SKY COVER 0.4


WEATHER CONDITIONS
 THE FOLLOWING WEATHER WAS RECORDED TODAY.
  FOG


RELATIVE HUMIDITY (PERCENT)
 HIGHEST   100           100 AM
 LOWEST     67           300 PM
 AVERAGE    84

..........................................................


THE TROY CLIMATE NORMALS FOR TOMORROW
                         NORMAL    RECORD    YEAR
 MAXIMUM TEMPERATURE (F)   81        MM        MM
 MINIMUM TEMPERATURE (F)   55        MM        MM


SUNRISE AND SUNSET
MAY  2 2016...........SUNRISE   557 AM CDT   SUNSET   725 PM CDT
MAY  3 2016...........SUNRISE   556 AM CDT   SUNSET   726 PM CDT


-  INDICATES NEGATIVE NUMBERS.
R  INDICATES RECORD WAS SET OR TIED.
MM INDICATES DATA IS MISSING.
T  INDICATES TRACE AMOUNT.




$$
