000
CDUS43 KTOP 300633
CLITOP


CLIMATE REPORT
NATIONAL WEATHER SERVICE TOPEKA KS
132 AM CDT SAT APR 30 2016


...................................

...THE TOPEKA KS CLIMATE SUMMARY FOR APRIL 29 2016...

CLIMATE NORMAL PERIOD 1981 TO 2010
CLIMATE RECORD PERIOD 1887 TO 2016


WEATHER ITEM   OBSERVED TIME   RECORD YEAR NORMAL DEPARTURE LAST
                VALUE   (LST)  VALUE       VALUE  FROM      YEAR
                                                  NORMAL
..................................................................
TEMPERATURE (F)
 YESTERDAY
  MAXIMUM         55    202 PM  95    1987  71    -16       73
                                      1910
  MINIMUM         48    743 AM  31    1892  49     -1       43
  AVERAGE         52                        60     -8       58

PRECIPITATION (IN)
  YESTERDAY        0.55          1.56 1974   0.14   0.41     0.00
  MONTH TO DATE    6.45                      3.38   3.07     2.40
  SINCE MAR 1      8.75                      5.87   2.88     3.17
  SINCE JAN 1     10.02                      8.05   1.97     5.16

SNOWFALL (IN)
  YESTERDAY        0.0           0.2  1907   0.0    0.0      0.0
  MONTH TO DATE    T                         0.3   -0.3      0.0
  SINCE JAN 1      3.7                      11.3   -7.6      7.9
  SINCE JUL 1      4.9                      17.8  -12.9     10.3
  SNOW DEPTH       0

DEGREE DAYS
 HEATING
  YESTERDAY       13                         7      6        7
  MONTH TO DATE  204                       316   -112      222
  SINCE MAR 1    632                       944   -312      775
  SINCE JUL 1   3884                      4911  -1027     4776

 COOLING
  YESTERDAY        0                         1     -1        0
  MONTH TO DATE   15                        22     -7        5
  SINCE MAR 1     18                        25     -7        5
  SINCE JAN 1     18                        25     -7        5
..................................................................


WIND (MPH)
  HIGHEST WIND SPEED    25   HIGHEST WIND DIRECTION    NE (50)
  HIGHEST GUST SPEED    32   HIGHEST GUST DIRECTION    NE (60)
  AVERAGE WIND SPEED    12.5


SKY COVER
  AVERAGE SKY COVER 0.9


WEATHER CONDITIONS
 THE FOLLOWING WEATHER WAS RECORDED YESTERDAY.
  THUNDERSTORM
  HEAVY RAIN
  RAIN
  LIGHT RAIN
  FOG


RELATIVE HUMIDITY (PERCENT)
 HIGHEST    89           400 PM
 LOWEST     66           100 PM
 AVERAGE    78

..........................................................


THE TOPEKA KS CLIMATE NORMALS FOR TODAY
                         NORMAL    RECORD    YEAR
 MAXIMUM TEMPERATURE (F)   71        91      1936
 MINIMUM TEMPERATURE (F)   49        29      1903


SUNRISE AND SUNSET
APRIL 30 2016.........SUNRISE   625 AM CDT   SUNSET   815 PM CDT
MAY  1 2016...........SUNRISE   624 AM CDT   SUNSET   816 PM CDT


-  INDICATES NEGATIVE NUMBERS.
R  INDICATES RECORD WAS SET OR TIED.
MM INDICATES DATA IS MISSING.
T  INDICATES TRACE AMOUNT.




$$
