000
CDUS45 KCYS 300729
CLITOR


CLIMATE REPORT
NATIONAL WEATHER SERVICE CHEYENNE WY
129 AM MDT MON MAY 30 2016


...................................

...THE TORRINGTON WY AIRPORT CLIMATE SUMMARY FOR MAY 29 2016...

CLIMATE NORMAL PERIOD 1981 TO 2010
CLIMATE RECORD PERIOD 1998 TO 2016


WEATHER ITEM   OBSERVED TIME   RECORD YEAR NORMAL DEPARTURE LAST
                VALUE   (LST)  VALUE       VALUE  FROM      YEAR
                                                  NORMAL
..................................................................
TEMPERATURE (F)
 YESTERDAY
  MAXIMUM         79    302 PM 100    2003  75      4       56
  MINIMUM         42    438 AM  35    2012  46     -4       45
  AVERAGE         61                        60      1       51

PRECIPITATION (IN)
  YESTERDAY        0.00          0.25 2011   0.13  -0.13     0.25
                                      2011
                                      2015
  MONTH TO DATE    2.49                      2.19   0.30     6.87
  SINCE JAN 1      7.93                      5.20   2.73    10.97

DEGREE DAYS
 HEATING
  YESTERDAY        4                         6     -2       14
  MONTH TO DATE  315                       268     47      382
  SINCE MAR 1   1559                      1656    -97     1540
  SINCE JUL 1   5876                      6500   -624     6254

 COOLING
  YESTERDAY        0                         1     -1        0
  MONTH TO DATE    0                         7     -7        0
  SINCE MAR 1      0                         8     -8        0
  SINCE JAN 1      0                         8     -8        0
..................................................................


WIND (MPH)
  HIGHEST WIND SPEED    22   HIGHEST WIND DIRECTION     S (180)
  HIGHEST GUST SPEED    28   HIGHEST GUST DIRECTION     S (200)
  AVERAGE WIND SPEED     6.5


SKY COVER
  AVERAGE SKY COVER 0.1


WEATHER CONDITIONS
 THE FOLLOWING WEATHER WAS RECORDED YESTERDAY.
  NO SIGNIFICANT WEATHER WAS OBSERVED.


RELATIVE HUMIDITY (PERCENT)
 HIGHEST    92           300 AM
 LOWEST     25          1200 PM
 AVERAGE    59

..........................................................


THE TORRINGTON WY AIRPORT CLIMATE NORMALS FOR TODAY
                         NORMAL    RECORD    YEAR
 MAXIMUM TEMPERATURE (F)   75        96      2002
 MINIMUM TEMPERATURE (F)   46        37      2004


SUNRISE AND SUNSET
MAY 30 2016...........SUNRISE   524 AM MDT   SUNSET   825 PM MDT
MAY 31 2016...........SUNRISE   524 AM MDT   SUNSET   826 PM MDT


-  INDICATES NEGATIVE NUMBERS.
R  INDICATES RECORD WAS SET OR TIED.
MM INDICATES DATA IS MISSING.
T  INDICATES TRACE AMOUNT.




$$
