000
CDUS45 KCYS 060736
CLITOR


CLIMATE REPORT
NATIONAL WEATHER SERVICE CHEYENNE WY
1235 AM MST SAT FEB 6 2016


...................................

...THE TORRINGTON WY AIRPORT CLIMATE SUMMARY FOR FEBRUARY 5 2016...

CLIMATE NORMAL PERIOD 1981 TO 2010
CLIMATE RECORD PERIOD 1998 TO 2016


WEATHER ITEM   OBSERVED TIME   RECORD YEAR NORMAL DEPARTURE LAST
                VALUE   (LST)  VALUE       VALUE  FROM      YEAR
                                                  NORMAL
..................................................................
TEMPERATURE (F)
 YESTERDAY
  MAXIMUM         35   1155 AM  67    2009  44     -9       53
  MINIMUM         18    632 AM -19    2014  16      2        6
  AVERAGE         27                        30     -3       30

PRECIPITATION (IN)
  YESTERDAY        0.00          0.06 2011   0.02  -0.02     0.00
  MONTH TO DATE    0.01                      0.06  -0.05     0.38
  SINCE JAN 1      0.15                      0.32  -0.17     0.62

DEGREE DAYS
 HEATING
  YESTERDAY       38                        35      3       35
  MONTH TO DATE  209                       179     30      174
  SINCE DEC 1   2436                      2491    -55     2467
  SINCE JUL 1   3727                      4074   -347     3999

 COOLING
  YESTERDAY        0                         0      0        0
  MONTH TO DATE    0                         0      0        0
  SINCE DEC 1      0                         0      0        0
  SINCE JAN 1      0                         0      0        0
..................................................................


WIND (MPH)
  HIGHEST WIND SPEED    22   HIGHEST WIND DIRECTION     W (280)
  HIGHEST GUST SPEED    27   HIGHEST GUST DIRECTION     W (270)
  AVERAGE WIND SPEED    10.0


SKY COVER
  AVERAGE SKY COVER 0.2


WEATHER CONDITIONS
 THE FOLLOWING WEATHER WAS RECORDED YESTERDAY.
  NO SIGNIFICANT WEATHER WAS OBSERVED.


RELATIVE HUMIDITY (PERCENT)
 HIGHEST    73           500 AM
 LOWEST     47          1200 PM
 AVERAGE    60

..........................................................


THE TORRINGTON WY AIRPORT CLIMATE NORMALS FOR TODAY
                         NORMAL    RECORD    YEAR
 MAXIMUM TEMPERATURE (F)   44        69      2015
 MINIMUM TEMPERATURE (F)   16       -10      2014


SUNRISE AND SUNSET
FEBRUARY  6 2016......SUNRISE   705 AM MST   SUNSET   517 PM MST
FEBRUARY  7 2016......SUNRISE   703 AM MST   SUNSET   519 PM MST


-  INDICATES NEGATIVE NUMBERS.
R  INDICATES RECORD WAS SET OR TIED.
MM INDICATES DATA IS MISSING.
T  INDICATES TRACE AMOUNT.




$$
