000
CDUS45 KCYS 230727
CLITOR


CLIMATE REPORT
NATIONAL WEATHER SERVICE CHEYENNE WY
126 AM MDT THU OCT 23 2014


...................................

...THE TORRINGTON WY AIRPORT CLIMATE SUMMARY FOR OCTOBER 22 2014...

CLIMATE NORMAL PERIOD 1981 TO 2010
CLIMATE RECORD PERIOD 1998 TO 2014


WEATHER ITEM   OBSERVED TIME   RECORD YEAR NORMAL DEPARTURE LAST
                VALUE   (LST)  VALUE       VALUE  FROM      YEAR
                                                  NORMAL
..................................................................
TEMPERATURE (F)
 YESTERDAY
  MAXIMUM         67    331 PM  84    2003  61      6       66
  MINIMUM         39   1116 PM  22    2006  32      7       38
  AVERAGE         53                        46      7       52

PRECIPITATION (IN)
  YESTERDAY        0.01          0.32 2000   0.03  -0.02     0.00
  MONTH TO DATE    0.04                      0.85  -0.81     3.72
  SINCE JAN 1     16.79                     13.18   3.61    12.90

DEGREE DAYS
 HEATING
  YESTERDAY       12                        19     -7       13
  MONTH TO DATE  254                       331    -77      409
  SINCE SEP 1    392                       503   -111      512
  SINCE JUL 1    407                       525   -118      514

 COOLING
  YESTERDAY        0                         0      0        0
  MONTH TO DATE    0                         0      0        0
  SINCE SEP 1     50                        45      5      120
  SINCE JAN 1    587                       678    -91      893
..................................................................


WIND (MPH)
  HIGHEST WIND SPEED    22   HIGHEST WIND DIRECTION     W (280)
  HIGHEST GUST SPEED    27   HIGHEST GUST DIRECTION     W (270)
  AVERAGE WIND SPEED     8.9


SKY COVER
  AVERAGE SKY COVER 0.1


WEATHER CONDITIONS
 THE FOLLOWING WEATHER WAS RECORDED YESTERDAY.
  LIGHT RAIN


RELATIVE HUMIDITY (PERCENT)
 HIGHEST    77           300 AM
 LOWEST     14           300 PM
 AVERAGE    46

..........................................................


THE TORRINGTON WY AIRPORT CLIMATE NORMALS FOR TODAY
                         NORMAL    RECORD    YEAR
 MAXIMUM TEMPERATURE (F)   61        88      2003
 MINIMUM TEMPERATURE (F)   31        16      2006


SUNRISE AND SUNSET
OCTOBER 23 2014.......SUNRISE   718 AM MDT   SUNSET   603 PM MDT
OCTOBER 24 2014.......SUNRISE   720 AM MDT   SUNSET   601 PM MDT


-  INDICATES NEGATIVE NUMBERS.
R  INDICATES RECORD WAS SET OR TIED.
MM INDICATES DATA IS MISSING.
T  INDICATES TRACE AMOUNT.




$$
