000
CDUS45 KCYS 272126
CLITOR


CLIMATE REPORT
NATIONAL WEATHER SERVICE CHEYENNE WY
326 PM MDT MON JUL 27 2015


...................................

...THE TORRINGTON WY AIRPORT CLIMATE SUMMARY FOR JULY 27 2015...
VALID AS OF 0300 PM LOCAL TIME.

CLIMATE NORMAL PERIOD 1981 TO 2010
CLIMATE RECORD PERIOD 1998 TO 2015


WEATHER ITEM   OBSERVED TIME   RECORD YEAR NORMAL DEPARTURE LAST
                VALUE   (LST)  VALUE       VALUE  FROM      YEAR
                                                  NORMAL
..................................................................
TEMPERATURE (F)
 TODAY
  MAXIMUM         94    150 PM 100    2012  91      3       86
                                      2008
  MINIMUM         59    517 AM  45    2005  59      0       59
  AVERAGE         77                        75      2       73

PRECIPITATION (IN)
  TODAY            0.00          1.47 2007   0.05  -0.05     0.00
  MONTH TO DATE    1.92                      1.56   0.36     1.19
  SINCE JAN 1     15.43                      9.45   5.98    11.30

DEGREE DAYS
 HEATING
  TODAY            0                         0      0        0
  MONTH TO DATE    8                         0      8        7
  SINCE JUN 1     11                        75    -64       85
  SINCE JUL 1      8                         0      8        7

 COOLING
  TODAY           12                        10      2        8
  MONTH TO DATE  203                       243    -40      235
  SINCE JUN 1    353                       359     -6      297
  SINCE JAN 1    353                       377    -24      313
..................................................................


WIND (MPH)
  HIGHEST WIND SPEED    18   HIGHEST WIND DIRECTION    SE (140)
  HIGHEST GUST SPEED    23   HIGHEST GUST DIRECTION    SE (140)
  AVERAGE WIND SPEED     8.5


SKY COVER
  AVERAGE SKY COVER 0.0


WEATHER CONDITIONS
 THE FOLLOWING WEATHER WAS RECORDED TODAY.
  NO SIGNIFICANT WEATHER WAS OBSERVED.


RELATIVE HUMIDITY (PERCENT)
 HIGHEST    97           600 AM
 LOWEST     26           100 PM
 AVERAGE    62

..........................................................


THE TORRINGTON WY AIRPORT CLIMATE NORMALS FOR TOMORROW
                         NORMAL    RECORD    YEAR
 MAXIMUM TEMPERATURE (F)   91       104      2006
 MINIMUM TEMPERATURE (F)   59        54      2005


SUNRISE AND SUNSET
JULY 27 2015..........SUNRISE   545 AM MDT   SUNSET   821 PM MDT
JULY 28 2015..........SUNRISE   546 AM MDT   SUNSET   820 PM MDT


-  INDICATES NEGATIVE NUMBERS.
R  INDICATES RECORD WAS SET OR TIED.
MM INDICATES DATA IS MISSING.
T  INDICATES TRACE AMOUNT.




$$
