253
CDUS45 KCYS 240728
CLITOR


CLIMATE REPORT
NATIONAL WEATHER SERVICE CHEYENNE WY
127 AM MDT SUN JUL 24 2016


...................................

...THE TORRINGTON WY AIRPORT CLIMATE SUMMARY FOR JULY 23 2016...

CLIMATE NORMAL PERIOD 1981 TO 2010
CLIMATE RECORD PERIOD 1998 TO 2016


WEATHER ITEM   OBSERVED TIME   RECORD YEAR NORMAL DEPARTURE LAST
                VALUE   (LST)  VALUE       VALUE  FROM      YEAR
                                                  NORMAL
..................................................................
TEMPERATURE (F)
 YESTERDAY
  MAXIMUM         97    344 PM 103    2005  91      6       95
  MINIMUM         60    527 AM  50    2004  59      1       56
  AVERAGE         79                        75      4       76

PRECIPITATION (IN)
  YESTERDAY        0.00          1.01 2004   0.08  -0.08     0.00
  MONTH TO DATE    0.14                      1.33  -1.19     1.92
  SINCE JAN 1      8.27                      9.22  -0.95    15.43

DEGREE DAYS
 HEATING
  YESTERDAY        0                         0      0        0
  MONTH TO DATE    0                         0      0        8
  SINCE JUN 1      7                        75    -68       11
  SINCE JUL 1      0                         0      0        8

 COOLING
  YESTERDAY       14                        10      4       11
  MONTH TO DATE  250                       203     47      159
  SINCE JUN 1    483                       319    164      309
  SINCE JAN 1    483                       337    146      309
..................................................................


WIND (MPH)
  HIGHEST WIND SPEED    22   HIGHEST WIND DIRECTION     E (80)
  HIGHEST GUST SPEED    29   HIGHEST GUST DIRECTION     E (90)
  AVERAGE WIND SPEED     9.2


SKY COVER
  AVERAGE SKY COVER 0.0


WEATHER CONDITIONS
 THE FOLLOWING WEATHER WAS RECORDED YESTERDAY.
  NO SIGNIFICANT WEATHER WAS OBSERVED.


RELATIVE HUMIDITY (PERCENT)
 HIGHEST    93           500 AM
 LOWEST     14           300 PM
 AVERAGE    54

..........................................................


THE TORRINGTON WY AIRPORT CLIMATE NORMALS FOR TODAY
                         NORMAL    RECORD    YEAR
 MAXIMUM TEMPERATURE (F)   91       105      2003
 MINIMUM TEMPERATURE (F)   59        50      2004


SUNRISE AND SUNSET
JULY 24 2016..........SUNRISE   543 AM MDT   SUNSET   823 PM MDT
JULY 25 2016..........SUNRISE   544 AM MDT   SUNSET   822 PM MDT


-  INDICATES NEGATIVE NUMBERS.
R  INDICATES RECORD WAS SET OR TIED.
MM INDICATES DATA IS MISSING.
T  INDICATES TRACE AMOUNT.




$$
