000
CDUS45 KCYS 202138
CLITOR


CLIMATE REPORT
NATIONAL WEATHER SERVICE CHEYENNE WY
337 PM MDT SUN APR 20 2014


...................................

...THE TORRINGTON WY AIRPORT CLIMATE SUMMARY FOR APRIL 20 2014...
VALID AS OF 0300 PM LOCAL TIME.

CLIMATE NORMAL PERIOD 1981 TO 2010
CLIMATE RECORD PERIOD 1998 TO 2014


WEATHER ITEM   OBSERVED TIME   RECORD YEAR NORMAL DEPARTURE LAST
                VALUE   (LST)  VALUE       VALUE  FROM      YEAR
                                                  NORMAL
..................................................................
TEMPERATURE (F)
 TODAY
  MAXIMUM         76    159 PM  78    2005  63     13       58
  MINIMUM         38    542 AM  25    2011  34      4       33
  AVERAGE         57                        48      9       46

PRECIPITATION (IN)
  TODAY            0.00          0.42 2005   0.07  -0.07     0.04
  MONTH TO DATE    0.46                      0.99  -0.53     1.47
  SINCE JAN 1      2.06                      2.34  -0.28     2.01

DEGREE DAYS
 HEATING
  TODAY            8                        17     -9       19
  MONTH TO DATE  390                       397     -7      569
  SINCE MAR 1   1241                      1237      4     1421
  SINCE JUL 1   6356                      6081    275     6034

 COOLING
  TODAY            0                         0      0        0
  MONTH TO DATE    0                         0      0        0
  SINCE MAR 1      0                         0      0        0
  SINCE JAN 1      0                         0      0        0
..................................................................


WIND (MPH)
  HIGHEST WIND SPEED    20   HIGHEST WIND DIRECTION    NW (330)
  HIGHEST GUST SPEED    27   HIGHEST GUST DIRECTION    NW (330)
  AVERAGE WIND SPEED     6.1


SKY COVER
  AVERAGE SKY COVER 0.0


WEATHER CONDITIONS
 THE FOLLOWING WEATHER WAS RECORDED TODAY.
  NO SIGNIFICANT WEATHER WAS OBSERVED.


RELATIVE HUMIDITY (PERCENT)
 HIGHEST    85           600 AM
 LOWEST     15           200 PM
 AVERAGE    50

..........................................................


THE TORRINGTON WY AIRPORT CLIMATE NORMALS FOR TOMORROW
                         NORMAL    RECORD    YEAR
 MAXIMUM TEMPERATURE (F)   63        75      2009
                                             2006
 MINIMUM TEMPERATURE (F)   34        25      2008


SUNRISE AND SUNSET
APRIL 20 2014.........SUNRISE   608 AM MDT   SUNSET   743 PM MDT
APRIL 21 2014.........SUNRISE   607 AM MDT   SUNSET   745 PM MDT


-  INDICATES NEGATIVE NUMBERS.
R  INDICATES RECORD WAS SET OR TIED.
MM INDICATES DATA IS MISSING.
T  INDICATES TRACE AMOUNT.




$$
