000
CDUS45 KLKN 030935
CLITPH


CLIMATE REPORT
NATIONAL WEATHER SERVICE ELKO NV
133 AM PST TUE MAR 3 2015


...................................

...THE TONOPAH AIRPORT NV CLIMATE SUMMARY FOR MARCH 2 2015...

CLIMATE NORMAL PERIOD 1981 TO 2010
CLIMATE RECORD PERIOD 1954 TO 2015


WEATHER ITEM   OBSERVED TIME   RECORD YEAR NORMAL DEPARTURE LAST
                VALUE   (LST)  VALUE       VALUE  FROM      YEAR
                                                  NORMAL
..................................................................
TEMPERATURE (F)
 YESTERDAY
  MAXIMUM         44    445 PM  67    1972  53     -9       45
  MINIMUM         30    756 AM   4    1971  27      3       30
  AVERAGE         37                        40     -3       38

PRECIPITATION (IN)
  YESTERDAY        0.20          0.42 1981   0.02   0.18     0.00
  MONTH TO DATE    0.25                      0.04   0.21      T
  SINCE OCT 1      0.91                      2.14  -1.23     1.12
  SINCE JAN 1      0.43                      1.05  -0.62     0.66

DEGREE DAYS
 HEATING
  YESTERDAY       28                        25      3       27
  MONTH TO DATE   59                        50      9       53
  SINCE MAR 1     59                        50      9       53
  SINCE JUL 1   3181                      4092   -911     3826

 COOLING
  YESTERDAY        0                         0      0        0
  MONTH TO DATE    0                         0      0        0
  SINCE MAR 1      0                         0      0        0
  SINCE JAN 1      0                         0      0        0
..................................................................


WIND (MPH)
  HIGHEST WIND SPEED    24   HIGHEST WIND DIRECTION    NW (330)
  HIGHEST GUST SPEED    29   HIGHEST GUST DIRECTION    NW (320)
  AVERAGE WIND SPEED     7.1



WEATHER CONDITIONS
 THE FOLLOWING WEATHER WAS RECORDED YESTERDAY.
  LIGHT SNOW
  FOG


RELATIVE HUMIDITY (PERCENT)
 HIGHEST    92           100 AM
 LOWEST     43           500 PM
 AVERAGE    68

..........................................................


THE TONOPAH AIRPORT NV CLIMATE NORMALS FOR TODAY
                         NORMAL    RECORD    YEAR
 MAXIMUM TEMPERATURE (F)   54        68      1994
 MINIMUM TEMPERATURE (F)   27        13      1971


SUNRISE AND SUNSET
MARCH  3 2015.........SUNRISE   617 AM PST   SUNSET   544 PM PST
MARCH  4 2015.........SUNRISE   616 AM PST   SUNSET   545 PM PST


-  INDICATES NEGATIVE NUMBERS.
R  INDICATES RECORD WAS SET OR TIED.
MM INDICATES DATA IS MISSING.
T  INDICATES TRACE AMOUNT.




$$
