000
CDUS45 KLKN 260041
CLITPH


CLIMATE REPORT
NATIONAL WEATHER SERVICE ELKO NV
438 PM PST SAT FEB 25 2017


...................................

...THE TONOPAH AIRPORT NV CLIMATE SUMMARY FOR FEBRUARY 25 2017...
VALID TODAY AS OF 0400 PM LOCAL TIME.

CLIMATE NORMAL PERIOD 1981 TO 2010
CLIMATE RECORD PERIOD 1954 TO 2017


WEATHER ITEM   OBSERVED TIME   RECORD YEAR NORMAL DEPARTURE LAST
                VALUE   (LST)  VALUE       VALUE  FROM      YEAR
                                                  NORMAL
..................................................................
TEMPERATURE (F)
 TODAY
  MAXIMUM         42    346 PM  75    1986  52    -10       65
  MINIMUM         18    649 AM  10    1956  26     -8       30
  AVERAGE         30                        39     -9       48

PRECIPITATION (IN)
  TODAY            0.00          0.13 2011   0.02  -0.02     0.00
  MONTH TO DATE    0.61                      0.46   0.15     0.10
  SINCE OCT 1      1.50                      2.04  -0.54     4.45
  SINCE JAN 1      0.97                      0.95   0.02     1.07

DEGREE DAYS
 HEATING
  TODAY           35                        26      9       17
  MONTH TO DATE  615                       713    -98      721
  SINCE DEC 1   2749                      2747      2     2793
  SINCE JUL 1   3766                      3964   -198     3867

 COOLING
  TODAY            0                         0      0        0
  MONTH TO DATE    0                         0      0        0
  SINCE DEC 1      0                         0      0        0
  SINCE JAN 1      0                         0      0        0
..................................................................


WIND (MPH)
  HIGHEST WIND SPEED    16   HIGHEST WIND DIRECTION    NW (320)
  HIGHEST GUST SPEED    22   HIGHEST GUST DIRECTION    NW (310)



WEATHER CONDITIONS
 THE FOLLOWING WEATHER WAS RECORDED TODAY.
  NO SIGNIFICANT WEATHER WAS OBSERVED.


RELATIVE HUMIDITY (PERCENT)
 HIGHEST    84           500 AM
 LOWEST     25           200 PM
 AVERAGE    55

..........................................................


THE TONOPAH AIRPORT NV CLIMATE NORMALS FOR TOMORROW
                         NORMAL    RECORD    YEAR
 MAXIMUM TEMPERATURE (F)   52        73      1986
 MINIMUM TEMPERATURE (F)   26         6      1962


SUNRISE AND SUNSET
FEBRUARY 25 2017......SUNRISE   625 AM PST   SUNSET   538 PM PST
FEBRUARY 26 2017......SUNRISE   624 AM PST   SUNSET   539 PM PST


-  INDICATES NEGATIVE NUMBERS.
R  INDICATES RECORD WAS SET OR TIED.
MM INDICATES DATA IS MISSING.
T  INDICATES TRACE AMOUNT.




$$
