000
CDUS45 KLKN 020928
CLITPH


CLIMATE REPORT
NATIONAL WEATHER SERVICE ELKO NV
226 AM PDT WED SEP 2 2015


...................................

...THE TONOPAH AIRPORT NV CLIMATE SUMMARY FOR SEPTEMBER 1 2015...

CLIMATE NORMAL PERIOD 1981 TO 2010
CLIMATE RECORD PERIOD 1954 TO 2015


WEATHER ITEM   OBSERVED TIME   RECORD YEAR NORMAL DEPARTURE LAST
                VALUE   (LST)  VALUE       VALUE  FROM      YEAR
                                                  NORMAL
..................................................................
TEMPERATURE (F)
 YESTERDAY
  MAXIMUM         88    250 PM  95    1955  86      2       91
  MINIMUM         53    550 AM  39    1999  52      1       56
  AVERAGE         71                        69      2       74

PRECIPITATION (IN)
  YESTERDAY        0.00          1.30 2013   0.02  -0.02     0.00
  MONTH TO DATE    0.00                      0.02  -0.02     0.00
  SINCE OCT 1      2.88                      4.88  -2.00     3.48
  SINCE JAN 1      2.40                      3.79  -1.39     3.02

DEGREE DAYS
 HEATING
  YESTERDAY        0                         1     -1        0
  MONTH TO DATE    0                         1     -1        0
  SINCE SEP 1      0                         1     -1        0
  SINCE JUL 1      0                         7     -7        0

 COOLING
  YESTERDAY        6                         5      1        9
  MONTH TO DATE    6                         5      1        9
  SINCE SEP 1      6                         5      1        9
  SINCE JAN 1    911                       718    193      872
..................................................................


WIND (MPH)
  HIGHEST WIND SPEED    25   HIGHEST WIND DIRECTION     S (190)
  HIGHEST GUST SPEED    35   HIGHEST GUST DIRECTION     S (190)
  AVERAGE WIND SPEED    11.6



WEATHER CONDITIONS
 THE FOLLOWING WEATHER WAS RECORDED YESTERDAY.
  NO SIGNIFICANT WEATHER WAS OBSERVED.


RELATIVE HUMIDITY (PERCENT)
 HIGHEST    32           400 AM
 LOWEST      8           300 PM
 AVERAGE    20

..........................................................


THE TONOPAH AIRPORT NV CLIMATE NORMALS FOR TODAY
                         NORMAL    RECORD    YEAR
 MAXIMUM TEMPERATURE (F)   86        96      1959
 MINIMUM TEMPERATURE (F)   52        38      1964


SUNRISE AND SUNSET
SEPTEMBER  2 2015.....SUNRISE   619 AM PDT   SUNSET   717 PM PDT
SEPTEMBER  3 2015.....SUNRISE   620 AM PDT   SUNSET   715 PM PDT


-  INDICATES NEGATIVE NUMBERS.
R  INDICATES RECORD WAS SET OR TIED.
MM INDICATES DATA IS MISSING.
T  INDICATES TRACE AMOUNT.




$$
