000
CDUS45 KLKN 300029
CLITPH


CLIMATE REPORT
NATIONAL WEATHER SERVICE ELKO NV
528 PM PDT MON JUN 29 2015


...................................

...THE TONOPAH AIRPORT NV CLIMATE SUMMARY FOR JUNE 29 2015...
VALID TODAY AS OF 500 PM LOCAL TIME.

CLIMATE NORMAL PERIOD 1981 TO 2010
CLIMATE RECORD PERIOD 1954 TO 2015


WEATHER ITEM   OBSERVED TIME   RECORD YEAR NORMAL DEPARTURE LAST
                VALUE   (LST)  VALUE       VALUE  FROM      YEAR
                                                  NORMAL
..................................................................
TEMPERATURE (F)
 TODAY
  MAXIMUM         98    224 PM 102    2013  89      9       97
  MINIMUM         67    356 AM  37    1963  55     12       59
  AVERAGE         83                        72     11       78

PRECIPITATION (IN)
  TODAY            0.00          0.16 1987   0.01  -0.01     0.00
  MONTH TO DATE    0.18                      0.28  -0.10      T
  SINCE OCT 1      2.47                      3.90  -1.43     1.38
  SINCE JAN 1      1.99                      2.81  -0.82     0.92

DEGREE DAYS
 HEATING
  TODAY            0                         0      0        0
  MONTH TO DATE    6                        48    -42       15
  SINCE JUN 1      6                        48    -42       15
  SINCE JUL 1   4255                      5459  -1204     4951

 COOLING
  TODAY           18                         8     10       13
  MONTH TO DATE  274                       137    137      200
  SINCE JUN 1    274                       137    137      200
  SINCE JAN 1    297                       164    133      234
..................................................................


WIND (MPH)
  HIGHEST WIND SPEED    20   HIGHEST WIND DIRECTION     S (190)
  HIGHEST GUST SPEED    24   HIGHEST GUST DIRECTION     S (200)



WEATHER CONDITIONS
 THE FOLLOWING WEATHER WAS RECORDED TODAY.
  NO SIGNIFICANT WEATHER WAS OBSERVED.


RELATIVE HUMIDITY (PERCENT)
 HIGHEST    34           400 AM
 LOWEST     14          1200 PM
 AVERAGE    24

..........................................................


THE TONOPAH AIRPORT NV CLIMATE NORMALS FOR TOMORROW
                         NORMAL    RECORD    YEAR
 MAXIMUM TEMPERATURE (F)   90       103      2013
 MINIMUM TEMPERATURE (F)   56        42      1989
                                             1968


SUNRISE AND SUNSET
JUNE 29 2015..........SUNRISE   528 AM PDT   SUNSET   815 PM PDT
JUNE 30 2015..........SUNRISE   529 AM PDT   SUNSET   815 PM PDT


-  INDICATES NEGATIVE NUMBERS.
R  INDICATES RECORD WAS SET OR TIED.
MM INDICATES DATA IS MISSING.
T  INDICATES TRACE AMOUNT.




$$
