000
CDUS45 KLKN 210036
CLITPH


CLIMATE REPORT
NATIONAL WEATHER SERVICE ELKO NV
530 PM PDT FRI OCT 20 2017


...................................

...THE TONOPAH AIRPORT NV CLIMATE SUMMARY FOR OCTOBER 20 2017...
VALID TODAY AS OF 0500 PM LOCAL TIME.

CLIMATE NORMAL PERIOD 1981 TO 2010
CLIMATE RECORD PERIOD 1954 TO 2017


WEATHER ITEM   OBSERVED TIME   RECORD YEAR NORMAL DEPARTURE LAST
                VALUE   (LST)  VALUE       VALUE  FROM      YEAR
                                                  NORMAL
..................................................................
TEMPERATURE (F)
 TODAY
  MAXIMUM         56    211 PM  80    2003  67    -11       71
  MINIMUM         39    604 AM  19    1996  36      3       34
  AVERAGE         48                        51     -3       53

PRECIPITATION (IN)
  TODAY            0.00          0.74 1957   0.01  -0.01     0.00
  MONTH TO DATE    0.00                      0.21  -0.21     0.00
  SINCE OCT 1      0.00                      0.21  -0.21     0.00
  SINCE JAN 1      3.51                      4.36  -0.85     3.57

DEGREE DAYS
 HEATING
  TODAY           17                        14      3       12
  MONTH TO DATE  257                       203     54      200
  SINCE SEP 1    389                       288    101      269
  SINCE JUL 1    389                       294     95      269

 COOLING
  TODAY            0                         0      0        0
  MONTH TO DATE    0                         0      0        0
  SINCE SEP 1    117                        68     49       59
  SINCE JAN 1   1222                       781    441     1022
..................................................................


WIND (MPH)
  HIGHEST WIND SPEED    37   HIGHEST WIND DIRECTION     N (340)
  HIGHEST GUST SPEED    49   HIGHEST GUST DIRECTION     N (340)



WEATHER CONDITIONS
 THE FOLLOWING WEATHER WAS RECORDED TODAY.
  HAZE


RELATIVE HUMIDITY (PERCENT)
 HIGHEST    58           700 AM
 LOWEST     12           100 PM
 AVERAGE    35

..........................................................


THE TONOPAH AIRPORT NV CLIMATE NORMALS FOR TOMORROW
                         NORMAL    RECORD    YEAR
 MAXIMUM TEMPERATURE (F)   66        83      2003
 MINIMUM TEMPERATURE (F)   36        18      1996


SUNRISE AND SUNSET
OCTOBER 20 2017.......SUNRISE   702 AM PDT   SUNSET   603 PM PDT
OCTOBER 21 2017.......SUNRISE   703 AM PDT   SUNSET   602 PM PDT


-  INDICATES NEGATIVE NUMBERS.
R  INDICATES RECORD WAS SET OR TIED.
MM INDICATES DATA IS MISSING.
T  INDICATES TRACE AMOUNT.




$$
