000
CDUS45 KLKN 180930
CLITPH


CLIMATE REPORT
NATIONAL WEATHER SERVICE ELKO NV
226 AM PDT THU SEP 18 2014


...................................

...THE TONOPAH AIRPORT NV CLIMATE SUMMARY FOR SEPTEMBER 17 2014...

CLIMATE NORMAL PERIOD 1981 TO 2010
CLIMATE RECORD PERIOD 1954 TO 2014


WEATHER ITEM   OBSERVED TIME   RECORD YEAR NORMAL DEPARTURE LAST
                VALUE   (LST)  VALUE       VALUE  FROM      YEAR
                                                  NORMAL
..................................................................
TEMPERATURE (F)
 YESTERDAY
  MAXIMUM         89R   209 PM  89    2000  80      9       85
                                      1983
  MINIMUM         58    520 AM  28    1965  48     10       54
  AVERAGE         74                        64     10       70

PRECIPITATION (IN)
  YESTERDAY        0.00          0.28 1989   0.01  -0.01     0.00
  MONTH TO DATE    0.18                      0.22  -0.04     1.38
  SINCE OCT 1      3.66                      5.08  -1.42     5.25
  SINCE JAN 1      3.20                      3.99  -0.79     4.03

DEGREE DAYS
 HEATING
  YESTERDAY        0                         3     -3        0
  MONTH TO DATE    0                        27    -27        0
  SINCE SEP 1      0                        27    -27        0
  SINCE JUL 1      0                        33    -33        0

 COOLING
  YESTERDAY        9                         2      7        5
  MONTH TO DATE  113                        56     57      121
  SINCE SEP 1    113                        56     57      121
  SINCE JAN 1    976                       769    207     1042
..................................................................


WIND (MPH)
  HIGHEST WIND SPEED    24   HIGHEST WIND DIRECTION    SW (210)
  HIGHEST GUST SPEED    32   HIGHEST GUST DIRECTION     S (180)
  AVERAGE WIND SPEED     9.4



WEATHER CONDITIONS
 THE FOLLOWING WEATHER WAS RECORDED YESTERDAY.
  NO SIGNIFICANT WEATHER WAS OBSERVED.


RELATIVE HUMIDITY (PERCENT)
 HIGHEST    69           500 AM
 LOWEST     22           100 PM
 AVERAGE    46

..........................................................


THE TONOPAH AIRPORT NV CLIMATE NORMALS FOR TODAY
                         NORMAL    RECORD    YEAR
 MAXIMUM TEMPERATURE (F)   80        90      1991
 MINIMUM TEMPERATURE (F)   48        28      1978


SUNRISE AND SUNSET
SEPTEMBER 18 2014.....SUNRISE   633 AM PDT   SUNSET   651 PM PDT
SEPTEMBER 19 2014.....SUNRISE   634 AM PDT   SUNSET   650 PM PDT


-  INDICATES NEGATIVE NUMBERS.
R  INDICATES RECORD WAS SET OR TIED.
MM INDICATES DATA IS MISSING.
T  INDICATES TRACE AMOUNT.




$$
