000
CDUS45 KLKN 230926
CLITPH


CLIMATE REPORT
NATIONAL WEATHER SERVICE ELKO NV
226 AM PDT TUE MAY 23 2017


...................................

...THE TONOPAH AIRPORT NV CLIMATE SUMMARY FOR MAY 22 2017...

CLIMATE NORMAL PERIOD 1981 TO 2010
CLIMATE RECORD PERIOD 1954 TO 2017


WEATHER ITEM   OBSERVED TIME   RECORD YEAR NORMAL DEPARTURE LAST
                VALUE   (LST)  VALUE       VALUE  FROM      YEAR
                                                  NORMAL
..................................................................
TEMPERATURE (F)
 YESTERDAY
  MAXIMUM         83    427 PM  92    2000  76      7       64
                                      1967
  MINIMUM         51    458 AM  31    2002  45      6       37
                                      1960
  AVERAGE         67                        61      6       51

PRECIPITATION (IN)
  YESTERDAY        0.00          0.45 1957   0.02  -0.02     0.02
  MONTH TO DATE    0.79                      0.36   0.43     0.17
  SINCE OCT 1      2.78                      3.45  -0.67     5.40
  SINCE JAN 1      2.25                      2.36  -0.11     2.02

DEGREE DAYS
 HEATING
  YESTERDAY        0                         6     -6       14
  MONTH TO DATE  157                       179    -22      180
  SINCE MAR 1   1110                      1330   -220     1159
  SINCE JUL 1   4975                      5372   -397     5086

 COOLING
  YESTERDAY        2                         1      1        0
  MONTH TO DATE    6                         9     -3        1
  SINCE MAR 1      6                        10     -4        1
  SINCE JAN 1      6                        10     -4        1
..................................................................


WIND (MPH)
  HIGHEST WIND SPEED    18   HIGHEST WIND DIRECTION     N (10)
  HIGHEST GUST SPEED    22   HIGHEST GUST DIRECTION     N (10)
  AVERAGE WIND SPEED     9.1



WEATHER CONDITIONS
 THE FOLLOWING WEATHER WAS RECORDED YESTERDAY.
  NO SIGNIFICANT WEATHER WAS OBSERVED.


RELATIVE HUMIDITY (PERCENT)
 HIGHEST    44           400 AM
 LOWEST     12           400 PM
 AVERAGE    28

..........................................................


THE TONOPAH AIRPORT NV CLIMATE NORMALS FOR TODAY
                         NORMAL    RECORD    YEAR
 MAXIMUM TEMPERATURE (F)   77        93      1984
 MINIMUM TEMPERATURE (F)   45        31      2010


SUNRISE AND SUNSET
MAY 23 2017...........SUNRISE   532 AM PDT   SUNSET   759 PM PDT
MAY 24 2017...........SUNRISE   531 AM PDT   SUNSET   800 PM PDT


-  INDICATES NEGATIVE NUMBERS.
R  INDICATES RECORD WAS SET OR TIED.
MM INDICATES DATA IS MISSING.
T  INDICATES TRACE AMOUNT.




$$
