000
CDUS45 KLKN 040932
CLITPH


CLIMATE REPORT
NATIONAL WEATHER SERVICE ELKO NV
232 AM PDT WED MAY 4 2016


...................................

...THE TONOPAH AIRPORT NV CLIMATE SUMMARY FOR MAY 3 2016...

CLIMATE NORMAL PERIOD 1981 TO 2010
CLIMATE RECORD PERIOD 1954 TO 2016


WEATHER ITEM   OBSERVED TIME   RECORD YEAR NORMAL DEPARTURE LAST
                VALUE   (LST)  VALUE       VALUE  FROM      YEAR
                                                  NORMAL
..................................................................
TEMPERATURE (F)
 YESTERDAY
  MAXIMUM         73    244 PM  87    2004  70      3       79
  MINIMUM         39    447 AM  19    1964  40     -1       45
  AVERAGE         56                        55      1       62

PRECIPITATION (IN)
  YESTERDAY        0.00          0.27 1969   0.01  -0.01     0.00
  MONTH TO DATE    T                         0.04  -0.04     0.00
  SINCE OCT 1      5.23                      3.13   2.10     1.05
  SINCE JAN 1      1.85                      2.04  -0.19     0.57

DEGREE DAYS
 HEATING
  YESTERDAY        9                        10     -1        3
  MONTH TO DATE   35                        32      3        6
  SINCE MAR 1   1014                      1183   -169      892
  SINCE JUL 1   4941                      5225   -284     4014

 COOLING
  YESTERDAY        0                         0      0        0
  MONTH TO DATE    0                         0      0        0
  SINCE MAR 1      0                         1     -1        0
  SINCE JAN 1      0                         1     -1        0
..................................................................


WIND (MPH)
  HIGHEST WIND SPEED    22   HIGHEST WIND DIRECTION    SE (150)
  HIGHEST GUST SPEED    30   HIGHEST GUST DIRECTION     S (170)
  AVERAGE WIND SPEED     9.7



WEATHER CONDITIONS
 THE FOLLOWING WEATHER WAS RECORDED YESTERDAY.
  NO SIGNIFICANT WEATHER WAS OBSERVED.


RELATIVE HUMIDITY (PERCENT)
 HIGHEST    70           100 AM
 LOWEST     18           100 PM
 AVERAGE    44

..........................................................


THE TONOPAH AIRPORT NV CLIMATE NORMALS FOR TODAY
                         NORMAL    RECORD    YEAR
 MAXIMUM TEMPERATURE (F)   70        87      2004
 MINIMUM TEMPERATURE (F)   40        27      1965
                                             1964


SUNRISE AND SUNSET
MAY  4 2016...........SUNRISE   548 AM PDT   SUNSET   743 PM PDT
MAY  5 2016...........SUNRISE   547 AM PDT   SUNSET   744 PM PDT


-  INDICATES NEGATIVE NUMBERS.
R  INDICATES RECORD WAS SET OR TIED.
MM INDICATES DATA IS MISSING.
T  INDICATES TRACE AMOUNT.




$$
