000
CDUS45 KLKN 220932
CLITPH


CLIMATE REPORT
NATIONAL WEATHER SERVICE ELKO NV
129 AM PST MON DEC 22 2014


...................................

...THE TONOPAH AIRPORT NV CLIMATE SUMMARY FOR DECEMBER 21 2014...

CLIMATE NORMAL PERIOD 1981 TO 2010
CLIMATE RECORD PERIOD 1954 TO 2014


WEATHER ITEM   OBSERVED TIME   RECORD YEAR NORMAL DEPARTURE LAST
                VALUE   (LST)  VALUE       VALUE  FROM      YEAR
                                                  NORMAL
..................................................................
TEMPERATURE (F)
 YESTERDAY
  MAXIMUM         57R   246 PM  57    1969  44     13       46
  MINIMUM         28    527 AM -13    1967  19      9       29
  AVERAGE         43                        31     12       38

PRECIPITATION (IN)
  YESTERDAY        0.00          0.09 1988   0.00   0.00     0.00
  MONTH TO DATE    0.33                      0.20   0.13     0.04
  SINCE OCT 1      0.46                      0.98  -0.52     0.46
  SINCE JAN 1      4.17                      5.13  -0.96     4.49

DEGREE DAYS
 HEATING
  YESTERDAY       22                        34    -12       27
  MONTH TO DATE  552                       690   -138      773
  SINCE DEC 1    552                       690   -138      773
  SINCE JUL 1   1465                      1907   -442     2000

 COOLING
  YESTERDAY        0                         0      0        0
  MONTH TO DATE    0                         0      0        0
  SINCE DEC 1      0                         0      0        0
  SINCE JAN 1   1004                       783    221     1042
..................................................................


WIND (MPH)
  HIGHEST WIND SPEED    32   HIGHEST WIND DIRECTION    NW (320)
  HIGHEST GUST SPEED    46   HIGHEST GUST DIRECTION    NW (320)
  AVERAGE WIND SPEED    13.9



WEATHER CONDITIONS
 THE FOLLOWING WEATHER WAS RECORDED YESTERDAY.
  NO SIGNIFICANT WEATHER WAS OBSERVED.


RELATIVE HUMIDITY (PERCENT)
 HIGHEST    92           200 AM
 LOWEST     43           100 PM
 AVERAGE    68

..........................................................


THE TONOPAH AIRPORT NV CLIMATE NORMALS FOR TODAY
                         NORMAL    RECORD    YEAR
 MAXIMUM TEMPERATURE (F)   44        56      1954
 MINIMUM TEMPERATURE (F)   19       -10      1990


SUNRISE AND SUNSET
DECEMBER 22 2014......SUNRISE   701 AM PST   SUNSET   433 PM PST
DECEMBER 23 2014......SUNRISE   702 AM PST   SUNSET   433 PM PST


-  INDICATES NEGATIVE NUMBERS.
R  INDICATES RECORD WAS SET OR TIED.
MM INDICATES DATA IS MISSING.
T  INDICATES TRACE AMOUNT.




$$
