000
CDUS45 KLKN 290928
CLITPH


CLIMATE REPORT
NATIONAL WEATHER SERVICE ELKO NV
228 AM PDT FRI MAY 29 2015


...................................

...THE TONOPAH AIRPORT NV CLIMATE SUMMARY FOR MAY 28 2015...

CLIMATE NORMAL PERIOD 1981 TO 2010
CLIMATE RECORD PERIOD 1954 TO 2015


WEATHER ITEM   OBSERVED TIME   RECORD YEAR NORMAL DEPARTURE LAST
                VALUE   (LST)  VALUE       VALUE  FROM      YEAR
                                                  NORMAL
..................................................................
TEMPERATURE (F)
 YESTERDAY
  MAXIMUM         83    349 PM  96    2003  78      5       87
  MINIMUM         52    500 AM  30    1971  46      6       52
  AVERAGE         68                        62      6       70

PRECIPITATION (IN)
  YESTERDAY        0.00          0.93 1990   0.02  -0.02     0.00
  MONTH TO DATE    1.24                      0.48   0.76     0.05
  SINCE OCT 1      2.29                      3.57  -1.28     1.38
  SINCE JAN 1      1.81                      2.48  -0.67     0.92

DEGREE DAYS
 HEATING
  YESTERDAY        0                         4     -4        0
  MONTH TO DATE  241                       208     33      169
  SINCE MAR 1   1127                      1359   -232     1163
  SINCE JUL 1   4249                      5401  -1152     4936

 COOLING
  YESTERDAY        3                         2      1        5
  MONTH TO DATE    5                        18    -13       30
  SINCE MAR 1      5                        19    -14       30
  SINCE JAN 1      5                        19    -14       30
..................................................................


WIND (MPH)
  HIGHEST WIND SPEED    16   HIGHEST WIND DIRECTION     N (10)
  HIGHEST GUST SPEED    27   HIGHEST GUST DIRECTION     W (280)
  AVERAGE WIND SPEED     8.0



WEATHER CONDITIONS
 THE FOLLOWING WEATHER WAS RECORDED YESTERDAY.
  NO SIGNIFICANT WEATHER WAS OBSERVED.


RELATIVE HUMIDITY (PERCENT)
 HIGHEST    50           500 AM
 LOWEST     10           400 PM
 AVERAGE    30

..........................................................


THE TONOPAH AIRPORT NV CLIMATE NORMALS FOR TODAY
                         NORMAL    RECORD    YEAR
 MAXIMUM TEMPERATURE (F)   79        94      2003
                                             2000
 MINIMUM TEMPERATURE (F)   47        32      2011


SUNRISE AND SUNSET
MAY 29 2015...........SUNRISE   529 AM PDT   SUNSET   803 PM PDT
MAY 30 2015...........SUNRISE   528 AM PDT   SUNSET   804 PM PDT


-  INDICATES NEGATIVE NUMBERS.
R  INDICATES RECORD WAS SET OR TIED.
MM INDICATES DATA IS MISSING.
T  INDICATES TRACE AMOUNT.




$$
