000
CDUS44 KMRX 292124
CLITRI


CLIMATE REPORT
NATIONAL WEATHER SERVICE MORRISTOWN TN
524 PM EDT SAT APR 29 2017


...................................

...THE TRI-CITIES      ASOS CLIMATE SUMMARY FOR APRIL 29 2017...
VALID TODAY AS OF 0500 PM LOCAL TIME.

CLIMATE NORMAL PERIOD 1981 TO 2010
CLIMATE RECORD PERIOD 1934 TO 2017


WEATHER ITEM   OBSERVED TIME   RECORD YEAR NORMAL DEPARTURE LAST
                VALUE   (LST)  VALUE       VALUE  FROM      YEAR
                                                  NORMAL
..................................................................
TEMPERATURE (F)
 TODAY
  MAXIMUM         90R   242 PM  86    1996  72     18       79
  MINIMUM         58    607 AM  30    1967  46     12       51
  AVERAGE         74                        59     15       65

PRECIPITATION (IN)
  TODAY            T             1.25 2005   0.12  -0.12     0.00
  MONTH TO DATE    5.16                      3.22   1.94     2.98
  SINCE MAR 1      9.73                      6.66   3.07     3.92
  SINCE JAN 1     14.41                     13.48   0.93    11.32

SNOWFALL (IN)
  TODAY            0.0                       0.0    0.0      0.0
  MONTH TO DATE    0.0                       1.1   -1.1      0.0
  SINCE MAR 1      0.3                       2.5   -2.2       T
  SINCE JUL 1      4.3                      13.3   -9.0     18.4
  SNOW DEPTH       0

DEGREE DAYS
 HEATING
  TODAY            0                         7     -7        0
  MONTH TO DATE  138                       298   -160      245
  SINCE MAR 1    665                       866   -201      634
  SINCE JUL 1   3232                      4248  -1016     3454

 COOLING
  TODAY            9                         1      8        0
  MONTH TO DATE   24                         8     16       17
  SINCE MAR 1     24                         9     15       23
  SINCE JAN 1     24                         9     15       23
..................................................................


WIND (MPH)
  HIGHEST WIND SPEED    12   HIGHEST WIND DIRECTION     W (260)
  HIGHEST GUST SPEED    15   HIGHEST GUST DIRECTION     W (260)
  AVERAGE WIND SPEED     2.5


SKY COVER
  POSSIBLE SUNSHINE  MM
  AVERAGE SKY COVER 0.5


WEATHER CONDITIONS
 THE FOLLOWING WEATHER WAS RECORDED TODAY.
  LIGHT RAIN
  FOG
  HAZE


RELATIVE HUMIDITY (PERCENT)
 HIGHEST    97           200 AM
 LOWEST     43           300 PM
 AVERAGE    70

..........................................................


THE TRI-CITIES      ASOS CLIMATE NORMALS FOR TOMORROW
                         NORMAL    RECORD    YEAR
 MAXIMUM TEMPERATURE (F)   72        89      1942
 MINIMUM TEMPERATURE (F)   47        30      2008


SUNRISE AND SUNSET
APRIL 29 2017.........SUNRISE   638 AM EDT   SUNSET   816 PM EDT
APRIL 30 2017.........SUNRISE   637 AM EDT   SUNSET   817 PM EDT


-  INDICATES NEGATIVE NUMBERS.
R  INDICATES RECORD WAS SET OR TIED.
MM INDICATES DATA IS MISSING.
T  INDICATES TRACE AMOUNT.




$$
