000
CDUS44 KMRX 072218
CLITRI


CLIMATE REPORT
NATIONAL WEATHER SERVICE MORRISTOWN TN
518 PM EST WED DEC 7 2016


...................................

...THE TRI-CITIES      ASOS CLIMATE SUMMARY FOR DECEMBER 7 2016...
VALID TODAY AS OF 0500 PM LOCAL TIME.

CLIMATE NORMAL PERIOD 1981 TO 2010
CLIMATE RECORD PERIOD 1934 TO 2016


WEATHER ITEM   OBSERVED TIME   RECORD YEAR NORMAL DEPARTURE LAST
                VALUE   (LST)  VALUE       VALUE  FROM      YEAR
                                                  NORMAL
..................................................................
TEMPERATURE (F)
 TODAY
  MAXIMUM         54    238 PM  78    1951  50      4       51
  MINIMUM         35    750 AM   4    1977  29      6       33
  AVERAGE         45                        40      5       42

PRECIPITATION (IN)
  TODAY            0.00          1.46 2011   0.11  -0.11      T
  MONTH TO DATE    1.74                      0.80   0.94     1.49
  SINCE DEC 1      1.74                      0.80   0.94     1.49
  SINCE JAN 1     32.26                     38.44  -6.18    40.79

SNOWFALL (IN)
  TODAY            0.0                       0.1   -0.1      0.0
  MONTH TO DATE    0.0                       0.4   -0.4      0.0
  SINCE DEC 1      0.0                       0.4   -0.4      0.0
  SINCE JUL 1      0.0                       0.7   -0.7      0.0
  SNOW DEPTH       0

DEGREE DAYS
 HEATING
  TODAY           20                        25     -5       23
  MONTH TO DATE  155                       172    -17      147
  SINCE DEC 1    155                       172    -17      147
  SINCE JUL 1    774                      1058   -284      790

 COOLING
  TODAY            0                         0      0        0
  MONTH TO DATE    0                         0      0        0
  SINCE DEC 1      0                         0      0        0
  SINCE JAN 1   1492                       981    511     1313
..................................................................


WIND (MPH)
  HIGHEST WIND SPEED    12   HIGHEST WIND DIRECTION    NW (310)
  HIGHEST GUST SPEED    14   HIGHEST GUST DIRECTION    NW (310)
  AVERAGE WIND SPEED     4.6


SKY COVER
  POSSIBLE SUNSHINE  MM
  AVERAGE SKY COVER 0.4


WEATHER CONDITIONS
 THE FOLLOWING WEATHER WAS RECORDED TODAY.
  FOG


RELATIVE HUMIDITY (PERCENT)
 HIGHEST   100           100 AM
 LOWEST     46           300 PM
 AVERAGE    73

..........................................................


THE TRI-CITIES      ASOS CLIMATE NORMALS FOR TOMORROW
                         NORMAL    RECORD    YEAR
 MAXIMUM TEMPERATURE (F)   50        77      1978
 MINIMUM TEMPERATURE (F)   29        10      2006


SUNRISE AND SUNSET
DECEMBER  7 2016......SUNRISE   729 AM EST   SUNSET   514 PM EST
DECEMBER  8 2016......SUNRISE   729 AM EST   SUNSET   514 PM EST


-  INDICATES NEGATIVE NUMBERS.
R  INDICATES RECORD WAS SET OR TIED.
MM INDICATES DATA IS MISSING.
T  INDICATES TRACE AMOUNT.




$$
