000
CDUS44 KMRX 262115
CLITRI


CLIMATE REPORT
NATIONAL WEATHER SERVICE MORRISTOWN TN
515 PM EDT MON SEP 26 2016


...................................

...THE TRI-CITIES      ASOS CLIMATE SUMMARY FOR SEPTEMBER 26 2016...
VALID TODAY AS OF 0500 PM LOCAL TIME.

CLIMATE NORMAL PERIOD 1981 TO 2010
CLIMATE RECORD PERIOD 1934 TO 2016


WEATHER ITEM   OBSERVED TIME   RECORD YEAR NORMAL DEPARTURE LAST
                VALUE   (LST)  VALUE       VALUE  FROM      YEAR
                                                  NORMAL
..................................................................
TEMPERATURE (F)
 TODAY
  MAXIMUM         86    319 PM  89    1998  76     10       75
                                      1970
  MINIMUM         62    614 AM  36    2001  51     11       60
  AVERAGE         74                        63     11       68

PRECIPITATION (IN)
  TODAY            0.11          2.06 2009   0.09   0.02     0.03
  MONTH TO DATE    2.08                      2.64  -0.56     1.86
  SINCE SEP 1      2.08                      2.64  -0.56     1.86
  SINCE JAN 1     26.24                     32.09  -5.85    31.02

SNOWFALL (IN)
  TODAY            0.0                       0.0    0.0      0.0
  MONTH TO DATE    0.0                       0.0    0.0      0.0
  SINCE SEP 1      0.0                       0.0    0.0      0.0
  SINCE JUL 1      0.0                       0.0    0.0      0.0
  SNOW DEPTH       0

DEGREE DAYS
 HEATING
  TODAY            0                         4     -4        0
  MONTH TO DATE    0                        33    -33       19
  SINCE SEP 1      0                        33    -33       19
  SINCE JUL 1      0                        34    -34       19

 COOLING
  TODAY            9                         2      7        3
  MONTH TO DATE  232                       110    122      144
  SINCE SEP 1    232                       110    122      144
  SINCE JAN 1   1465                       962    503     1278
..................................................................


WIND (MPH)
  HIGHEST WIND SPEED    21   HIGHEST WIND DIRECTION     W (290)
  HIGHEST GUST SPEED    30   HIGHEST GUST DIRECTION     W (290)
  AVERAGE WIND SPEED     3.8


SKY COVER
  POSSIBLE SUNSHINE  MM
  AVERAGE SKY COVER 0.4


WEATHER CONDITIONS
 THE FOLLOWING WEATHER WAS RECORDED TODAY.
  THUNDERSTORM
  HEAVY RAIN
  RAIN
  FOG


RELATIVE HUMIDITY (PERCENT)
 HIGHEST   100           300 AM
 LOWEST     51           100 PM
 AVERAGE    76

..........................................................


THE TRI-CITIES      ASOS CLIMATE NORMALS FOR TOMORROW
                         NORMAL    RECORD    YEAR
 MAXIMUM TEMPERATURE (F)   75        89      1998
 MINIMUM TEMPERATURE (F)   51        37      2001
                                             1940


SUNRISE AND SUNSET
SEPTEMBER 26 2016.....SUNRISE   721 AM EDT   SUNSET   720 PM EDT
SEPTEMBER 27 2016.....SUNRISE   722 AM EDT   SUNSET   718 PM EDT


-  INDICATES NEGATIVE NUMBERS.
R  INDICATES RECORD WAS SET OR TIED.
MM INDICATES DATA IS MISSING.
T  INDICATES TRACE AMOUNT.




$$
