000
CDUS44 KMRX 300924
CLITRI


CLIMATE REPORT
NATIONAL WEATHER SERVICE MORRISTOWN TN
524 AM EDT MON MAY 30 2016


...................................

...THE TRI-CITIES      ASOS CLIMATE SUMMARY FOR MAY 29 2016...

CLIMATE NORMAL PERIOD 1981 TO 2010
CLIMATE RECORD PERIOD 1934 TO 2016


WEATHER ITEM   OBSERVED TIME   RECORD YEAR NORMAL DEPARTURE LAST
                VALUE   (LST)  VALUE       VALUE  FROM      YEAR
                                                  NORMAL
..................................................................
TEMPERATURE (F)
 YESTERDAY
  MAXIMUM         81    251 PM  92    1941  79      2       86
  MINIMUM         60   1159 PM  44    2005  55      5       62
                                      1949
  AVERAGE         71                        67      4       74

PRECIPITATION (IN)
  YESTERDAY        0.00          1.24 1976   0.13  -0.13     0.01
  MONTH TO DATE    3.97                      3.54   0.43     0.70
  SINCE MAR 1      8.50                     10.31  -1.81     9.58
  SINCE JAN 1     15.90                     17.13  -1.23    14.91

SNOWFALL (IN)
  YESTERDAY        0.0                       0.0    0.0      0.0
  MONTH TO DATE    0.0                       0.0    0.0      0.0
  SINCE MAR 1      T                         2.5   -2.5       T
  SINCE JUL 1     18.4                      13.3    5.1     15.5
  SNOW DEPTH       0

DEGREE DAYS
 HEATING
  YESTERDAY        0                         1     -1        0
  MONTH TO DATE   91                       106    -15       41
  SINCE MAR 1    725                       978   -253      749
  SINCE JUL 1   3545                      4360   -815     4376

 COOLING
  YESTERDAY        6                         4      2        9
  MONTH TO DATE   55                        56     -1      138
  SINCE MAR 1     81                        67     14      148
  SINCE JAN 1     81                        67     14      148
..................................................................


WIND (MPH)
  HIGHEST WIND SPEED     7   HIGHEST WIND DIRECTION    NW (330)
  HIGHEST GUST SPEED    14   HIGHEST GUST DIRECTION     W (290)
  AVERAGE WIND SPEED     1.3


SKY COVER
  POSSIBLE SUNSHINE  MM
  AVERAGE SKY COVER 0.7


WEATHER CONDITIONS
 THE FOLLOWING WEATHER WAS RECORDED YESTERDAY.
  NO SIGNIFICANT WEATHER WAS OBSERVED.


RELATIVE HUMIDITY (PERCENT)
 HIGHEST    90          1100 PM
 LOWEST     45           200 PM
 AVERAGE    68

..........................................................


THE TRI-CITIES      ASOS CLIMATE NORMALS FOR TODAY
                         NORMAL    RECORD    YEAR
 MAXIMUM TEMPERATURE (F)   79        93      2011
 MINIMUM TEMPERATURE (F)   55        39      1984


SUNRISE AND SUNSET
MAY 30 2016...........SUNRISE   613 AM EDT   SUNSET   841 PM EDT
MAY 31 2016...........SUNRISE   613 AM EDT   SUNSET   842 PM EDT


-  INDICATES NEGATIVE NUMBERS.
R  INDICATES RECORD WAS SET OR TIED.
MM INDICATES DATA IS MISSING.
T  INDICATES TRACE AMOUNT.




$$
