000
CDUS44 KMRX 242231
CLITRI

CLIMATE REPORT
NATIONAL WEATHER SERVICE MORRISTOWN TN
524 PM EST WED DEC 24 2014


...................................

...THE TRI-CITIES CLIMATE SUMMARY FOR DECEMBER 24 2014...
VALID TODAY AS OF 500 PM LOCAL TIME.

CLIMATE NORMAL PERIOD 1981 TO 2010
CLIMATE RECORD PERIOD 1934 TO 2014


WEATHER ITEM   OBSERVED TIME   RECORD YEAR NORMAL DEPARTURE LAST
                VALUE   (LST)  VALUE       VALUE  FROM      YEAR
                                                  NORMAL
..................................................................
TEMPERATURE (F)
 TODAY
  MAXIMUM         65    359 PM  72    1964  46     19       35
  MINIMUM         52    826 AM  -3    1989  26     26       20
                                      1983
  AVERAGE         59                        36     23       28

PRECIPITATION (IN)
  TODAY            0.46          0.90 1986   0.11   0.35     0.00
  MONTH TO DATE    2.34                      2.65  -0.31     5.11
  SINCE DEC 1      2.34                      2.65  -0.31     5.11
  SINCE JAN 1     37.44                     40.29  -2.85    56.45

SNOWFALL (IN)
  TODAY            0.0                       0.2   -0.2      0.0
  MONTH TO DATE    0.0                       1.7   -1.7       T
  SINCE DEC 1      0.0                       1.7   -1.7       T
  SINCE JUL 1      1.2                       2.0   -0.8      1.4
  SNOW DEPTH       0

DEGREE DAYS
 HEATING
  TODAY            6                        29    -23       37
  MONTH TO DATE  546                       639    -93      529
  SINCE DEC 1    546                       639    -93      529
  SINCE JUL 1   1529                      1525      4     1420

 COOLING
  TODAY            0                         0      0        0
  MONTH TO DATE    0                         0      0        0
  SINCE DEC 1      0                         0      0        0
  SINCE JAN 1   1141                       981    160     1003
..................................................................


WIND (MPH)
  HIGHEST WIND SPEED    14   HIGHEST WIND DIRECTION    NE (50)
  HIGHEST GUST SPEED    19   HIGHEST GUST DIRECTION    NE (50)
  AVERAGE WIND SPEED     1.5


SKY COVER
  POSSIBLE SUNSHINE  MM
  AVERAGE SKY COVER  MM


WEATHER CONDITIONS
 THE FOLLOWING WEATHER WAS RECORDED TODAY.
  HEAVY RAIN
  RAIN
  LIGHT RAIN
  FOG


RELATIVE HUMIDITY (PERCENT)
 HIGHEST   100          1200 AM
 LOWEST     73           400 PM
 AVERAGE    87

..........................................................


THE TRI-CITIES CLIMATE NORMALS FOR TOMORROW
                         NORMAL    RECORD    YEAR
 MAXIMUM TEMPERATURE (F)   46        74      1982
 MINIMUM TEMPERATURE (F)   26        -6      1983


SUNRISE AND SUNSET
DECEMBER 24 2014......SUNRISE   739 AM EST   SUNSET   519 PM EST
DECEMBER 25 2014......SUNRISE   739 AM EST   SUNSET   520 PM EST


-  INDICATES NEGATIVE NUMBERS.
R  INDICATES RECORD WAS SET OR TIED.
MM INDICATES DATA IS MISSING.
T  INDICATES TRACE AMOUNT.




$$
