000
CDUS44 KMRX 242128
CLITRI

CLIMATE REPORT
NATIONAL WEATHER SERVICE MORRISTOWN TN
526 PM EDT THU JUL 24 2014


...................................

...THE TRI-CITIES CLIMATE SUMMARY FOR JULY 24 2014...
VALID TODAY AS OF 500 PM LOCAL TIME.

CLIMATE NORMAL PERIOD 1981 TO 2010
CLIMATE RECORD PERIOD 1934 TO 2014


WEATHER ITEM   OBSERVED TIME   RECORD YEAR NORMAL DEPARTURE LAST
                VALUE   (LST)  VALUE       VALUE  FROM      YEAR
                                                  NORMAL
..................................................................
TEMPERATURE (F)
 TODAY
  MAXIMUM         86    216 PM  97    2010  85      1       85
                                      1987
  MINIMUM         69    607 AM  51    1947  64      5       70
  AVERAGE         78                        75      3       78

PRECIPITATION (IN)
  TODAY            0.22          2.48 1978   0.16   0.06     0.08
  MONTH TO DATE    3.42                      3.63  -0.21     6.43
  SINCE JUN 1      7.00                      7.53  -0.53    14.80
  SINCE JAN 1     19.00                     24.92  -5.92    39.49

SNOWFALL (IN)
  TODAY            0.0                       0.0    0.0      0.0
  MONTH TO DATE    0.0                       0.0    0.0      0.0
  SINCE JUN 1      0.0                       0.0    0.0      0.0
  SINCE JUL 1      0.0                       0.0    0.0      0.0
  SNOW DEPTH       0

DEGREE DAYS
 HEATING
  TODAY            0                         0      0        0
  MONTH TO DATE    0                         0      0        0
  SINCE JUN 1      0                        11    -11        0
  SINCE JUL 1      0                         0      0        0

 COOLING
  TODAY           13                        10      3       13
  MONTH TO DATE  224                       237    -13      255
  SINCE JUN 1    520                       443     77      478
  SINCE JAN 1    654                       516    138      550
..................................................................


WIND (MPH)
  HIGHEST WIND SPEED    24   HIGHEST WIND DIRECTION    NW (310)
  HIGHEST GUST SPEED    34   HIGHEST GUST DIRECTION    NW (300)
  AVERAGE WIND SPEED     4.2


SKY COVER
  POSSIBLE SUNSHINE  MM
  AVERAGE SKY COVER  MM


WEATHER CONDITIONS
 THE FOLLOWING WEATHER WAS RECORDED TODAY.
  THUNDERSTORM
  HEAVY RAIN
  LIGHT RAIN
  FOG


RELATIVE HUMIDITY (PERCENT)
 HIGHEST    90           100 AM
 LOWEST     51           100 PM
 AVERAGE    71

..........................................................


THE TRI-CITIES      ASOS CLIMATE NORMALS FOR TOMORROW
                         NORMAL    RECORD    YEAR
 MAXIMUM TEMPERATURE (F)   85        97      2010
                                             1987
 MINIMUM TEMPERATURE (F)   64        56      2003
                                             1947


SUNRISE AND SUNSET
JULY 24 2014..........SUNRISE   630 AM EDT   SUNSET   842 PM EDT
JULY 25 2014..........SUNRISE   630 AM EDT   SUNSET   841 PM EDT


-  INDICATES NEGATIVE NUMBERS.
R  INDICATES RECORD WAS SET OR TIED.
MM INDICATES DATA IS MISSING.
T  INDICATES TRACE AMOUNT.




$$
