000
CDUS44 KMRX 311212 RRA
CLITRI

CLIMATE REPORT
NATIONAL WEATHER SERVICE MORRISTOWN TN
812 AM EDT THU JUL 31 2014


...................................

...THE TRI-CITIES CLIMATE SUMMARY FOR JULY 30 2014...

CLIMATE NORMAL PERIOD 1981 TO 2010
CLIMATE RECORD PERIOD 1934 TO 2014


WEATHER ITEM   OBSERVED TIME   RECORD YEAR NORMAL DEPARTURE LAST
                VALUE   (LST)  VALUE       VALUE  FROM      YEAR
                                                  NORMAL
..................................................................
TEMPERATURE (F)
 YESTERDAY
  MAXIMUM         78    546 PM  96    1995  85     -7       81
  MINIMUM         51R   358 AM  56    2013  64    -13       56
  AVERAGE         65                        74     -9       69

PRECIPITATION (IN)
  YESTERDAY        0.00          1.30 1997   0.15  -0.15     0.00
  MONTH TO DATE    5.25                      4.54   0.71     6.85
  SINCE JUN 1      8.83                      8.44   0.39    15.22
  SINCE JAN 1     20.83                     25.83  -5.00    39.91

SNOWFALL (IN)
  YESTERDAY        0.0                       0.0    0.0      0.0
  MONTH TO DATE    0.0                       0.0    0.0      0.0
  SINCE JUN 1      0.0                       0.0    0.0      0.0
  SINCE JUL 1      0.0                       0.0    0.0      0.0
  SNOW DEPTH       0

DEGREE DAYS
 HEATING
  YESTERDAY        0                         0      0        0
  MONTH TO DATE    0                         0      0        0
  SINCE JUN 1      0                        11    -11        0
  SINCE JUL 1      0                         0      0        0

 COOLING
  YESTERDAY        0                        10    -10        4
  MONTH TO DATE  254                       297    -43      292
  SINCE JUN 1    550                       503     47      515
  SINCE JAN 1    684                       576    108      587
..................................................................


WIND (MPH)
  HIGHEST WIND SPEED     8   HIGHEST WIND DIRECTION     W (290)
  HIGHEST GUST SPEED    12   HIGHEST GUST DIRECTION     W (290)
  AVERAGE WIND SPEED     1.4


SKY COVER
  POSSIBLE SUNSHINE  MM
  AVERAGE SKY COVER  MM


WEATHER CONDITIONS
 THE FOLLOWING WEATHER WAS RECORDED YESTERDAY.
  FOG
  FOG W/VISIBILITY <= 1/4 MILE


RELATIVE HUMIDITY (PERCENT)
 HIGHEST    93           500 AM
 LOWEST     39           400 PM
 AVERAGE    66

..........................................................


THE TRI-CITIES CLIMATE NORMALS FOR TODAY
                         NORMAL    RECORD    YEAR
 MAXIMUM TEMPERATURE (F)   85        95      1995
 MINIMUM TEMPERATURE (F)   64        55      1993


SUNRISE AND SUNSET
JULY 31 2014..........SUNRISE   635 AM EDT   SUNSET   836 PM EDT
AUGUST  1 2014........SUNRISE   636 AM EDT   SUNSET   835 PM EDT


-  INDICATES NEGATIVE NUMBERS.
R  INDICATES RECORD WAS SET OR TIED.
MM INDICATES DATA IS MISSING.
T  INDICATES TRACE AMOUNT.

THE LOW TEMPERATURE SINCE MIDNIGHT HAS BEEN 56.
THERE HAS BEEN NO PRECIPITATION SINCE MIDNIGHT.

$$
