000
CDUS44 KMRX 250906
CLITRI


CLIMATE REPORT
NATIONAL WEATHER SERVICE MORRISTOWN TN
406 AM EST SUN FEB 25 2018


...................................

...THE TRI-CITIES      ASOS CLIMATE SUMMARY FOR FEBRUARY 24 2018...

CLIMATE NORMAL PERIOD 1981 TO 2010
CLIMATE RECORD PERIOD 1937 TO 2018


WEATHER ITEM   OBSERVED TIME   RECORD YEAR NORMAL DEPARTURE LAST
                VALUE   (LST)  VALUE       VALUE  FROM      YEAR
                                                  NORMAL
..................................................................
TEMPERATURE (F)
 YESTERDAY
  MAXIMUM         75    217 PM  77    2017  53     22       77
  MINIMUM         54    309 AM   4    1967  30     24       44
  AVERAGE         65                        41     24       61

PRECIPITATION (IN)
  YESTERDAY        0.04          1.17 2011   0.12  -0.08     0.00
  MONTH TO DATE    6.50                      2.98   3.52     1.43
  SINCE DEC 1      9.83                      9.72   0.11     9.34
  SINCE JAN 1      8.07                      6.35   1.72     3.98

SNOWFALL (IN)
  YESTERDAY        0.0                       0.2   -0.2      0.0
  MONTH TO DATE    0.9                       3.0   -2.1       T
  SINCE DEC 1      4.7                      10.1   -5.4      4.0
  SINCE JUL 1      4.7                      10.4   -5.7      4.0
  SNOW DEPTH       0

DEGREE DAYS
 HEATING
  YESTERDAY        0                        24    -24        4
  MONTH TO DATE  384                       636   -252      458
  SINCE DEC 1   2218                      2404   -186     1869
  SINCE JUL 1   2997                      3290   -293     2488

 COOLING
  YESTERDAY        0                         0      0        0
  MONTH TO DATE    9                         0      9        0
  SINCE DEC 1      9                         0      9        0
  SINCE JAN 1      9                         0      9        0
..................................................................


WIND (MPH)
  HIGHEST WIND SPEED    16   HIGHEST WIND DIRECTION    NW (320)
  HIGHEST GUST SPEED    19   HIGHEST GUST DIRECTION    NW (320)
  AVERAGE WIND SPEED     1.9


SKY COVER
  POSSIBLE SUNSHINE  MM
  AVERAGE SKY COVER 0.8


WEATHER CONDITIONS
 THE FOLLOWING WEATHER WAS RECORDED YESTERDAY.
  RAIN
  LIGHT RAIN
  FOG


RELATIVE HUMIDITY (PERCENT)
 HIGHEST   100           900 AM
 LOWEST     64           100 PM
 AVERAGE    82

..........................................................


THE TRI-CITIES      ASOS CLIMATE NORMALS FOR TODAY
                         NORMAL    RECORD    YEAR
 MAXIMUM TEMPERATURE (F)   53        74      2000
 MINIMUM TEMPERATURE (F)   30        -1      1967


SUNRISE AND SUNSET
FEBRUARY 25 2018......SUNRISE   705 AM EST   SUNSET   620 PM EST
FEBRUARY 26 2018......SUNRISE   704 AM EST   SUNSET   621 PM EST


-  INDICATES NEGATIVE NUMBERS.
R  INDICATES RECORD WAS SET OR TIED.
MM INDICATES DATA IS MISSING.
T  INDICATES TRACE AMOUNT.




$$
