000
CDUS44 KMRX 240849
CLITRI


CLIMATE REPORT
NATIONAL WEATHER SERVICE MORRISTOWN TN
449 AM EDT SUN JUL 24 2016


...................................

...THE TRI-CITIES      ASOS CLIMATE SUMMARY FOR JULY 23 2016...

CLIMATE NORMAL PERIOD 1981 TO 2010
CLIMATE RECORD PERIOD 1934 TO 2016


WEATHER ITEM   OBSERVED TIME   RECORD YEAR NORMAL DEPARTURE LAST
                VALUE   (LST)  VALUE       VALUE  FROM      YEAR
                                                  NORMAL
..................................................................
TEMPERATURE (F)
 YESTERDAY
  MAXIMUM         98    401 PM  99    1952  86     12       82
  MINIMUM         68    556 AM  45    1947  64      4       68
  AVERAGE         83                        75      8       75

PRECIPITATION (IN)
  YESTERDAY        0.00          2.06 1951   0.15  -0.15     0.01
  MONTH TO DATE    1.58                      3.47  -1.89     5.79
  SINCE JUN 1      3.71                      7.37  -3.66     8.24
  SINCE JAN 1     19.62                     24.76  -5.14    23.15

SNOWFALL (IN)
  YESTERDAY        0.0                       0.0    0.0      0.0
  MONTH TO DATE    0.0                       0.0    0.0      0.0
  SINCE JUN 1      0.0                       0.0    0.0      0.0
  SINCE JUL 1      0.0                       0.0    0.0      0.0
  SNOW DEPTH       0

DEGREE DAYS
 HEATING
  YESTERDAY        0                         0      0        0
  MONTH TO DATE    0                         0      0        0
  SINCE JUN 1      0                        11    -11        0
  SINCE JUL 1      0                         0      0        0

 COOLING
  YESTERDAY       18                        10      8       10
  MONTH TO DATE  298                       227     71      255
  SINCE JUN 1    578                       433    145      569
  SINCE JAN 1    674                       506    168      735
..................................................................


WIND (MPH)
  HIGHEST WIND SPEED    20   HIGHEST WIND DIRECTION     S (180)
  HIGHEST GUST SPEED    29   HIGHEST GUST DIRECTION     S (180)
  AVERAGE WIND SPEED     2.2


SKY COVER
  POSSIBLE SUNSHINE  MM
  AVERAGE SKY COVER 0.6


WEATHER CONDITIONS
 THE FOLLOWING WEATHER WAS RECORDED YESTERDAY.
  THUNDERSTORM
  FOG


RELATIVE HUMIDITY (PERCENT)
 HIGHEST    93           600 AM
 LOWEST     30           300 PM
 AVERAGE    62

..........................................................


THE TRI-CITIES      ASOS CLIMATE NORMALS FOR TODAY
                         NORMAL    RECORD    YEAR
 MAXIMUM TEMPERATURE (F)   85        97      2010
                                             1987
 MINIMUM TEMPERATURE (F)   64        51      1947


SUNRISE AND SUNSET
JULY 24 2016..........SUNRISE   630 AM EDT   SUNSET   842 PM EDT
JULY 25 2016..........SUNRISE   631 AM EDT   SUNSET   841 PM EDT


-  INDICATES NEGATIVE NUMBERS.
R  INDICATES RECORD WAS SET OR TIED.
MM INDICATES DATA IS MISSING.
T  INDICATES TRACE AMOUNT.




$$
