000
CDUS44 KMRX 270813
CLITRI

CLIMATE REPORT
NATIONAL WEATHER SERVICE MORRISTOWN TN
411 AM EDT WED MAY 27 2015


...................................

...THE TRI-CITIES CLIMATE SUMMARY FOR MAY 26 2015...

CLIMATE NORMAL PERIOD 1981 TO 2010
CLIMATE RECORD PERIOD 1934 TO 2015


WEATHER ITEM   OBSERVED TIME   RECORD YEAR NORMAL DEPARTURE LAST
                VALUE   (LST)  VALUE       VALUE  FROM      YEAR
                                                  NORMAL
..................................................................
TEMPERATURE (F)
 YESTERDAY
  MAXIMUM         87    402 PM  91    2012  78      9       85
  MINIMUM         66    614 AM  39    1988  54     12       54
  AVERAGE         77                        66     11       70

PRECIPITATION (IN)
  YESTERDAY        0.02          2.86 1997   0.13  -0.11     0.00
  MONTH TO DATE    0.69                      3.17  -2.48     1.83
  SINCE MAR 1      9.57                      9.94  -0.37     6.57
  SINCE JAN 1     14.90                     16.76  -1.86    11.63

SNOWFALL (IN)
  YESTERDAY        0.0                       0.0    0.0      0.0
  MONTH TO DATE    0.0                       0.0    0.0      0.0
  SINCE MAR 1      T                         2.5   -2.5      0.7
  SINCE JUL 1     15.5                      13.3    2.2     13.0
  SNOW DEPTH       0

DEGREE DAYS
 HEATING
  YESTERDAY        0                         2     -2        0
  MONTH TO DATE   41                       101    -60       80
  SINCE MAR 1    749                       973   -224      915
  SINCE JUL 1   4376                      4355     21     4410

 COOLING
  YESTERDAY       12                         3      9        5
  MONTH TO DATE  108                        46     62       71
  SINCE MAR 1    118                        57     61       92
  SINCE JAN 1    118                        57     61       92
..................................................................


WIND (MPH)
  HIGHEST WIND SPEED    18   HIGHEST WIND DIRECTION     S (190)
  HIGHEST GUST SPEED    23   HIGHEST GUST DIRECTION     S (180)
  AVERAGE WIND SPEED     6.6


SKY COVER
  POSSIBLE SUNSHINE  MM
  AVERAGE SKY COVER 0.8


WEATHER CONDITIONS
 THE FOLLOWING WEATHER WAS RECORDED YESTERDAY.
  RAIN
  LIGHT RAIN


RELATIVE HUMIDITY (PERCENT)
 HIGHEST    87           700 AM
 LOWEST     42           300 PM
 AVERAGE    65

..........................................................


THE TRI-CITIES CLIMATE NORMALS FOR TODAY
                         NORMAL    RECORD    YEAR
 MAXIMUM TEMPERATURE (F)   79        91      2012
 MINIMUM TEMPERATURE (F)   54        38      1961


SUNRISE AND SUNSET
MAY 27 2015...........SUNRISE   615 AM EDT   SUNSET   839 PM EDT
MAY 28 2015...........SUNRISE   615 AM EDT   SUNSET   839 PM EDT


-  INDICATES NEGATIVE NUMBERS.
R  INDICATES RECORD WAS SET OR TIED.
MM INDICATES DATA IS MISSING.
T  INDICATES TRACE AMOUNT.




$$
