000
CDUS44 KMRX 221248
CLITRI

CLIMATE REPORT
NATIONAL WEATHER SERVICE MORRISTOWN TN
847 AM EDT MON SEP 22 2014


...................................

...THE TRI-CITIES CLIMATE SUMMARY FOR SEPTEMBER 21 2014...

CLIMATE NORMAL PERIOD 1981 TO 2010
CLIMATE RECORD PERIOD 1934 TO 2014


WEATHER ITEM   OBSERVED TIME   RECORD YEAR NORMAL DEPARTURE LAST
                VALUE   (LST)  VALUE       VALUE  FROM      YEAR
                                                  NORMAL
..................................................................
TEMPERATURE (F)
 YESTERDAY
  MAXIMUM         80    130 PM  93    1955  77      3       69
  MINIMUM         55    507 AM  39    2006  53      2       61
                                      1956
                                      1938
  AVERAGE         68                        65      3       65

PRECIPITATION (IN)
  YESTERDAY        0.38          1.00 1974   0.10   0.28     0.69
                                      1967
  MONTH TO DATE    1.39                      2.18  -0.79     1.65
  SINCE SEP 1      1.39                      2.18  -0.79     1.65
  SINCE JAN 1     26.43                     31.63  -5.20    46.52

SNOWFALL (IN)
  YESTERDAY        0.0                       0.0    0.0      0.0
  MONTH TO DATE    0.0                       0.0    0.0      0.0
  SINCE SEP 1      0.0                       0.0    0.0      0.0
  SINCE JUL 1      0.0                       0.0    0.0      0.0
  SNOW DEPTH       0

DEGREE DAYS
 HEATING
  YESTERDAY        0                         2     -2        0
  MONTH TO DATE    0                        17    -17        7
  SINCE SEP 1      0                        17    -17        7
  SINCE JUL 1      0                        18    -18        7

 COOLING
  YESTERDAY        3                         3      0        0
  MONTH TO DATE  159                       100     59      119
  SINCE SEP 1    159                       100     59      119
  SINCE JAN 1   1116                       952    164      977
..................................................................


WIND (MPH)
  HIGHEST WIND SPEED    18   HIGHEST WIND DIRECTION    SW (230)
  HIGHEST GUST SPEED    24   HIGHEST GUST DIRECTION     W (290)
  AVERAGE WIND SPEED     5.5


SKY COVER
  POSSIBLE SUNSHINE  MM
  AVERAGE SKY COVER  MM


WEATHER CONDITIONS
 THE FOLLOWING WEATHER WAS RECORDED YESTERDAY.
  THUNDERSTORM
  HEAVY RAIN
  LIGHT RAIN
  FOG
  HAZE


RELATIVE HUMIDITY (PERCENT)
 HIGHEST    93           200 AM
 LOWEST     56          1100 AM
 AVERAGE    75

..........................................................


THE TRI-CITIES CLIMATE NORMALS FOR TODAY
                         NORMAL    RECORD    YEAR
 MAXIMUM TEMPERATURE (F)   77        90      2007
                                             2005
                                             1965
 MINIMUM TEMPERATURE (F)   53        39      1983


SUNRISE AND SUNSET
SEPTEMBER 22 2014.....SUNRISE   717 AM EDT   SUNSET   726 PM EDT
SEPTEMBER 23 2014.....SUNRISE   718 AM EDT   SUNSET   725 PM EDT


-  INDICATES NEGATIVE NUMBERS.
R  INDICATES RECORD WAS SET OR TIED.
MM INDICATES DATA IS MISSING.
T  INDICATES TRACE AMOUNT.


&&

THE LOW TEMPERATURE SINCE MIDNIGHT HAS BEEN 49.
THERE HAS BEEN NO PRECIPITATION SINCE MIDNIGHT.

$$
