000
CDUS44 KMRX 240829
CLITRI


CLIMATE REPORT
NATIONAL WEATHER SERVICE MORRISTOWN TN
428 AM EDT SAT JUN 24 2017


...................................

...THE TRI-CITIES      ASOS CLIMATE SUMMARY FOR JUNE 23 2017...

CLIMATE NORMAL PERIOD 1981 TO 2010
CLIMATE RECORD PERIOD 1934 TO 2017


WEATHER ITEM   OBSERVED TIME   RECORD YEAR NORMAL DEPARTURE LAST
                VALUE   (LST)  VALUE       VALUE  FROM      YEAR
                                                  NORMAL
..................................................................
TEMPERATURE (F)
 YESTERDAY
  MAXIMUM         89    508 PM  96    1988  85      4       92
  MINIMUM         70   1159 PM  48    1947  62      8       68
  AVERAGE         80                        73      7       80

PRECIPITATION (IN)
  YESTERDAY        0.22          1.48 1957   0.14   0.08     0.23
  MONTH TO DATE    2.00                      2.95  -0.95     1.79
  SINCE JUN 1      2.00                      2.95  -0.95     1.79
  SINCE JAN 1     24.19                     20.34   3.85    17.70

SNOWFALL (IN)
  YESTERDAY        0.0                       0.0    0.0      0.0
  MONTH TO DATE    0.0                       0.0    0.0      0.0
  SINCE JUN 1      0.0                       0.0    0.0      0.0
  SINCE JUL 1      4.3                      13.3   -9.0     18.4
  SNOW DEPTH       0

DEGREE DAYS
 HEATING
  YESTERDAY        0                         0      0        0
  MONTH TO DATE    2                         9     -7        0
  SINCE JUN 1      2                         9     -7        0
  SINCE JUL 1   3313                      4372  -1059     3545

 COOLING
  YESTERDAY       15                         8      7       15
  MONTH TO DATE  155                       144     11      199
  SINCE JUN 1    155                       144     11      199
  SINCE JAN 1    275                       217     58      295
..................................................................


WIND (MPH)
  HIGHEST WIND SPEED    24   HIGHEST WIND DIRECTION     W (250)
  HIGHEST GUST SPEED    33   HIGHEST GUST DIRECTION    SW (230)
  AVERAGE WIND SPEED     7.1


SKY COVER
  POSSIBLE SUNSHINE  MM
  AVERAGE SKY COVER 0.8


WEATHER CONDITIONS
 THE FOLLOWING WEATHER WAS RECORDED YESTERDAY.
  HEAVY RAIN
  RAIN
  LIGHT RAIN
  FOG


RELATIVE HUMIDITY (PERCENT)
 HIGHEST   100           300 AM
 LOWEST     38           500 PM
 AVERAGE    69

..........................................................


THE TRI-CITIES      ASOS CLIMATE NORMALS FOR TODAY
                         NORMAL    RECORD    YEAR
 MAXIMUM TEMPERATURE (F)   85        96      1988
 MINIMUM TEMPERATURE (F)   62        50      1947


SUNRISE AND SUNSET
JUNE 24 2017..........SUNRISE   613 AM EDT   SUNSET   852 PM EDT
JUNE 25 2017..........SUNRISE   613 AM EDT   SUNSET   852 PM EDT


-  INDICATES NEGATIVE NUMBERS.
R  INDICATES RECORD WAS SET OR TIED.
MM INDICATES DATA IS MISSING.
T  INDICATES TRACE AMOUNT.




$$
