000
CDUS46 KSGX 201430
CLITRM


CLIMATE REPORT
NATIONAL WEATHER SERVICE SAN DIEGO, CA
730 AM PDT SAT SEP 20 2014


...................................

...THE THERMAL AIRPORT CA CLIMATE SUMMARY FOR SEPTEMBER 19 2014...

CLIMATE NORMAL PERIOD 1981 TO 2010
CLIMATE RECORD PERIOD 1950 TO 2014


WEATHER ITEM   OBSERVED TIME   RECORD YEAR NORMAL DEPARTURE LAST
                VALUE   (LST)  VALUE       VALUE  FROM      YEAR
                                                  NORMAL
..................................................................
TEMPERATURE (F)
 YESTERDAY
  MAXIMUM         99    338 PM 110    1962 101     -2      103
  MINIMUM         78    548 AM  49    1985  65     13       62
  AVERAGE         89                        83      6       83

PRECIPITATION (IN)
  YESTERDAY        0.00          0.02 1989   0.00   0.00     0.00
  MONTH TO DATE    0.13                      0.15  -0.02     0.14
  SINCE JUL 1      0.45                      0.48  -0.03     1.39
  SINCE JAN 1      0.53                      2.30  -1.77     1.83

SNOWFALL (IN)
  YESTERDAY        0.0
  MONTH TO DATE    0.0
  SINCE JAN 1      0.0
  SINCE JUL 1      0.0
  SNOW DEPTH       0

DEGREE DAYS
 HEATING
  YESTERDAY        0                         0      0        0
  MONTH TO DATE    0                         0      0        0
  SINCE SEP 1      0                         0      0        0
  SINCE JUL 1      0                         0      0        0

 COOLING
  YESTERDAY       24                        18      6       18
  MONTH TO DATE  475                       394     81      475
  SINCE SEP 1    475                       394     81      475
  SINCE JAN 1   3672                      3227    445     3759
..................................................................


WIND (MPH)
  RESULTANT WIND SPEED   4   RESULTANT WIND DIRECTION  NW (320)
  HIGHEST WIND SPEED    18   HIGHEST WIND DIRECTION    NW (320)
  HIGHEST GUST SPEED    24   HIGHEST GUST DIRECTION    NW (320)
  AVERAGE WIND SPEED     8.8


SKY COVER
  POSSIBLE SUNSHINE  MM
  AVERAGE SKY COVER 0.0


WEATHER CONDITIONS
 THE FOLLOWING WEATHER WAS RECORDED YESTERDAY.
  HAZE


RELATIVE HUMIDITY (PERCENT)
 HIGHEST    52           500 AM
 LOWEST     18           400 PM
 AVERAGE    35

..........................................................


THE THERMAL AIRPORT CA CLIMATE NORMALS FOR TODAY
                         NORMAL    RECORD    YEAR
 MAXIMUM TEMPERATURE (F)  100       110      1987
 MINIMUM TEMPERATURE (F)   65        53      1971


SUNRISE AND SUNSET
SEPTEMBER 20 2014.....SUNRISE   631 AM PDT   SUNSET   644 PM PDT
SEPTEMBER 21 2014.....SUNRISE   632 AM PDT   SUNSET   643 PM PDT


-  INDICATES NEGATIVE NUMBERS.
R  INDICATES RECORD WAS SET OR TIED.
MM INDICATES DATA IS MISSING.
T  INDICATES TRACE AMOUNT.




$$
