000
CDUS46 KSGX 231235
CLITRM


CLIMATE REPORT
NATIONAL WEATHER SERVICE SAN DIEGO, CA
434 AM PST TUE JAN 23 2018


...................................

...THE THERMAL AIRPORT CA CLIMATE SUMMARY FOR JANUARY 22 2018...

CLIMATE NORMAL PERIOD 1981 TO 2010
CLIMATE RECORD PERIOD 1950 TO 2018


WEATHER ITEM   OBSERVED TIME   RECORD YEAR NORMAL DEPARTURE LAST
                VALUE   (LST)  VALUE       VALUE  FROM      YEAR
                                                  NORMAL
..................................................................
TEMPERATURE (F)
 YESTERDAY
  MAXIMUM         72    329 PM  84    2014  72      0       63
                                      1968
  MINIMUM         33    701 AM  26    1966  38     -5       49
  AVERAGE         53                        55     -2       56

PRECIPITATION (IN)
  YESTERDAY        0.00          0.25 2010   0.02  -0.02     0.21
  MONTH TO DATE    0.41                      0.49  -0.08     1.31
  SINCE OCT 1      0.41                      1.30  -0.89     2.99
  SINCE JAN 1      0.41                      0.49  -0.08     1.31

DEGREE DAYS
 HEATING
  YESTERDAY       12                        10      2        9
  MONTH TO DATE  101                       235   -134      217
  SINCE DEC 1    346                       606   -260      523
  SINCE JUL 1    363                       773   -410      641

 COOLING
  YESTERDAY        0                         0      0        0
  MONTH TO DATE    0                         0      0        0
  SINCE DEC 1      0                         1     -1        2
  SINCE JAN 1      0                         0      0        0
..................................................................


WIND (MPH)
  RESULTANT WIND SPEED   1   RESULTANT WIND DIRECTION  NW (330)
  HIGHEST WIND SPEED     8   HIGHEST WIND DIRECTION     N (350)
  HIGHEST GUST SPEED     9   HIGHEST GUST DIRECTION     N (340)
  AVERAGE WIND SPEED     2.9


SKY COVER
  POSSIBLE SUNSHINE  MM
  AVERAGE SKY COVER 0.0


WEATHER CONDITIONS
 THE FOLLOWING WEATHER WAS RECORDED YESTERDAY.
  NO SIGNIFICANT WEATHER WAS OBSERVED.


RELATIVE HUMIDITY (PERCENT)
 HIGHEST    75           400 AM
 LOWEST     11           200 PM
 AVERAGE    43

..........................................................


THE THERMAL AIRPORT CA CLIMATE NORMALS FOR TODAY
                         NORMAL    RECORD    YEAR
 MAXIMUM TEMPERATURE (F)   72        83      1953
 MINIMUM TEMPERATURE (F)   38        29      1991


SUNRISE AND SUNSET
JANUARY 23 2018.......SUNRISE   646 AM PST   SUNSET   507 PM PST
JANUARY 24 2018.......SUNRISE   646 AM PST   SUNSET   508 PM PST


-  INDICATES NEGATIVE NUMBERS.
R  INDICATES RECORD WAS SET OR TIED.
MM INDICATES DATA IS MISSING.
T  INDICATES TRACE AMOUNT.




$$
