102
CDUS46 KPQR 051142
CLITTD


CLIMATE REPORT
NATIONAL WEATHER SERVICE PORTLAND OREGON
341 AM PST FRI FEB 5 2016


...................................

...THE TROUTDALE OR CLIMATE SUMMARY FOR FEBRUARY 4 2016...

CLIMATE NORMAL PERIOD 1981 TO 2010
CLIMATE RECORD PERIOD 1948 TO 2016


WEATHER ITEM   OBSERVED TIME   RECORD YEAR NORMAL DEPARTURE LAST
                VALUE   (LST)  VALUE       VALUE  FROM      YEAR
                                                  NORMAL
..................................................................
TEMPERATURE (F)
 YESTERDAY
  MAXIMUM         56    318 PM  62    1963  48      8       52
  MINIMUM         46    823 PM   0    1989  35     11       46
  AVERAGE         51                        42      9       49

PRECIPITATION (IN)
  YESTERDAY        0.26                      0.19   0.07     0.01
  MONTH TO DATE    0.34                      0.75  -0.41     0.50
  SINCE OCT 1     24.66                     25.33  -0.67    18.20
  SINCE JAN 1      4.84                      6.93  -2.09     3.24

DEGREE DAYS
 HEATING
  YESTERDAY       14                        23     -9       16
  MONTH TO DATE   81                        94    -13       70

 COOLING
  YESTERDAY        0                         0      0        0
  MONTH TO DATE    0                         0      0        0
..................................................................


WIND (MPH)
  HIGHEST WIND SPEED    18   HIGHEST WIND DIRECTION     E (100)
  HIGHEST GUST SPEED    24   HIGHEST GUST DIRECTION    SW (210)
  AVERAGE WIND SPEED     7.1


SKY COVER
  POSSIBLE SUNSHINE  MM
  AVERAGE SKY COVER 0.8


WEATHER CONDITIONS
 THE FOLLOWING WEATHER WAS RECORDED YESTERDAY.
  LIGHT RAIN
  FOG


RELATIVE HUMIDITY (PERCENT)
 HIGHEST    86           500 AM
 LOWEST     71           500 PM
 AVERAGE    79

..........................................................


THE TROUTDALE OR CLIMATE NORMALS FOR TODAY
                         NORMAL    RECORD    YEAR
 MAXIMUM TEMPERATURE (F)   48        57      1965
 MINIMUM TEMPERATURE (F)   35        12      1989


SUNRISE AND SUNSET
FEBRUARY  5 2016......SUNRISE   726 AM PST   SUNSET   522 PM PST
FEBRUARY  6 2016......SUNRISE   725 AM PST   SUNSET   523 PM PST


-  INDICATES NEGATIVE NUMBERS.
R  INDICATES RECORD WAS SET OR TIED.
MM INDICATES DATA IS MISSING.
T  INDICATES TRACE AMOUNT.




$$
