000
CDUS46 KPQR 221251
CLITTD


CLIMATE REPORT
NATIONAL WEATHER SERVICE PORTLAND OREGON
450 AM PST SAT NOV 22 2014


...................................

...THE TROUTDALE OR CLIMATE SUMMARY FOR NOVEMBER 21 2014...

CLIMATE NORMAL PERIOD 1981 TO 2010
CLIMATE RECORD PERIOD 9999 TO 9999


WEATHER ITEM   OBSERVED TIME   NORMAL DEPARTURE LAST
                VALUE   (LST)  VALUE  FROM      YEAR
                                      NORMAL
......................................................
TEMPERATURE (F)
 YESTERDAY
  MAXIMUM         58    724 PM  51      7       45
  MINIMUM         41   1220 PM  38      3       31
  AVERAGE         50            44      6       38

PRECIPITATION (IN)
  YESTERDAY        0.64          0.25   0.39     0.00
  MONTH TO DATE    2.02          5.10  -3.08     3.41
  SINCE OCT 1      8.96          9.05  -0.09     5.02
  SINCE JAN 1     31.66         37.62  -5.96    25.94

DEGREE DAYS
 HEATING
  YESTERDAY       15            21     -6       27
  MONTH TO DATE  416           382     34      334

 COOLING
  YESTERDAY        0             0      0        0
  MONTH TO DATE    0             0      0        0
......................................................


WIND (MPH)
  HIGHEST WIND SPEED    29   HIGHEST WIND DIRECTION     E (90)
  HIGHEST GUST SPEED    36   HIGHEST GUST DIRECTION     E (90)
  AVERAGE WIND SPEED    15.8


SKY COVER
  POSSIBLE SUNSHINE  MM
  AVERAGE SKY COVER 1.0


WEATHER CONDITIONS
 THE FOLLOWING WEATHER WAS RECORDED YESTERDAY.
  HEAVY RAIN
  RAIN
  LIGHT RAIN
  FOG


RELATIVE HUMIDITY (PERCENT)
 HIGHEST    93           800 PM
 LOWEST     70          1200 AM
 AVERAGE    82

..........................................................


THE TROUTDALE OR CLIMATE NORMALS FOR TODAY
                         NORMAL    RECORD    YEAR
 MAXIMUM TEMPERATURE (F)   50        64      2002
 MINIMUM TEMPERATURE (F)   38        22      1985


SUNRISE AND SUNSET
NOVEMBER 22 2014......SUNRISE   718 AM PST   SUNSET   433 PM PST
NOVEMBER 23 2014......SUNRISE   720 AM PST   SUNSET   432 PM PST


-  INDICATES NEGATIVE NUMBERS.
R  INDICATES RECORD WAS SET OR TIED.
MM INDICATES DATA IS MISSING.
T  INDICATES TRACE AMOUNT.




$$
