000
CDUS46 KPQR 231142
CLITTD


CLIMATE REPORT
NATIONAL WEATHER SERVICE PORTLAND OREGON
441 AM PDT TUE MAY 23 2017


...................................

...THE TROUTDALE OR CLIMATE SUMMARY FOR MAY 22 2017...

CLIMATE NORMAL PERIOD 1981 TO 2010
CLIMATE RECORD PERIOD 1948 TO 2017


WEATHER ITEM   OBSERVED TIME   RECORD YEAR NORMAL DEPARTURE LAST
                VALUE   (LST)  VALUE       VALUE  FROM      YEAR
                                                  NORMAL
..................................................................
TEMPERATURE (F)
 YESTERDAY
  MAXIMUM         91    552 PM  94    2001  70     21       67
  MINIMUM         54    455 AM  35    1964  48      6       52
  AVERAGE         73                        59     14       60

PRECIPITATION (IN)
  YESTERDAY        0.00                      0.09  -0.09     0.13
  MONTH TO DATE    2.19                      2.07   0.12     1.72
  SINCE OCT 1     46.45                     40.23   6.22    36.74
  SINCE JAN 1     25.36                     21.83   3.53    16.92

DEGREE DAYS
 HEATING
  YESTERDAY        0                         7     -7        5
  MONTH TO DATE  168                       197    -29       84

 COOLING
  YESTERDAY        8                         1      7        0
  MONTH TO DATE   24                         5     19       23
..................................................................


WIND (MPH)
  HIGHEST WIND SPEED    14   HIGHEST WIND DIRECTION     E (100)
  HIGHEST GUST SPEED    16   HIGHEST GUST DIRECTION     E (110)
  AVERAGE WIND SPEED     3.1


SKY COVER
  POSSIBLE SUNSHINE  MM
  AVERAGE SKY COVER 0.0


WEATHER CONDITIONS
 THE FOLLOWING WEATHER WAS RECORDED YESTERDAY.
  NO SIGNIFICANT WEATHER WAS OBSERVED.


RELATIVE HUMIDITY (PERCENT)
 HIGHEST    93           300 AM
 LOWEST     32           300 PM
 AVERAGE    63

..........................................................


THE TROUTDALE OR CLIMATE NORMALS FOR TODAY
                         NORMAL    RECORD    YEAR
 MAXIMUM TEMPERATURE (F)   70        92      1999
 MINIMUM TEMPERATURE (F)   48        36      1950


SUNRISE AND SUNSET
MAY 23 2017...........SUNRISE   530 AM PDT   SUNSET   843 PM PDT
MAY 24 2017...........SUNRISE   530 AM PDT   SUNSET   844 PM PDT


-  INDICATES NEGATIVE NUMBERS.
R  INDICATES RECORD WAS SET OR TIED.
MM INDICATES DATA IS MISSING.
T  INDICATES TRACE AMOUNT.




$$
