000
CDUS46 KPQR 231148
CLITTD


CLIMATE REPORT
NATIONAL WEATHER SERVICE PORTLAND OREGON
347 AM PST THU FEB 23 2017


...................................

...THE TROUTDALE OR CLIMATE SUMMARY FOR FEBRUARY 22 2017...

CLIMATE NORMAL PERIOD 1981 TO 2010
CLIMATE RECORD PERIOD 1948 TO 2017


WEATHER ITEM   OBSERVED TIME   RECORD YEAR NORMAL DEPARTURE LAST
                VALUE   (LST)  VALUE       VALUE  FROM      YEAR
                                                  NORMAL
..................................................................
TEMPERATURE (F)
 YESTERDAY
  MAXIMUM         49    300 PM  64    2002  51     -2       54
  MINIMUM         33    450 AM  28    1957  36     -3       40
  AVERAGE         41                        44     -3       47

PRECIPITATION (IN)
  YESTERDAY        0.01                      0.17  -0.16      T
  MONTH TO DATE    7.65                      4.00   3.65     2.89
  SINCE OCT 1     31.11                     28.58   2.53    27.21
  SINCE JAN 1     10.02                     10.18  -0.16     7.39

DEGREE DAYS
 HEATING
  YESTERDAY       24                        22      2       18
  MONTH TO DATE  508                       500      8      351

 COOLING
  YESTERDAY        0                         0      0        0
  MONTH TO DATE    0                         0      0        0
..................................................................


WIND (MPH)
  HIGHEST WIND SPEED    10   HIGHEST WIND DIRECTION    SW (240)
  HIGHEST GUST SPEED    15   HIGHEST GUST DIRECTION     W (280)
  AVERAGE WIND SPEED     2.1


SKY COVER
  POSSIBLE SUNSHINE  MM
  AVERAGE SKY COVER 0.8


WEATHER CONDITIONS
 THE FOLLOWING WEATHER WAS RECORDED YESTERDAY.
  FOG
  FOG W/VISIBILITY <= 1/4 MILE


RELATIVE HUMIDITY (PERCENT)
 HIGHEST   100           300 AM
 LOWEST     46           300 PM
 AVERAGE    73

..........................................................


THE TROUTDALE OR CLIMATE NORMALS FOR TODAY
                         NORMAL    RECORD    YEAR
 MAXIMUM TEMPERATURE (F)   51        67      1968
 MINIMUM TEMPERATURE (F)   36        26      1960


SUNRISE AND SUNSET
FEBRUARY 23 2017......SUNRISE   658 AM PST   SUNSET   549 PM PST
FEBRUARY 24 2017......SUNRISE   656 AM PST   SUNSET   550 PM PST


-  INDICATES NEGATIVE NUMBERS.
R  INDICATES RECORD WAS SET OR TIED.
MM INDICATES DATA IS MISSING.
T  INDICATES TRACE AMOUNT.




$$
