000
CDUS46 KPQR 031144
CLITTD


CLIMATE REPORT
NATIONAL WEATHER SERVICE PORTLAND OREGON
343 AM PST SAT DEC 3 2016


...................................

...THE TROUTDALE OR CLIMATE SUMMARY FOR DECEMBER 2 2016...

CLIMATE NORMAL PERIOD 1981 TO 2010
CLIMATE RECORD PERIOD 1948 TO 2016


WEATHER ITEM   OBSERVED TIME   RECORD YEAR NORMAL DEPARTURE LAST
                VALUE   (LST)  VALUE       VALUE  FROM      YEAR
                                                  NORMAL
..................................................................
TEMPERATURE (F)
 YESTERDAY
  MAXIMUM         49   1109 PM  64    1975  47      2       39
  MINIMUM         44    816 AM   9    1985  35      9       33
  AVERAGE         47                        41      6       36

PRECIPITATION (IN)
  YESTERDAY        T                         0.23  -0.23     0.19
  MONTH TO DATE    0.02                      0.47  -0.45     0.45
  SINCE OCT 1     17.98                     11.70   6.28     9.24
  SINCE JAN 1     40.49                     40.27   0.22    26.35

DEGREE DAYS
 HEATING
  YESTERDAY       18                        24     -6       29
  MONTH TO DATE   39                        48     -9       58

 COOLING
  YESTERDAY        0                         0      0        0
  MONTH TO DATE    0                         0      0        0
..................................................................


WIND (MPH)
  HIGHEST WIND SPEED    14   HIGHEST WIND DIRECTION    SW (240)
  HIGHEST GUST SPEED    22   HIGHEST GUST DIRECTION    SW (230)
  AVERAGE WIND SPEED     3.1


SKY COVER
  POSSIBLE SUNSHINE  MM
  AVERAGE SKY COVER 0.9


WEATHER CONDITIONS
 THE FOLLOWING WEATHER WAS RECORDED YESTERDAY.
  LIGHT RAIN
  FOG


RELATIVE HUMIDITY (PERCENT)
 HIGHEST    93           100 PM
 LOWEST     77           500 PM
 AVERAGE    85

..........................................................


THE TROUTDALE OR CLIMATE NORMALS FOR TODAY
                         NORMAL    RECORD    YEAR
 MAXIMUM TEMPERATURE (F)   47        61      1982
 MINIMUM TEMPERATURE (F)   35        23      1985


SUNRISE AND SUNSET
DECEMBER  3 2016......SUNRISE   732 AM PST   SUNSET   427 PM PST
DECEMBER  4 2016......SUNRISE   733 AM PST   SUNSET   427 PM PST


-  INDICATES NEGATIVE NUMBERS.
R  INDICATES RECORD WAS SET OR TIED.
MM INDICATES DATA IS MISSING.
T  INDICATES TRACE AMOUNT.




$$
