000
CDUS41 KPHI 290630
CLITTN


CLIMATE REPORT
NATIONAL WEATHER SERVICE MOUNT HOLLY NJ
227 AM EDT MON MAY 29 2017


...................................

...THE TRENTON NJ CLIMATE SUMMARY FOR MAY 28 2017...

CLIMATE NORMAL PERIOD 1981 TO 2010
CLIMATE RECORD PERIOD 1865 TO 2017


WEATHER ITEM   OBSERVED TIME   RECORD YEAR NORMAL DEPARTURE LAST
                VALUE   (LST)  VALUE       VALUE  FROM      YEAR
                                                  NORMAL
..................................................................
TEMPERATURE (F)
 YESTERDAY
  MAXIMUM         76    226 PM  94    1941  76      0       90
  MINIMUM         54    455 AM  38    1994  54      0       67
  AVERAGE         65                        65      0       79

PRECIPITATION (IN)
  YESTERDAY        0.06          1.50 1984   0.18  -0.12     0.00
  MONTH TO DATE    5.05                      3.82   1.23     2.87
  SINCE MAR 1     12.82                     11.50   1.32     6.16
  SINCE JAN 1     17.56                     16.97   0.59    13.36

DEGREE DAYS
 HEATING
  YESTERDAY        0                         3     -3        0
  MONTH TO DATE  166                       160      6      187
  SINCE MAR 1   1215                      1314    -99     1111
  SINCE JUL 1   4434                      5128   -694     4205

 COOLING
  YESTERDAY        0                         3     -3       14
  MONTH TO DATE   48                        41      7       46
  SINCE MAR 1     79                        49     30       58
  SINCE JAN 1     79                        49     30       58
..................................................................


WIND (MPH)
  HIGHEST WIND SPEED    16   HIGHEST WIND DIRECTION     S (160)
  HIGHEST GUST SPEED    20   HIGHEST GUST DIRECTION     S (160)
  AVERAGE WIND SPEED     7.2


SKY COVER
  POSSIBLE SUNSHINE  MM
  AVERAGE SKY COVER 0.6


WEATHER CONDITIONS
 THE FOLLOWING WEATHER WAS RECORDED YESTERDAY.
  LIGHT RAIN
  FOG


RELATIVE HUMIDITY (PERCENT)
 HIGHEST   100           300 AM
 LOWEST     57           300 PM
 AVERAGE    79

..........................................................


THE TRENTON NJ CLIMATE NORMALS FOR TODAY
                         NORMAL    RECORD    YEAR
 MAXIMUM TEMPERATURE (F)   76        93      1986
                                             1969
 MINIMUM TEMPERATURE (F)   55        41      1936


SUNRISE AND SUNSET
MAY 29 2017...........SUNRISE   533 AM EDT   SUNSET   821 PM EDT
MAY 30 2017...........SUNRISE   532 AM EDT   SUNSET   822 PM EDT


-  INDICATES NEGATIVE NUMBERS.
R  INDICATES RECORD WAS SET OR TIED.
MM INDICATES DATA IS MISSING.
T  INDICATES TRACE AMOUNT.




$$
