650
CDUS41 KPHI 302129
CLITTN


CLIMATE REPORT
NATIONAL WEATHER SERVICE MOUNT HOLLY NJ
528 PM EDT MON MAY 30 2016


...................................

...THE TRENTON NJ CLIMATE SUMMARY FOR MAY 30 2016...
VALID TODAY AS OF 0500 PM LOCAL TIME.

CLIMATE NORMAL PERIOD 1981 TO 2010
CLIMATE RECORD PERIOD 1865 TO 2016


WEATHER ITEM   OBSERVED TIME   RECORD YEAR NORMAL DEPARTURE LAST
                VALUE   (LST)  VALUE       VALUE  FROM      YEAR
                                                  NORMAL
..................................................................
TEMPERATURE (F)
 TODAY
  MAXIMUM         80    144 PM  96    1986  76      4       88
  MINIMUM         67    604 AM  41    1949  55     12       65
  AVERAGE         74                        66      8       77

PRECIPITATION (IN)
  TODAY            0.31          1.62 1912   0.18   0.13     0.00
  MONTH TO DATE    3.55                      4.18  -0.63     0.62
  SINCE MAR 1      6.84                     11.86  -5.02     7.46
  SINCE JAN 1     14.04                     17.33  -3.29    14.05

SNOWFALL (IN)
  TODAY           MM            MM      MM  MM     MM       MM
  MONTH TO DATE   MM                        MM     MM       MM
  SINCE MAR 1     MM                        MM     MM       MM
  SINCE JUL 1     MM                        MM     MM       MM
  SNOW DEPTH      MM

DEGREE DAYS
 HEATING
  TODAY            0                         2     -2        0
  MONTH TO DATE  187                       165     22       67
  SINCE MAR 1   1111                      1319   -208     1290
  SINCE JUL 1   4205                      5133   -928     5373

 COOLING
  TODAY            9                         3      6       12
  MONTH TO DATE   67                        47     20      125
  SINCE MAR 1     79                        55     24      125
  SINCE JAN 1     79                        55     24      125
..................................................................


WIND (MPH)
  HIGHEST WIND SPEED    10   HIGHEST WIND DIRECTION    SW (210)
  HIGHEST GUST SPEED    13   HIGHEST GUST DIRECTION    SW (210)
  AVERAGE WIND SPEED     3.9


SKY COVER
  POSSIBLE SUNSHINE  MM
  AVERAGE SKY COVER 0.8


WEATHER CONDITIONS
 THE FOLLOWING WEATHER WAS RECORDED TODAY.
  THUNDERSTORM
  HEAVY RAIN
  RAIN
  LIGHT RAIN
  FOG


RELATIVE HUMIDITY (PERCENT)
 HIGHEST    93           400 AM
 LOWEST     67          1200 PM
 AVERAGE    80

..........................................................


THE TRENTON NJ CLIMATE NORMALS FOR TOMORROW
                         NORMAL    RECORD    YEAR
 MAXIMUM TEMPERATURE (F)   77        99      1986
 MINIMUM TEMPERATURE (F)   55        42      1930


SUNRISE AND SUNSET
MAY 30 2016...........SUNRISE   532 AM EDT   SUNSET   822 PM EDT
MAY 31 2016...........SUNRISE   532 AM EDT   SUNSET   823 PM EDT


-  INDICATES NEGATIVE NUMBERS.
R  INDICATES RECORD WAS SET OR TIED.
MM INDICATES DATA IS MISSING.
T  INDICATES TRACE AMOUNT.




$$
