000
CDUS41 KPHI 052127
CLITTN


CLIMATE REPORT
NATIONAL WEATHER SERVICE MOUNT HOLLY NJ
426 PM EST MON DEC 5 2016


...................................

...THE TRENTON NJ CLIMATE SUMMARY FOR DECEMBER 5 2016...
VALID TODAY AS OF 0400 PM LOCAL TIME.

CLIMATE NORMAL PERIOD 1981 TO 2010
CLIMATE RECORD PERIOD 1865 TO 2016


WEATHER ITEM   OBSERVED TIME   RECORD YEAR NORMAL DEPARTURE LAST
                VALUE   (LST)  VALUE       VALUE  FROM      YEAR
                                                  NORMAL
..................................................................
TEMPERATURE (F)
 TODAY
  MAXIMUM         49    211 PM  74    2001  46      3       50
  MINIMUM         37    430 AM  10    1926  31      6       31
  AVERAGE         43                        39      4       41

PRECIPITATION (IN)
  TODAY            0.21          1.60 1993   0.13   0.08     0.00
  MONTH TO DATE    0.28                      0.71  -0.43     0.74
  SINCE DEC 1      0.28                      0.71  -0.43     0.74
  SINCE JAN 1     32.45                     43.45 -11.00    36.13

SNOWFALL (IN)
  TODAY           MM            MM      MM  MM     MM       MM
  MONTH TO DATE   MM                        MM     MM       MM
  SINCE DEC 1     MM                        MM     MM       MM
  SINCE JUL 1     MM                        MM     MM       MM
  SNOW DEPTH      MM

DEGREE DAYS
 HEATING
  TODAY           22                        26     -4       24
  MONTH TO DATE  102                       127    -25       95
  SINCE DEC 1    102                       127    -25       95
  SINCE JUL 1    912                      1103   -191      841

 COOLING
  TODAY            0                         0      0        0
  MONTH TO DATE    0                         0      0        0
  SINCE DEC 1      0                         0      0        0
  SINCE JAN 1   1381                       965    416     1275
..................................................................


WIND (MPH)
  HIGHEST WIND SPEED    16   HIGHEST WIND DIRECTION    SW (210)
  HIGHEST GUST SPEED    20   HIGHEST GUST DIRECTION     S (200)
  AVERAGE WIND SPEED     7.9


SKY COVER
  POSSIBLE SUNSHINE  MM
  AVERAGE SKY COVER 0.8


WEATHER CONDITIONS
 THE FOLLOWING WEATHER WAS RECORDED TODAY.
  RAIN
  LIGHT RAIN
  FOG


RELATIVE HUMIDITY (PERCENT)
 HIGHEST    93           900 AM
 LOWEST     55          1200 AM
 AVERAGE    74

..........................................................


THE TRENTON NJ CLIMATE NORMALS FOR TOMORROW
                         NORMAL    RECORD    YEAR
 MAXIMUM TEMPERATURE (F)   46        72      2001
 MINIMUM TEMPERATURE (F)   31        12      1926


SUNRISE AND SUNSET
DECEMBER  5 2016......SUNRISE   707 AM EST   SUNSET   433 PM EST
DECEMBER  6 2016......SUNRISE   708 AM EST   SUNSET   433 PM EST


-  INDICATES NEGATIVE NUMBERS.
R  INDICATES RECORD WAS SET OR TIED.
MM INDICATES DATA IS MISSING.
T  INDICATES TRACE AMOUNT.




$$
