000
CDUS41 KPHI 200549
CLITTN


CLIMATE REPORT
NATIONAL WEATHER SERVICE MOUNT HOLLY NJ
147 AM EDT WED SEP 20 2017


...................................

...THE TRENTON NJ CLIMATE SUMMARY FOR SEPTEMBER 19 2017...

CLIMATE NORMAL PERIOD 1981 TO 2010
CLIMATE RECORD PERIOD 1865 TO 2017


WEATHER ITEM   OBSERVED TIME   RECORD YEAR NORMAL DEPARTURE LAST
                VALUE   (LST)  VALUE       VALUE  FROM      YEAR
                                                  NORMAL
..................................................................
TEMPERATURE (F)
 YESTERDAY
  MAXIMUM         79   1237 PM  93    1983  75      4       74
  MINIMUM         69    935 PM  41    1929  55     14       68
  AVERAGE         74                        65      9       71

PRECIPITATION (IN)
  YESTERDAY        0.03          3.10 1989   0.16  -0.13     1.32
  MONTH TO DATE    1.86                      2.53  -0.67     1.73
  SINCE SEP 1      1.86                      2.53  -0.67     1.73
  SINCE JAN 1     33.03                     33.51  -0.48    26.53

DEGREE DAYS
 HEATING
  YESTERDAY        0                         2     -2        0
  MONTH TO DATE   20                        16      4        0
  SINCE SEP 1     20                        16      4        0
  SINCE JUL 1     21                        19      2        0

 COOLING
  YESTERDAY        9                         2      7        6
  MONTH TO DATE   72                        83    -11      168
  SINCE SEP 1     72                        83    -11      168
  SINCE JAN 1    992                       939     53     1319
..................................................................


WIND (MPH)
  HIGHEST WIND SPEED    21   HIGHEST WIND DIRECTION    NE (50)
  HIGHEST GUST SPEED    29   HIGHEST GUST DIRECTION    NE (50)
  AVERAGE WIND SPEED    11.6


SKY COVER
  POSSIBLE SUNSHINE  MM
  AVERAGE SKY COVER 0.9


WEATHER CONDITIONS
 THE FOLLOWING WEATHER WAS RECORDED YESTERDAY.
  RAIN
  LIGHT RAIN
  FOG


RELATIVE HUMIDITY (PERCENT)
 HIGHEST    90          1200 AM
 LOWEST     62           100 PM
 AVERAGE    76

..........................................................


THE TRENTON NJ CLIMATE NORMALS FOR TODAY
                         NORMAL    RECORD    YEAR
 MAXIMUM TEMPERATURE (F)   75        94      1895
 MINIMUM TEMPERATURE (F)   55        37      1993


SUNRISE AND SUNSET
SEPTEMBER 20 2017.....SUNRISE   645 AM EDT   SUNSET   659 PM EDT
SEPTEMBER 21 2017.....SUNRISE   646 AM EDT   SUNSET   658 PM EDT


-  INDICATES NEGATIVE NUMBERS.
R  INDICATES RECORD WAS SET OR TIED.
MM INDICATES DATA IS MISSING.
T  INDICATES TRACE AMOUNT.




$$
