000
CDUS41 KPHI 150632
CLITTN


CLIMATE REPORT
NATIONAL WEATHER SERVICE MOUNT HOLLY NJ
230 AM EDT MON SEP 15 2014


...................................

...THE TRENTON NJ CLIMATE SUMMARY FOR SEPTEMBER 14 2014...

CLIMATE NORMAL PERIOD 1981 TO 2010
CLIMATE RECORD PERIOD 1865 TO 2014


WEATHER ITEM   OBSERVED TIME   RECORD YEAR NORMAL DEPARTURE LAST
                VALUE   (LST)  VALUE       VALUE  FROM      YEAR
                                                  NORMAL
..................................................................
TEMPERATURE (F)
 YESTERDAY
  MAXIMUM         69    328 PM  91    2008  77     -8       65
                                      1915
  MINIMUM         49    553 AM  41    1985  57     -8       48
  AVERAGE         59                        67     -8       57

PRECIPITATION (IN)
  YESTERDAY        0.00          3.07 1966   0.18  -0.18     0.00
  MONTH TO DATE    0.57                      1.71  -1.14     0.52
  SINCE SEP 1      0.57                      1.71  -1.14     0.52
  SINCE JAN 1     32.03                     32.69  -0.66    32.87

SNOWFALL (IN)
  YESTERDAY       MM            MM      MM  MM     MM       MM
  MONTH TO DATE   MM                        MM     MM       MM
  SINCE SEP 1     MM                        MM     MM       MM
  SINCE JUL 1     MM                        MM     MM       MM
  SNOW DEPTH      MM

DEGREE DAYS
 HEATING
  YESTERDAY        6                         1      5        8
  MONTH TO DATE    9                         7      2       15
  SINCE SEP 1      9                         7      2       15
  SINCE JUL 1      9                        10     -1       15

 COOLING
  YESTERDAY        0                         3     -3        0
  MONTH TO DATE  110                        69     41       90
  SINCE SEP 1    110                        69     41       90
  SINCE JAN 1    893                       925    -32     1040
..................................................................


WIND (MPH)
  HIGHEST WIND SPEED    13   HIGHEST WIND DIRECTION     N (350)
  HIGHEST GUST SPEED    17   HIGHEST GUST DIRECTION    NW (300)
  AVERAGE WIND SPEED     4.0


SKY COVER
  POSSIBLE SUNSHINE  MM
  AVERAGE SKY COVER 0.0


WEATHER CONDITIONS
 THE FOLLOWING WEATHER WAS RECORDED YESTERDAY.
  NO SIGNIFICANT WEATHER WAS OBSERVED.


RELATIVE HUMIDITY (PERCENT)
 HIGHEST    93          1200 AM
 LOWEST     45           300 PM
 AVERAGE    69

..........................................................


THE TRENTON NJ CLIMATE NORMALS FOR TODAY
                         NORMAL    RECORD    YEAR
 MAXIMUM TEMPERATURE (F)   77        92      1927
 MINIMUM TEMPERATURE (F)   57        38      1985


SUNRISE AND SUNSET
SEPTEMBER 15 2014.....SUNRISE   640 AM EDT   SUNSET   708 PM EDT
SEPTEMBER 16 2014.....SUNRISE   641 AM EDT   SUNSET   706 PM EDT


-  INDICATES NEGATIVE NUMBERS.
R  INDICATES RECORD WAS SET OR TIED.
MM INDICATES DATA IS MISSING.
T  INDICATES TRACE AMOUNT.




$$
