448
CDUS44 KTSA 100648
CLITUL

CLIMATE REPORT
NATIONAL WEATHER SERVICE TULSA OK
1248 AM CST WED FEB 10 2016


...................................

...THE TULSA OKLAHOMA CLIMATE SUMMARY FOR FEBRUARY 9 2016...

CLIMATE NORMAL PERIOD 1981 TO 2010
CLIMATE RECORD PERIOD 1882 TO 2016


WEATHER ITEM   OBSERVED TIME   RECORD YEAR NORMAL DEPARTURE LAST
                VALUE   (LST)  VALUE       VALUE  FROM      YEAR
                                                  NORMAL
..................................................................
TEMPERATURE (F)
 YESTERDAY
  MAXIMUM         48    230 PM  82    1932  52     -4       59
  MINIMUM         29   1159 PM  -3    1979  30     -1       38
  AVERAGE         39                        41     -2       49

PRECIPITATION (IN)
  YESTERDAY        0.00          0.79 1908   0.07  -0.07     0.00
  MONTH TO DATE    0.11                      0.51  -0.40     0.11
  SINCE DEC 1      9.32                      4.66   4.66     2.83
  SINCE JAN 1      0.72                      2.17  -1.45     0.86

SNOWFALL (IN)
  YESTERDAY        0.0                                       0.0
  MONTH TO DATE    0.0                                        T
  SINCE DEC 1      3.0                                       2.0
  SINCE JUL 1      3.0                                       2.4

DEGREE DAYS
 HEATING
  YESTERDAY       26                        24      2       16
  MONTH TO DATE  193                       227    -34      212
  SINCE DEC 1   1580                      1864   -284     1721
  SINCE JUL 1   2055                      2500   -445     2422
..................................................................


WIND (MPH)
  HIGHEST WIND SPEED    36   HIGHEST WIND DIRECTION    NW (330)
  HIGHEST GUST SPEED    42   HIGHEST GUST DIRECTION     N (340)
  AVERAGE WIND SPEED    15.3


SKY COVER
  POSSIBLE SUNSHINE  MM
  AVERAGE SKY COVER 0.3


WEATHER CONDITIONS
 THE FOLLOWING WEATHER WAS RECORDED YESTERDAY.
  NO SIGNIFICANT WEATHER WAS OBSERVED.


RELATIVE HUMIDITY (PERCENT)
 HIGHEST    63           200 AM
 LOWEST     25           200 PM
 AVERAGE    44

..........................................................


THE TULSA OKLAHOMA CLIMATE NORMALS FOR TODAY
                         NORMAL    RECORD    YEAR
 MAXIMUM TEMPERATURE (F)   52        81      1922
 MINIMUM TEMPERATURE (F)   30       -12      2011


SUNRISE AND SUNSET
FEBRUARY 10 2016......SUNRISE   717 AM CST   SUNSET   559 PM CST
FEBRUARY 11 2016......SUNRISE   716 AM CST   SUNSET   600 PM CST


-  INDICATES NEGATIVE NUMBERS.
R  INDICATES RECORD WAS SET OR TIED.
MM INDICATES DATA IS MISSING.
T  INDICATES TRACE AMOUNT.




$$

&&
...........................................................

THE TULSA PRECIPITATION NORMALS FOR TODAY
                       NORMAL    RECORD      YEAR
  TODAY                 0.06      2.00       1898
  MONTH TO DATE         0.57
  YEAR TO DATE          2.23
...........................................................
ALL DATA MEASURED AT THE TULSA INTERNATIONAL AIRPORT...
EXCEPT SNOWFALL...WHICH IS MEASURED AT THE NWS OFFICE.
