000
CDUS44 KTSA 030701
CLITUL

CLIMATE REPORT
NATIONAL WEATHER SERVICE TULSA OK
147 AM CDT WED JUN 3 2015


...................................

...THE TULSA OKLAHOMA CLIMATE SUMMARY FOR JUNE 2 2015...

CLIMATE NORMAL PERIOD 1981 TO 2010
CLIMATE RECORD PERIOD 1882 TO 2015


WEATHER ITEM   OBSERVED TIME   RECORD YEAR NORMAL DEPARTURE LAST
                VALUE   (LST)  VALUE       VALUE  FROM      YEAR
                                                  NORMAL
..................................................................
TEMPERATURE (F)
 YESTERDAY
  MAXIMUM         86    430 PM 102    1911  84      2       86
  MINIMUM         64    537 AM  49    1907  64      0       66
  AVERAGE         75                        74      1       76

PRECIPITATION (IN)
  YESTERDAY        0.00          2.14 1973   0.19  -0.19     1.53
  MONTH TO DATE    0.00                      0.37  -0.37     1.53
  SINCE JUN 1      0.00                      0.37  -0.37     1.53
  SINCE JAN 1     24.90                     16.87   8.03     9.98

DEGREE DAYS
 COOLING
  YESTERDAY       10                         9      1       11
  MONTH TO DATE   13                        18     -5       24
  SINCE JUN 1     13                        18     -5       24
  SINCE JAN 1    218                       252    -34      295
..................................................................


WIND (MPH)
  HIGHEST WIND SPEED    16   HIGHEST WIND DIRECTION    SE (150)
  HIGHEST GUST SPEED    22   HIGHEST GUST DIRECTION    SE (150)
  AVERAGE WIND SPEED     8.1


SKY COVER
  POSSIBLE SUNSHINE  MM
  AVERAGE SKY COVER 0.7


WEATHER CONDITIONS
 THE FOLLOWING WEATHER WAS RECORDED YESTERDAY.
  NO SIGNIFICANT WEATHER WAS OBSERVED.


RELATIVE HUMIDITY (PERCENT)
 HIGHEST    93           300 AM
 LOWEST     51           100 PM
 AVERAGE    72

..........................................................


THE TULSA OKLAHOMA CLIMATE NORMALS FOR TODAY
                         NORMAL    RECORD    YEAR
 MAXIMUM TEMPERATURE (F)   84       101      1911
 MINIMUM TEMPERATURE (F)   64        52      2013
                                             1946
                                             1922


SUNRISE AND SUNSET
JUNE  3 2015..........SUNRISE   607 AM CDT   SUNSET   837 PM CDT
JUNE  4 2015..........SUNRISE   607 AM CDT   SUNSET   837 PM CDT


-  INDICATES NEGATIVE NUMBERS.
R  INDICATES RECORD WAS SET OR TIED.
MM INDICATES DATA IS MISSING.
T  INDICATES TRACE AMOUNT.




$$

&&
...........................................................

THE TULSA PRECIPITATION NORMALS FOR TODAY
                       NORMAL    RECORD      YEAR
  TODAY                 0.18      2.30       2010
  MONTH TO DATE         0.55
  YEAR TO DATE         17.05
...........................................................
ALL DATA MEASURED AT THE TULSA INTERNATIONAL AIRPORT...
EXCEPT SNOWFALL...WHICH IS MEASURED AT THE NWS OFFICE.
