000
CDUS44 KTSA 050658
CLITUL

CLIMATE REPORT
NATIONAL WEATHER SERVICE TULSA OK
158 AM CDT WED AUG 5 2015

...................................

...THE TULSA OKLAHOMA CLIMATE SUMMARY FOR AUGUST 4 2015...

CLIMATE NORMAL PERIOD 1981 TO 2010
CLIMATE RECORD PERIOD 1882 TO 2015


WEATHER ITEM   OBSERVED TIME   RECORD YEAR NORMAL DEPARTURE LAST
                VALUE   (LST)  VALUE       VALUE  FROM      YEAR
                                                  NORMAL
..................................................................
TEMPERATURE (F)
 YESTERDAY
  MAXIMUM         85    306 PM 111    1923  94     -9       92
  MINIMUM         76    449 AM  52    1920  73      3       70
  AVERAGE         81                        84     -3       81

PRECIPITATION (IN)
  YESTERDAY        T             2.25 1928   0.09  -0.09     0.00
  MONTH TO DATE    T                         0.36  -0.36     0.00
  SINCE JUN 1     11.49                      8.44   3.05     9.09
  SINCE JAN 1     36.39                     24.94  11.45    17.54

DEGREE DAYS
 COOLING
  YESTERDAY       16                        19     -3       16
  MONTH TO DATE   71                        76     -5       54
  SINCE JUN 1   1154                      1010    144      875
  SINCE JAN 1   1359                      1244    115     1146
..................................................................


WIND (MPH)
  HIGHEST WIND SPEED    14   HIGHEST WIND DIRECTION    SE (120)
  HIGHEST GUST SPEED    20   HIGHEST GUST DIRECTION    SW (210)
  AVERAGE WIND SPEED     6.4


SKY COVER
  POSSIBLE SUNSHINE  MM
  AVERAGE SKY COVER 0.9


WEATHER CONDITIONS
 THE FOLLOWING WEATHER WAS RECORDED YESTERDAY.
  LIGHT RAIN


RELATIVE HUMIDITY (PERCENT)
 HIGHEST    85           900 PM
 LOWEST     65           400 PM
 AVERAGE    75

..........................................................


THE TULSA OKLAHOMA CLIMATE NORMALS FOR TODAY
                         NORMAL    RECORD    YEAR
 MAXIMUM TEMPERATURE (F)   94       112      2011
 MINIMUM TEMPERATURE (F)   73        56      1948


SUNRISE AND SUNSET
AUGUST  5 2015........SUNRISE   634 AM CDT   SUNSET   825 PM CDT
AUGUST  6 2015........SUNRISE   634 AM CDT   SUNSET   824 PM CDT


-  INDICATES NEGATIVE NUMBERS.
R  INDICATES RECORD WAS SET OR TIED.
MM INDICATES DATA IS MISSING.
T  INDICATES TRACE AMOUNT.




$$

&&
...........................................................

THE TULSA PRECIPITATION NORMALS FOR TODAY
                       NORMAL    RECORD      YEAR
  TODAY                 0.08      1.64       1906
  MONTH TO DATE         0.44
  YEAR TO DATE         25.02
...........................................................
ALL DATA MEASURED AT THE TULSA INTERNATIONAL AIRPORT...
EXCEPT SNOWFALL...WHICH IS MEASURED AT THE NWS OFFICE.
