000
CDUS44 KTSA 290802
CLITUL

CLIMATE REPORT
NATIONAL WEATHER SERVICE TULSA OK
302 AM CDT SAT APR 29 2017


...................................

...THE TULSA OKLAHOMA CLIMATE SUMMARY FOR APRIL 28 2017...

CLIMATE NORMAL PERIOD 1981 TO 2010
CLIMATE RECORD PERIOD 1882 TO 2017


WEATHER ITEM   OBSERVED TIME   RECORD YEAR NORMAL DEPARTURE LAST
                VALUE   (LST)  VALUE       VALUE  FROM      YEAR
                                                  NORMAL
..................................................................
TEMPERATURE (F)
 YESTERDAY
  MAXIMUM         76    211 PM  88    1970  75      1       74
                                      1910
  MINIMUM         57    524 AM  37    1965  54      3       48
  AVERAGE         67                        64      3       61

PRECIPITATION (IN)
  YESTERDAY        0.45          3.04 1912   0.16   0.29     0.00
  MONTH TO DATE    7.62                      3.46   4.16     5.28
  SINCE MAR 1      9.39                      6.75   2.64     8.14
  SINCE JAN 1     13.99                     10.26   3.73     9.34

SNOWFALL (IN)
  YESTERDAY        0.0                                       0.0
  MONTH TO DATE    T                                         0.0
  SINCE MAR 1      T                                         0.0
  SINCE JUL 1      0.7                                       3.0

DEGREE DAYS
 HEATING
  YESTERDAY        0                         3     -3        4
  MONTH TO DATE  108                       181    -73       81
  SINCE MAR 1    402                       619   -217      348
  SINCE JUL 1   2623                      3530   -907     2680

 COOLING
  YESTERDAY        2                         3     -1        0
  MONTH TO DATE   64                        47     17       38
  SINCE MAR 1    104                        58     46       47
  SINCE JAN 1    120                        59     61       53
..................................................................


WIND (MPH)
  HIGHEST WIND SPEED    20   HIGHEST WIND DIRECTION     N (20)
  HIGHEST GUST SPEED    24   HIGHEST GUST DIRECTION    SE (120)
  AVERAGE WIND SPEED     8.4


SKY COVER
  POSSIBLE SUNSHINE  MM
  AVERAGE SKY COVER 1.0


WEATHER CONDITIONS
 THE FOLLOWING WEATHER WAS RECORDED YESTERDAY.
  THUNDERSTORM
  HEAVY RAIN
  RAIN
  LIGHT RAIN
  FOG


RELATIVE HUMIDITY (PERCENT)
 HIGHEST    93          1200 AM
 LOWEST     60           200 PM
 AVERAGE    77

..........................................................


THE TULSA OKLAHOMA CLIMATE NORMALS FOR TODAY
                         NORMAL    RECORD    YEAR
 MAXIMUM TEMPERATURE (F)   75        92      1987
 MINIMUM TEMPERATURE (F)   54        38      1969


SUNRISE AND SUNSET
APRIL 29 2017.........SUNRISE   633 AM CDT   SUNSET   810 PM CDT
APRIL 30 2017.........SUNRISE   631 AM CDT   SUNSET   811 PM CDT


-  INDICATES NEGATIVE NUMBERS.
R  INDICATES RECORD WAS SET OR TIED.
MM INDICATES DATA IS MISSING.
T  INDICATES TRACE AMOUNT.




$$

&&
...........................................................

THE TULSA PRECIPITATION NORMALS FOR TODAY
                       NORMAL    RECORD      YEAR
  TODAY                 0.16      1.99       1994
  MONTH TO DATE         3.62
  YEAR TO DATE         10.42
...........................................................
ALL DATA MEASURED AT THE TULSA INTERNATIONAL AIRPORT...
EXCEPT SNOWFALL...WHICH IS MEASURED AT THE NWS OFFICE.
