000
CDUS44 KTSA 230652
CLITUL

CLIMATE REPORT
NATIONAL WEATHER SERVICE TULSA OK
147 AM CDT TUE SEP 23 2014

...................................

...THE TULSA OKLAHOMA CLIMATE SUMMARY FOR SEPTEMBER 22 2014...

CLIMATE NORMAL PERIOD 1981 TO 2010
CLIMATE RECORD PERIOD 1882 TO 2014


WEATHER ITEM   OBSERVED TIME   RECORD YEAR NORMAL DEPARTURE LAST
                VALUE   (LST)  VALUE       VALUE  FROM      YEAR
                                                  NORMAL
..................................................................
TEMPERATURE (F)
 YESTERDAY
  MAXIMUM         79    421 PM  99    1921  81     -2       80
  MINIMUM         51    626 AM  37    1995  59     -8       51
  AVERAGE         65                        70     -5       66

PRECIPITATION (IN)
  YESTERDAY        0.00          3.78 1970   0.15  -0.15     0.00
  MONTH TO DATE    2.19                      3.15  -0.96     1.24
  SINCE SEP 1      2.19                      3.15  -0.96     1.24
  SINCE JAN 1     20.71                     30.63  -9.92    24.62

DEGREE DAYS
 HEATING
  YESTERDAY        0                         1     -1        0
  MONTH TO DATE   12                         8      4        0
  SINCE SEP 1     12                         8      4        0
  SINCE JUL 1     13                         8      5        0

 COOLING
  YESTERDAY        0                         6     -6        1
  MONTH TO DATE  227                       221      6      302
  SINCE SEP 1    227                       221      6      302
  SINCE JAN 1   1880                      1922    -42     1931
..................................................................


WIND (MPH)
  HIGHEST WIND SPEED    12   HIGHEST WIND DIRECTION    NE (60)
  HIGHEST GUST SPEED    15   HIGHEST GUST DIRECTION    NE (60)
  AVERAGE WIND SPEED     4.9


SKY COVER
  POSSIBLE SUNSHINE  MM
  AVERAGE SKY COVER 0.3


WEATHER CONDITIONS
 THE FOLLOWING WEATHER WAS RECORDED YESTERDAY.
  NO SIGNIFICANT WEATHER WAS OBSERVED.


RELATIVE HUMIDITY (PERCENT)
 HIGHEST    96           600 AM
 LOWEST     35           200 PM
 AVERAGE    66

..........................................................


THE TULSA OKLAHOMA CLIMATE NORMALS FOR TODAY
                         NORMAL    RECORD    YEAR
 MAXIMUM TEMPERATURE (F)   81       101      1931
 MINIMUM TEMPERATURE (F)   59        37      1995


SUNRISE AND SUNSET
SEPTEMBER 23 2014.....SUNRISE   712 AM CDT   SUNSET   719 PM CDT
SEPTEMBER 24 2014.....SUNRISE   713 AM CDT   SUNSET   717 PM CDT


-  INDICATES NEGATIVE NUMBERS.
R  INDICATES RECORD WAS SET OR TIED.
MM INDICATES DATA IS MISSING.
T  INDICATES TRACE AMOUNT.


$$

&&
...........................................................

THE TULSA PRECIPITATION NORMALS FOR TODAY
                       NORMAL    RECORD      YEAR
  TODAY                 0.14      2.25       1997
  MONTH TO DATE         3.29
  YEAR TO DATE         30.77
...........................................................
ALL DATA MEASURED AT THE TULSA INTERNATIONAL AIRPORT...
EXCEPT SNOWFALL...WHICH IS MEASURED AT THE NWS OFFICE.
