693
CDUS44 KTSA 250651
CLITUL

CLIMATE REPORT
NATIONAL WEATHER SERVICE TULSA OK
147 AM CDT WED MAY 25 2016


...................................

...THE TULSA OKLAHOMA CLIMATE SUMMARY FOR MAY 24 2016...

CLIMATE NORMAL PERIOD 1981 TO 2010
CLIMATE RECORD PERIOD 1882 TO 2016


WEATHER ITEM   OBSERVED TIME   RECORD YEAR NORMAL DEPARTURE LAST
                VALUE   (LST)  VALUE       VALUE  FROM      YEAR
                                                  NORMAL
..................................................................
TEMPERATURE (F)
 YESTERDAY
  MAXIMUM         86    208 PM  94    1911  81      5       70
  MINIMUM         68    346 AM  42    1935  62      6       61
  AVERAGE         77                        71      6       66

PRECIPITATION (IN)
  YESTERDAY        0.15          3.16 1908   0.19  -0.04     0.62
  MONTH TO DATE    2.40                      4.59  -2.19    11.85
  SINCE MAR 1     11.15                     11.67  -0.52    19.66
  SINCE JAN 1     12.35                     15.18  -2.83    21.98

DEGREE DAYS
 COOLING
  YESTERDAY       12                         7      5        1
  MONTH TO DATE   80                       114    -34       94
  SINCE MAR 1    128                       178    -50      168
  SINCE JAN 1    134                       179    -45      168
..................................................................


WIND (MPH)
  HIGHEST WIND SPEED    28   HIGHEST WIND DIRECTION    SE (130)
  HIGHEST GUST SPEED    37   HIGHEST GUST DIRECTION    SE (120)
  AVERAGE WIND SPEED    10.6


SKY COVER
  POSSIBLE SUNSHINE  MM
  AVERAGE SKY COVER 0.9


WEATHER CONDITIONS
 THE FOLLOWING WEATHER WAS RECORDED YESTERDAY.
  THUNDERSTORM
  HEAVY RAIN
  LIGHT RAIN
  FOG


RELATIVE HUMIDITY (PERCENT)
 HIGHEST    90          1200 AM
 LOWEST     55           100 PM
 AVERAGE    73

..........................................................


THE TULSA OKLAHOMA CLIMATE NORMALS FOR TODAY
                         NORMAL    RECORD    YEAR
 MAXIMUM TEMPERATURE (F)   82        97      2006
 MINIMUM TEMPERATURE (F)   62        45      1925


SUNRISE AND SUNSET
MAY 25 2016...........SUNRISE   610 AM CDT   SUNSET   831 PM CDT
MAY 26 2016...........SUNRISE   610 AM CDT   SUNSET   832 PM CDT


-  INDICATES NEGATIVE NUMBERS.
R  INDICATES RECORD WAS SET OR TIED.
MM INDICATES DATA IS MISSING.
T  INDICATES TRACE AMOUNT.




$$

&&
...........................................................

THE TULSA PRECIPITATION NORMALS FOR TODAY
                       NORMAL    RECORD      YEAR
  TODAY                 0.19      1.80       1974
  MONTH TO DATE         4.78
  YEAR TO DATE         15.37
...........................................................
ALL DATA MEASURED AT THE TULSA INTERNATIONAL AIRPORT...
EXCEPT SNOWFALL...WHICH IS MEASURED AT THE NWS OFFICE.
