000
CDUS44 KMEG 282148
CLITUP


CLIMATE REPORT
NATIONAL WEATHER SERVICE MEMPHIS TN
447 PM CDT TUE JUL 28 2015


...................................

...THE TUPELO CLIMATE SUMMARY FOR JULY 28 2015...
VALID TODAY AS OF 0400 PM LOCAL TIME.

CLIMATE NORMAL PERIOD 1981 TO 2010
CLIMATE RECORD PERIOD 1930 TO 2015


WEATHER ITEM   OBSERVED TIME   RECORD YEAR NORMAL DEPARTURE LAST
                VALUE   (LST)  VALUE       VALUE  FROM      YEAR
                                                  NORMAL
..................................................................
TEMPERATURE (F)
 TODAY
  MAXIMUM         98    155 PM 106    1952  92      6       86
  MINIMUM         77    538 AM  57    1937  71      6       69
  AVERAGE         88                        82      6       78

PRECIPITATION (IN)
  TODAY            0.00          1.42 2009   0.12  -0.12     0.00
  MONTH TO DATE   10.19                      3.54   6.65     6.06
  SINCE JUN 1     13.57                      8.06   5.51    14.40
  SINCE JAN 1     45.98                     32.66  13.32    34.57

SNOWFALL (IN)
  TODAY            0.0

DEGREE DAYS
 HEATING
  TODAY            0                         0      0        0
  MONTH TO DATE    0                         0      0        0
  SINCE JUN 1      0                         0      0        0
  SINCE JUL 1      0                         0      0        0

 COOLING
  TODAY           23                        17      6       13
  MONTH TO DATE  511                       465     46      341
  SINCE JUN 1    944                       860     84      761
  SINCE JAN 1   1249                      1137    112     1035
..................................................................


WIND (MPH)
  HIGHEST WIND SPEED     8   HIGHEST WIND DIRECTION     N (340)
  HIGHEST GUST SPEED    14   HIGHEST GUST DIRECTION    NW (300)
  AVERAGE WIND SPEED     2.5


SKY COVER
  POSSIBLE SUNSHINE  MM
  AVERAGE SKY COVER 0.0


WEATHER CONDITIONS
 THE FOLLOWING WEATHER WAS RECORDED TODAY.
  FOG


RELATIVE HUMIDITY (PERCENT)
 HIGHEST    91          1200 AM
 LOWEST     43           100 PM
 AVERAGE    67

..........................................................


THE TUPELO CLIMATE NORMALS FOR TOMORROW
                         NORMAL    RECORD    YEAR
 MAXIMUM TEMPERATURE (F)   92       109      1930
 MINIMUM TEMPERATURE (F)   71        59      1937


SUNRISE AND SUNSET
JULY 28 2015..........SUNRISE   603 AM CDT   SUNSET   800 PM CDT
JULY 29 2015..........SUNRISE   604 AM CDT   SUNSET   759 PM CDT


-  INDICATES NEGATIVE NUMBERS.
R  INDICATES RECORD WAS SET OR TIED.
MM INDICATES DATA IS MISSING.
T  INDICATES TRACE AMOUNT.




$$
