000
CDUS44 KMEG 110733
CLITUP


CLIMATE REPORT
NATIONAL WEATHER SERVICE MEMPHIS TN
132 AM CST THU FEB 11 2016


...................................

...THE TUPELO CLIMATE SUMMARY FOR FEBRUARY 10 2016...

CLIMATE NORMAL PERIOD 1981 TO 2010
CLIMATE RECORD PERIOD 1930 TO 2016


WEATHER ITEM   OBSERVED TIME   RECORD YEAR NORMAL DEPARTURE LAST
                VALUE   (LST)  VALUE       VALUE  FROM      YEAR
                                                  NORMAL
..................................................................
TEMPERATURE (F)
 YESTERDAY
  MAXIMUM         46    405 PM  82    1938  55     -9       51
  MINIMUM         20    146 AM   7    1971  34    -14       31
  AVERAGE         33                        45    -12       41

PRECIPITATION (IN)
  YESTERDAY        0.00          3.67 1994   0.17  -0.17     0.00
  MONTH TO DATE    1.26                      1.63  -0.37     0.42
  SINCE DEC 1     12.46                     12.39   0.07     9.74
  SINCE JAN 1      5.10                      6.11  -1.01     4.66

SNOWFALL (IN)
  YESTERDAY        0.0           0.9  1986   0.1   -0.1      0.0
  MONTH TO DATE    0.0                       0.3   -0.3      0.0
  SINCE DEC 1      T                         1.5   -1.5       T
  SINCE JUL 1      T                         1.5   -1.5       T
  SNOW DEPTH       0

DEGREE DAYS
 HEATING
  YESTERDAY       32                        20     12       24
  MONTH TO DATE  199                       213    -14      226
  SINCE DEC 1   1307                      1587   -280     1526
  SINCE JUL 1   1648                      2109   -461     2163

 COOLING
  YESTERDAY        0                         0      0        0
  MONTH TO DATE    0                         0      0        0
  SINCE DEC 1     27                         3     24        0
  SINCE JAN 1      0                         1     -1        0
..................................................................


WIND (MPH)
  HIGHEST WIND SPEED    14   HIGHEST WIND DIRECTION     W (290)
  HIGHEST GUST SPEED    20   HIGHEST GUST DIRECTION    NW (300)
  AVERAGE WIND SPEED     5.0


SKY COVER
  POSSIBLE SUNSHINE  MM
  AVERAGE SKY COVER 0.1


WEATHER CONDITIONS
 THE FOLLOWING WEATHER WAS RECORDED YESTERDAY.
  NO SIGNIFICANT WEATHER WAS OBSERVED.


RELATIVE HUMIDITY (PERCENT)
 HIGHEST    69          1000 PM
 LOWEST     20           200 PM
 AVERAGE    45

..........................................................


THE TUPELO CLIMATE NORMALS FOR TODAY
                         NORMAL    RECORD    YEAR
 MAXIMUM TEMPERATURE (F)   56        78      1999
                                             1938
 MINIMUM TEMPERATURE (F)   34        14      2011
                                             1973


SUNRISE AND SUNSET
FEBRUARY 11 2016......SUNRISE   644 AM CST   SUNSET   534 PM CST
FEBRUARY 12 2016......SUNRISE   644 AM CST   SUNSET   535 PM CST


-  INDICATES NEGATIVE NUMBERS.
R  INDICATES RECORD WAS SET OR TIED.
MM INDICATES DATA IS MISSING.
T  INDICATES TRACE AMOUNT.




$$
