000
CDUS44 KMEG 012203
CLITUP


CLIMATE REPORT
NATIONAL WEATHER SERVICE MEMPHIS TN
503 PM CDT SUN MAY 1 2016


...................................

...THE TUPELO CLIMATE SUMMARY FOR MAY 1 2016...
VALID TODAY AS OF 0500 PM LOCAL TIME.

CLIMATE NORMAL PERIOD 1981 TO 2010
CLIMATE RECORD PERIOD 1930 TO 2016


WEATHER ITEM   OBSERVED TIME   RECORD YEAR NORMAL DEPARTURE LAST
                VALUE   (LST)  VALUE       VALUE  FROM      YEAR
                                                  NORMAL
..................................................................
TEMPERATURE (F)
 TODAY
  MAXIMUM         78    356 PM  94    1959  78      0       72
  MINIMUM         63    526 AM  40    1971  55      8       46
                                      1969
                                      1963
  AVERAGE         71                        67      4       59

PRECIPITATION (IN)
  TODAY            0.00          4.68 1978   0.19  -0.19     0.00
  MONTH TO DATE    0.00                      0.19  -0.19     0.00
  SINCE MAR 1     13.74                      9.79   3.95    14.16
  SINCE JAN 1     20.91                     19.23   1.68    23.32

SNOWFALL (IN)
  TODAY            0.0

DEGREE DAYS
 HEATING
  TODAY            0                         2     -2        6
  MONTH TO DATE    0                         2     -2        6
  SINCE MAR 1    324                       503   -179      420
  SINCE JUL 1   2261                      2934   -673     3138

 COOLING
  TODAY            6                         3      3        0
  MONTH TO DATE    6                         3      3        0
  SINCE MAR 1     96                        77     19       76
  SINCE JAN 1     96                        79     17       76
..................................................................


WIND (MPH)
  HIGHEST WIND SPEED    20   HIGHEST WIND DIRECTION    SE (150)
  HIGHEST GUST SPEED    27   HIGHEST GUST DIRECTION    SE (150)
  AVERAGE WIND SPEED     6.6


SKY COVER
  POSSIBLE SUNSHINE  MM
  AVERAGE SKY COVER 0.8


WEATHER CONDITIONS
 THE FOLLOWING WEATHER WAS RECORDED TODAY.
  NO SIGNIFICANT WEATHER WAS OBSERVED.


RELATIVE HUMIDITY (PERCENT)
 HIGHEST    87          1200 AM
 LOWEST     69          1100 AM
 AVERAGE    78

..........................................................


THE TUPELO CLIMATE NORMALS FOR TOMORROW
                         NORMAL    RECORD    YEAR
 MAXIMUM TEMPERATURE (F)   78        91      1959
 MINIMUM TEMPERATURE (F)   55        38      1981
                                             1976


SUNRISE AND SUNSET
MAY  1 2016...........SUNRISE   605 AM CDT   SUNSET   740 PM CDT
MAY  2 2016...........SUNRISE   604 AM CDT   SUNSET   740 PM CDT


-  INDICATES NEGATIVE NUMBERS.
R  INDICATES RECORD WAS SET OR TIED.
MM INDICATES DATA IS MISSING.
T  INDICATES TRACE AMOUNT.




$$
