000
CDUS44 KMEG 232214
CLITUP


CLIMATE REPORT
NATIONAL WEATHER SERVICE MEMPHIS TN
512 PM CDT THU MAR 23 2017


...................................

...THE TUPELO CLIMATE SUMMARY FOR MARCH 23 2017...
VALID TODAY AS OF 0500 PM LOCAL TIME.

CLIMATE NORMAL PERIOD 1981 TO 2010
CLIMATE RECORD PERIOD 1930 TO 2017


WEATHER ITEM   OBSERVED TIME   RECORD YEAR NORMAL DEPARTURE LAST
                VALUE   (LST)  VALUE       VALUE  FROM      YEAR
                                                  NORMAL
..................................................................
TEMPERATURE (F)
 TODAY
  MAXIMUM         78    411 PM  86    1939  68     10       77
  MINIMUM         46    350 AM  24    1977  44      2       50
  AVERAGE         62                        56      6       64

PRECIPITATION (IN)
  TODAY            0.00          2.26 1969   0.15  -0.15     0.00
  MONTH TO DATE    2.09                      3.64  -1.55     3.88
  SINCE MAR 1      2.09                      3.64  -1.55     3.88
  SINCE JAN 1     10.56                     13.08  -2.52    11.05

SNOWFALL (IN)
  TODAY            0.0

DEGREE DAYS
 HEATING
  TODAY            3                        10     -7        1
  MONTH TO DATE  285                       286     -1      177
  SINCE MAR 1    285                       286     -1      177
  SINCE JUL 1   1903                      2717   -814     2114

 COOLING
  TODAY            0                         1     -1        0
  MONTH TO DATE   10                         1      9       22
  SINCE MAR 1     10                         1      9       22
  SINCE JAN 1     22                         3     19       22
..................................................................


WIND (MPH)
  HIGHEST WIND SPEED    16   HIGHEST WIND DIRECTION    SE (150)
  HIGHEST GUST SPEED    19   HIGHEST GUST DIRECTION    SE (140)
  AVERAGE WIND SPEED     6.3


SKY COVER
  POSSIBLE SUNSHINE  MM
  AVERAGE SKY COVER 0.3


WEATHER CONDITIONS
 THE FOLLOWING WEATHER WAS RECORDED TODAY.
  NO SIGNIFICANT WEATHER WAS OBSERVED.


RELATIVE HUMIDITY (PERCENT)
 HIGHEST    56           500 AM
 LOWEST     31          1100 AM
 AVERAGE    44

..........................................................


THE TUPELO CLIMATE NORMALS FOR TOMORROW
                         NORMAL    RECORD    YEAR
 MAXIMUM TEMPERATURE (F)   68        85      2007
                                             1935
 MINIMUM TEMPERATURE (F)   44        24      1968


SUNRISE AND SUNSET
MARCH 23 2017.........SUNRISE   654 AM CDT   SUNSET   709 PM CDT
MARCH 24 2017.........SUNRISE   653 AM CDT   SUNSET   710 PM CDT


-  INDICATES NEGATIVE NUMBERS.
R  INDICATES RECORD WAS SET OR TIED.
MM INDICATES DATA IS MISSING.
T  INDICATES TRACE AMOUNT.




$$
