000
CDUS44 KMEG 260638
CLITUP


CLIMATE REPORT
NATIONAL WEATHER SERVICE MEMPHIS TN
137 AM CDT WED APR 26 2017


...................................

...THE TUPELO CLIMATE SUMMARY FOR APRIL 25 2017...

CLIMATE NORMAL PERIOD 1981 TO 2010
CLIMATE RECORD PERIOD 1930 TO 2017


WEATHER ITEM   OBSERVED TIME   RECORD YEAR NORMAL DEPARTURE LAST
                VALUE   (LST)  VALUE       VALUE  FROM      YEAR
                                                  NORMAL
..................................................................
TEMPERATURE (F)
 YESTERDAY
  MAXIMUM         80    443 PM  88    1958  77      3       82
  MINIMUM         48    526 AM  32    1983  53     -5       59
  AVERAGE         64                        65     -1       71

PRECIPITATION (IN)
  YESTERDAY        0.00          1.78 2015   0.17  -0.17     0.00
  MONTH TO DATE    4.65                      3.90   0.75     3.50
  SINCE MAR 1      8.76                      8.72   0.04    11.39
  SINCE JAN 1     17.23                     18.16  -0.93    18.56

SNOWFALL (IN)
  YESTERDAY        0.0           T    1935   0.0    0.0      0.0
  MONTH TO DATE    0.0                       0.0    0.0      0.0
  SINCE MAR 1      T                         0.3   -0.3      0.0
  SINCE JUL 1      T                         2.1   -2.1       T
  SNOW DEPTH       0

DEGREE DAYS
 HEATING
  YESTERDAY        1                         3     -2        0
  MONTH TO DATE   49                       134    -85       94
  SINCE MAR 1    339                       489   -150      324
  SINCE JUL 1   1957                      2920   -963     2261

 COOLING
  YESTERDAY        0                         3     -3        6
  MONTH TO DATE   81                        44     37       28
  SINCE MAR 1    115                        58     57       57
  SINCE JAN 1    127                        60     67       57
..................................................................


WIND (MPH)
  HIGHEST WIND SPEED    16   HIGHEST WIND DIRECTION    SE (150)
  HIGHEST GUST SPEED    24   HIGHEST GUST DIRECTION     S (170)
  AVERAGE WIND SPEED     5.6


SKY COVER
  POSSIBLE SUNSHINE  MM
  AVERAGE SKY COVER 0.1


WEATHER CONDITIONS
 THE FOLLOWING WEATHER WAS RECORDED YESTERDAY.
  FOG
  FOG W/VISIBILITY <= 1/4 MILE


RELATIVE HUMIDITY (PERCENT)
 HIGHEST    93           500 AM
 LOWEST     36           300 PM
 AVERAGE    65

..........................................................


THE TUPELO CLIMATE NORMALS FOR TODAY
                         NORMAL    RECORD    YEAR
 MAXIMUM TEMPERATURE (F)   77        88      1989
 MINIMUM TEMPERATURE (F)   53        33      1972


SUNRISE AND SUNSET
APRIL 26 2017.........SUNRISE   611 AM CDT   SUNSET   736 PM CDT
APRIL 27 2017.........SUNRISE   609 AM CDT   SUNSET   736 PM CDT


-  INDICATES NEGATIVE NUMBERS.
R  INDICATES RECORD WAS SET OR TIED.
MM INDICATES DATA IS MISSING.
T  INDICATES TRACE AMOUNT.




$$
