000
CDUS45 KTWC 230754
CLITUS

CLIMATE REPORT
NATIONAL WEATHER SERVICE TUCSON AZ
1254 AM MST WED JUL 23 2014


...................................

...THE TUCSON AZ CLIMATE SUMMARY FOR JULY 22 2014...

CLIMATE NORMAL PERIOD 1981 TO 2010
CLIMATE RECORD PERIOD 1895 TO 2014


WEATHER ITEM   OBSERVED TIME   RECORD YEAR NORMAL DEPARTURE LAST
                VALUE   (LST)  VALUE       VALUE  FROM      YEAR
                                                  NORMAL
..................................................................
TEMPERATURE (F)
 YESTERDAY
  MAXIMUM        105    617 PM 108    2006  99      6       95
  MINIMUM         79    605 AM  63    1973  75      4       74
                                      1913
                                      1895
  AVERAGE         92                        87      5       85

PRECIPITATION (IN)
  YESTERDAY        0.00          2.12 1955   0.09  -0.09     0.00
  MONTH TO DATE    1.41                      1.41   0.00     2.57
  SINCE OCT 1      5.07                      7.07  -2.00     5.55
  SINCE JAN 1      2.02                      4.68  -2.66     4.34

DEGREE DAYS
 HEATING
  YESTERDAY        0                         0      0        0
  MONTH TO DATE    0                         0      0        0
  SINCE JUN 1      0                         0      0        0
  SINCE JUL 1      0                         0      0        0

 COOLING
  YESTERDAY       27                        22      5       20
  MONTH TO DATE  502                       496      6      518
  SINCE JUN 1   1227                      1090    137     1259
  SINCE JAN 1   1830                      1592    238     1970
..................................................................


WIND (MPH)
  HIGHEST WIND SPEED    17   HIGHEST WIND DIRECTION    SE (120)
  HIGHEST GUST SPEED    22   HIGHEST GUST DIRECTION    SE (120)
  AVERAGE WIND SPEED     5.0


SKY COVER
  POSSIBLE SUNSHINE  MM
  AVERAGE SKY COVER 0.1


WEATHER CONDITIONS
 THE FOLLOWING WEATHER WAS RECORDED YESTERDAY.
  NO SIGNIFICANT WEATHER WAS OBSERVED.


RELATIVE HUMIDITY (PERCENT)
 HIGHEST    35
 LOWEST     13
 AVERAGE    24

..........................................................


THE TUCSON AZ CLIMATE NORMALS FOR TODAY
                         NORMAL    RECORD    YEAR
 MAXIMUM TEMPERATURE (F)   99       109      1987
 MINIMUM TEMPERATURE (F)   75        62      1913


SUNRISE AND SUNSET
JULY 23 2014..........SUNRISE   533 AM MST   SUNSET   727 PM MST
JULY 24 2014..........SUNRISE   534 AM MST   SUNSET   726 PM MST


-  INDICATES NEGATIVE NUMBERS.
R  INDICATES RECORD WAS SET OR TIED.
MM INDICATES DATA IS MISSING.
T  INDICATES TRACE AMOUNT.




$$
