000
CDUS45 KTWC 060735
CLITUS

CLIMATE REPORT
NATIONAL WEATHER SERVICE TUCSON AZ
1234 AM MST TUE DEC 6 2016

...................................

...THE TUCSON AZ CLIMATE SUMMARY FOR DECEMBER 5 2016...

CLIMATE NORMAL PERIOD 1981 TO 2010
CLIMATE RECORD PERIOD 1895 TO 2016


WEATHER ITEM   OBSERVED TIME   RECORD YEAR NORMAL DEPARTURE LAST
                VALUE   (LST)  VALUE       VALUE  FROM      YEAR
                                                  NORMAL
..................................................................
TEMPERATURE (F)
 YESTERDAY
  MAXIMUM         73    313 PM  83    1939  66      7       76
                                      1901
  MINIMUM         41    738 AM  17    1909  40      1       45
  AVERAGE         57                        53      4       61

PRECIPITATION (IN)
  YESTERDAY        0.00          2.10 1994   0.03  -0.03     0.00
  MONTH TO DATE    0.00                      0.14  -0.14     0.00
  SINCE OCT 1      0.60                      1.60  -1.00     2.41
  SINCE JAN 1     10.73                     10.80  -0.07    12.95

DEGREE DAYS
 HEATING
  YESTERDAY        8                        12     -4        4
  MONTH TO DATE   67                        57     10       42
  SINCE DEC 1     67                        57     10       42
  SINCE JUL 1    161                       263   -102      237

 COOLING
  YESTERDAY        0                         0      0        0
  MONTH TO DATE    0                         0      0        0
  SINCE DEC 1      0                         0      0        0
  SINCE JAN 1   3652                      3146    506     3522
..................................................................


WIND (MPH)
  HIGHEST WIND SPEED    16   HIGHEST WIND DIRECTION    SE (130)
  HIGHEST GUST SPEED    19   HIGHEST GUST DIRECTION     W (280)
  AVERAGE WIND SPEED     6.8


SKY COVER
  POSSIBLE SUNSHINE  MM
  AVERAGE SKY COVER  MM


WEATHER CONDITIONS
 THE FOLLOWING WEATHER WAS RECORDED YESTERDAY.
  NO SIGNIFICANT WEATHER WAS OBSERVED.


RELATIVE HUMIDITY (PERCENT)
 HIGHEST    46
 LOWEST     12
 AVERAGE    29

..........................................................


THE TUCSON AZ CLIMATE NORMALS FOR TODAY
                         NORMAL    RECORD    YEAR
 MAXIMUM TEMPERATURE (F)   66        84      1939
 MINIMUM TEMPERATURE (F)   40        18      1912


SUNRISE AND SUNSET
DECEMBER  6 2016......SUNRISE   711 AM MST   SUNSET   519 PM MST
DECEMBER  7 2016......SUNRISE   712 AM MST   SUNSET   519 PM MST


-  INDICATES NEGATIVE NUMBERS.
R  INDICATES RECORD WAS SET OR TIED.
MM INDICATES DATA IS MISSING.
T  INDICATES TRACE AMOUNT.

$$
