000
CDUS45 KTWC 260733
CLITUS

CLIMATE REPORT
NATIONAL WEATHER SERVICE TUCSON AZ
1232 AM MST FRI AUG 26 2016

...................................

...THE TUCSON AZ CLIMATE SUMMARY FOR AUGUST 25 2016...

CLIMATE NORMAL PERIOD 1981 TO 2010
CLIMATE RECORD PERIOD 1895 TO 2016


WEATHER ITEM   OBSERVED TIME   RECORD YEAR NORMAL DEPARTURE LAST
                VALUE   (LST)  VALUE       VALUE  FROM      YEAR
                                                  NORMAL
..................................................................
TEMPERATURE (F)
 YESTERDAY
  MAXIMUM         99    255 PM 106    2002  98      1       93
                                      2001
                                      1985
  MINIMUM         72    604 AM  60    1900  73     -1       72
  AVERAGE         86                        85      1       83

PRECIPITATION (IN)
  YESTERDAY        0.00          0.80 1984   0.07  -0.07     0.08
  MONTH TO DATE    1.09                      1.99  -0.90     1.51
  SINCE OCT 1     11.41                      9.90   1.51    11.35
  SINCE JAN 1      8.53                      7.51   1.02     7.85

DEGREE DAYS
 HEATING
  YESTERDAY        0                         0      0        0
  MONTH TO DATE    0                         0      0        0
  SINCE JUN 1      0                         0      0        0
  SINCE JUL 1      0                         0      0        0

 COOLING
  YESTERDAY       21                        20      1       18
  MONTH TO DATE  517                       506     11      611
  SINCE JUN 1   2020                      1783    237     2025
  SINCE JAN 1   2587                      2285    302     2539
..................................................................


WIND (MPH)
  HIGHEST WIND SPEED    17   HIGHEST WIND DIRECTION     S (190)
  HIGHEST GUST SPEED    26   HIGHEST GUST DIRECTION    NW (300)
  AVERAGE WIND SPEED     6.8


SKY COVER
  POSSIBLE SUNSHINE  MM
  AVERAGE SKY COVER  MM


WEATHER CONDITIONS
 THE FOLLOWING WEATHER WAS RECORDED YESTERDAY.
  NO SIGNIFICANT WEATHER WAS OBSERVED.


RELATIVE HUMIDITY (PERCENT)
 HIGHEST    53
 LOWEST     17
 AVERAGE    35

..........................................................


THE TUCSON AZ CLIMATE NORMALS FOR TODAY
                         NORMAL    RECORD    YEAR
 MAXIMUM TEMPERATURE (F)   98       108      2011
 MINIMUM TEMPERATURE (F)   73        63      1906


SUNRISE AND SUNSET
AUGUST 26 2016........SUNRISE   556 AM MST   SUNSET   655 PM MST
AUGUST 27 2016........SUNRISE   556 AM MST   SUNSET   653 PM MST


-  INDICATES NEGATIVE NUMBERS.
R  INDICATES RECORD WAS SET OR TIED.
MM INDICATES DATA IS MISSING.
T  INDICATES TRACE AMOUNT.

$$
