000
CDUS45 KTWC 170731
CLITUS

CLIMATE REPORT
NATIONAL WEATHER SERVICE TUCSON AZ
1230 AM MST THU APR 17 2014


...................................

...THE TUCSON AZ CLIMATE SUMMARY FOR APRIL 16 2014...

CLIMATE NORMAL PERIOD 1981 TO 2010
CLIMATE RECORD PERIOD 1895 TO 2014


WEATHER ITEM   OBSERVED TIME   RECORD YEAR NORMAL DEPARTURE LAST
                VALUE   (LST)  VALUE       VALUE  FROM      YEAR
                                                  NORMAL
..................................................................
TEMPERATURE (F)
 YESTERDAY
  MAXIMUM         89    403 PM  98    1948  82      7       86
  MINIMUM         54    511 AM  34    1976  52      2       63
                                      1921
  AVERAGE         72                        67      5       75

PRECIPITATION (IN)
  YESTERDAY        0.00          0.33 1988   0.01  -0.01     0.00
  MONTH TO DATE    0.00                      0.22  -0.22     0.12
  SINCE OCT 1      3.64                      5.14  -1.50     2.94
  SINCE JAN 1      0.59                      2.75  -2.16     1.73

DEGREE DAYS
 HEATING
  YESTERDAY        0                         2     -2        0
  MONTH TO DATE   21                        43    -22       15
  SINCE MAR 1     63                       222   -159       76
  SINCE JUL 1    896                      1489   -593     1351

 COOLING
  YESTERDAY        7                         4      3       10
  MONTH TO DATE   73                        45     28       77
  SINCE MAR 1    103                        74     29      168
  SINCE JAN 1    127                        78     49      168
..................................................................


WIND (MPH)
  HIGHEST WIND SPEED    18   HIGHEST WIND DIRECTION     W (260)
  HIGHEST GUST SPEED    25   HIGHEST GUST DIRECTION     W (270)
  AVERAGE WIND SPEED     7.6


SKY COVER
  POSSIBLE SUNSHINE  MM
  AVERAGE SKY COVER 0.0


WEATHER CONDITIONS
 THE FOLLOWING WEATHER WAS RECORDED YESTERDAY.
  NO SIGNIFICANT WEATHER WAS OBSERVED.


RELATIVE HUMIDITY (PERCENT)
 HIGHEST    15
 LOWEST      4
 AVERAGE    10

..........................................................


THE TUCSON AZ CLIMATE NORMALS FOR TODAY
                         NORMAL    RECORD    YEAR
 MAXIMUM TEMPERATURE (F)   83        97      1987
                                             1948
 MINIMUM TEMPERATURE (F)   52        30      1924


SUNRISE AND SUNSET
APRIL 17 2014.........SUNRISE   552 AM MST   SUNSET   655 PM MST
APRIL 18 2014.........SUNRISE   551 AM MST   SUNSET   655 PM MST


-  INDICATES NEGATIVE NUMBERS.
R  INDICATES RECORD WAS SET OR TIED.
MM INDICATES DATA IS MISSING.
T  INDICATES TRACE AMOUNT.

$$
