000
CDUS45 KTWC 061426
CLITUS

CLIMATE REPORT
NATIONAL WEATHER SERVICE TUCSON AZ
725 AM MST SAT FEB 6 2016


...................................

...THE TUCSON AZ CLIMATE SUMMARY FOR FEBRUARY 6 2016...
VALID AS OF 0700 AM LOCAL TIME.

CLIMATE NORMAL PERIOD 1981 TO 2010
CLIMATE RECORD PERIOD 1895 TO 2016


WEATHER ITEM   OBSERVED TIME   RECORD YEAR NORMAL DEPARTURE LAST
                VALUE   (LST)  VALUE       VALUE  FROM      YEAR
                                                  NORMAL
..................................................................
TEMPERATURE (F)
 TODAY
  MINIMUM         44   1223 AM  24    1955  41      3       52

PRECIPITATION (IN)
  TODAY            0.00          0.94 1905   0.03  -0.03     0.00
  MONTH TO DATE    0.18                      0.20  -0.02     0.02
  SINCE OCT 1      4.59                      3.53   1.06     6.06
  SINCE JAN 1      1.71                      1.14   0.57     2.56

DEGREE DAYS
 HEATING
  TODAY           17                        11      6        0

 COOLING
  TODAY            0                         0      0        3
..................................................................


WIND (MPH)
  HIGHEST WIND SPEED    23   HIGHEST WIND DIRECTION    SE (130)
  HIGHEST GUST SPEED    31   HIGHEST GUST DIRECTION    SE (120)
  AVERAGE WIND SPEED    11.2


SKY COVER
  POSSIBLE SUNSHINE  MM
  AVERAGE SKY COVER 0.0


WEATHER CONDITIONS
 THE FOLLOWING WEATHER WAS RECORDED TODAY.
  NO SIGNIFICANT WEATHER WAS OBSERVED.


RELATIVE HUMIDITY (PERCENT)
 HIGHEST    33          1200 AM

..........................................................


THE TUCSON AZ CLIMATE NORMALS FOR TOMORROW
                         NORMAL    RECORD    YEAR
 MAXIMUM TEMPERATURE (F)   68        84      1963
                                             1906
 MINIMUM TEMPERATURE (F)   41        17      1899


SUNRISE AND SUNSET
FEBRUARY  6 2016......SUNRISE   714 AM MST   SUNSET   602 PM MST
FEBRUARY  7 2016......SUNRISE   713 AM MST   SUNSET   603 PM MST


-  INDICATES NEGATIVE NUMBERS.
R  INDICATES RECORD WAS SET OR TIED.
MM INDICATES DATA IS MISSING.
T  INDICATES TRACE AMOUNT.




$$
