000
CDUS43 KAPX 230543
CLITVC


CLIMATE REPORT
NATIONAL WEATHER SERVICE GAYLORD MI
143 AM EDT WED AUG 23 2017


...................................

...THE TRAVERSE CITY MI CLIMATE SUMMARY FOR AUGUST 22 2017...

CLIMATE NORMAL PERIOD 1981 TO 2010
CLIMATE RECORD PERIOD 1896 TO 2017


WEATHER ITEM   OBSERVED TIME   RECORD YEAR NORMAL DEPARTURE LAST
                VALUE   (LST)  VALUE       VALUE  FROM      YEAR
                                                  NORMAL
..................................................................
TEMPERATURE (F)
 YESTERDAY
  MAXIMUM         75    237 AM  98    1916  77     -2       78
  MINIMUM         61   1159 PM  34    1950  56      5       54
  AVERAGE         68                        67      1       66

PRECIPITATION (IN)
  YESTERDAY        0.03          0.88 1956   0.11  -0.08     0.04
  MONTH TO DATE    4.53                      2.40   2.13     3.28
  SINCE JUN 1     10.15                      8.58   1.57     7.49
  SINCE JAN 1     20.12                     20.13  -0.01    17.35

DEGREE DAYS
 HEATING
  YESTERDAY        0                         1     -1        0
  MONTH TO DATE    2                        22    -20        0
  SINCE JUN 1     52                       162   -110       73
  SINCE JUL 1      5                        50    -45        9

 COOLING
  YESTERDAY        3                         3      0        1
  MONTH TO DATE   94                        90      4      207
  SINCE JUN 1    357                       323     34      549
  SINCE JAN 1    378                       343     35      599
..................................................................


WIND (MPH)
  HIGHEST WIND SPEED    25   HIGHEST WIND DIRECTION     W (290)
  HIGHEST GUST SPEED    32   HIGHEST GUST DIRECTION     W (280)
  AVERAGE WIND SPEED    10.3




RELATIVE HUMIDITY (PERCENT)
 HIGHEST    87
 LOWEST     44
 AVERAGE    66

..........................................................


THE TRAVERSE CITY MI CLIMATE NORMALS FOR TODAY
                         NORMAL    RECORD    YEAR
 MAXIMUM TEMPERATURE (F)   77        98      1968
 MINIMUM TEMPERATURE (F)   56        39      1952


SUNRISE AND SUNSET
AUGUST 23 2017........SUNRISE   654 AM EDT   SUNSET   834 PM EDT
AUGUST 24 2017........SUNRISE   655 AM EDT   SUNSET   833 PM EDT


-  INDICATES NEGATIVE NUMBERS.
R  INDICATES RECORD WAS SET OR TIED.
MM INDICATES DATA IS MISSING.
T  INDICATES TRACE AMOUNT.




$$
