000
CDUS43 KAPX 240533
CLITVC


CLIMATE REPORT
NATIONAL WEATHER SERVICE GAYLORD MI
133 AM EDT WED MAY 24 2017


...................................

...THE TRAVERSE CITY MI CLIMATE SUMMARY FOR MAY 23 2017...

CLIMATE NORMAL PERIOD 1981 TO 2010
CLIMATE RECORD PERIOD 1896 TO 2017


WEATHER ITEM   OBSERVED TIME   RECORD YEAR NORMAL DEPARTURE LAST
                VALUE   (LST)  VALUE       VALUE  FROM      YEAR
                                                  NORMAL
..................................................................
TEMPERATURE (F)
 YESTERDAY
  MAXIMUM         62    521 PM  90    1975  68     -6       84
  MINIMUM         43    524 AM  24    1963  44     -1       32
  AVERAGE         53                        56     -3       58

PRECIPITATION (IN)
  YESTERDAY        0.15          0.60 1993   0.08   0.07     0.00
  MONTH TO DATE    0.97                      1.91  -0.94     0.52
  SINCE MAR 1      5.41                      6.55  -1.14     6.08
  SINCE JAN 1      8.74                     10.87  -2.13     8.87

DEGREE DAYS
 HEATING
  YESTERDAY       12                        10      2        7
  MONTH TO DATE  316                       302     14      297
  SINCE MAR 1   1850                      2029   -179     1856
  SINCE JUL 1   6023                      7369  -1346     6166

 COOLING
  YESTERDAY        0                         1     -1        0
  MONTH TO DATE   18                         6     12        0
  SINCE MAR 1     21                         9     12        0
  SINCE JAN 1     21                         9     12        0
..................................................................


WIND (MPH)
  HIGHEST WIND SPEED    12   HIGHEST WIND DIRECTION    NE (40)
  HIGHEST GUST SPEED    13   HIGHEST GUST DIRECTION    NE (30)
  AVERAGE WIND SPEED     3.3




RELATIVE HUMIDITY (PERCENT)
 HIGHEST    92
 LOWEST     51
 AVERAGE    72

..........................................................


THE TRAVERSE CITY MI CLIMATE NORMALS FOR TODAY
                         NORMAL    RECORD    YEAR
 MAXIMUM TEMPERATURE (F)   68        93      2010
 MINIMUM TEMPERATURE (F)   44        25      1956


SUNRISE AND SUNSET
MAY 24 2017...........SUNRISE   605 AM EDT   SUNSET   914 PM EDT
MAY 25 2017...........SUNRISE   604 AM EDT   SUNSET   915 PM EDT


-  INDICATES NEGATIVE NUMBERS.
R  INDICATES RECORD WAS SET OR TIED.
MM INDICATES DATA IS MISSING.
T  INDICATES TRACE AMOUNT.




$$
