000
CDUS43 KAPX 282142
CLITVC


CLIMATE REPORT
NATIONAL WEATHER SERVICE GAYLORD MI
542 PM EDT SUN AUG 28 2016


...................................

...THE TRAVERSE CITY MI CLIMATE SUMMARY FOR AUGUST 28 2016...
VALID TODAY AS OF 0500 PM LOCAL TIME.

CLIMATE NORMAL PERIOD 1981 TO 2010
CLIMATE RECORD PERIOD 1896 TO 2016


WEATHER ITEM   OBSERVED TIME   RECORD YEAR NORMAL DEPARTURE LAST
                VALUE   (LST)  VALUE       VALUE  FROM      YEAR
                                                  NORMAL
..................................................................
TEMPERATURE (F)
 TODAY
  MAXIMUM         79    316 PM  95    1991  76      3       77
  MINIMUM         68    643 AM  36    1968  55     13       56
  AVERAGE         74                        66      8       67

PRECIPITATION (IN)
  TODAY            0.00          2.01 1977   0.11  -0.11     0.04
  MONTH TO DATE    3.67                      3.05   0.62     1.79
  SINCE JUN 1      7.88                      9.23  -1.35     4.88
  SINCE JAN 1     17.74                     20.78  -3.04    11.36

DEGREE DAYS
 HEATING
  TODAY            0                         2     -2        0
  MONTH TO DATE    0                        33    -33       19
  SINCE JUN 1     73                       173   -100      135
  SINCE JUL 1      9                        61    -52       47

 COOLING
  TODAY            9                         3      6        2
  MONTH TO DATE  248                       108    140      161
  SINCE JUN 1    590                       341    249      382
  SINCE JAN 1    640                       361    279      417
..................................................................


WIND (MPH)
  RESULTANT WIND SPEED   3   RESULTANT WIND DIRECTION  NW (320)
  HIGHEST WIND SPEED    14   HIGHEST WIND DIRECTION     W (290)
  HIGHEST GUST SPEED    16   HIGHEST GUST DIRECTION     W (290)
  AVERAGE WIND SPEED     6.5


SKY COVER
  POSSIBLE SUNSHINE  MM
  AVERAGE SKY COVER 0.8


WEATHER CONDITIONS
 THE FOLLOWING WEATHER WAS RECORDED TODAY.
  NO SIGNIFICANT WEATHER WAS OBSERVED.


RELATIVE HUMIDITY (PERCENT)
 HIGHEST    90          1200 AM
 LOWEST     58           300 PM
 AVERAGE    74

..........................................................




SUNRISE AND SUNSET
AUGUST 28 2016........SUNRISE   700 AM EDT   SUNSET   825 PM EDT
AUGUST 29 2016........SUNRISE   702 AM EDT   SUNSET   824 PM EDT


-  INDICATES NEGATIVE NUMBERS.
R  INDICATES RECORD WAS SET OR TIED.
MM INDICATES DATA IS MISSING.
T  INDICATES TRACE AMOUNT.




$$
