000
CDUS43 KAPX 072129
CLITVC


CLIMATE REPORT
NATIONAL WEATHER SERVICE GAYLORD MI
529 PM EDT TUE JUL 7 2015


...................................

...THE TRAVERSE CITY MI CLIMATE SUMMARY FOR JULY 7 2015...
VALID TODAY AS OF 0500 PM LOCAL TIME.

CLIMATE NORMAL PERIOD 1981 TO 2010
CLIMATE RECORD PERIOD 1896 TO 2015


WEATHER ITEM   OBSERVED TIME   RECORD YEAR NORMAL DEPARTURE LAST
                VALUE   (LST)  VALUE       VALUE  FROM      YEAR
                                                  NORMAL
..................................................................
TEMPERATURE (F)
 TODAY
  MAXIMUM         73   1208 AM 105    1936  80     -7       83
  MINIMUM         55    704 AM  44    1969  57     -2       67
  AVERAGE         64                        69     -5       75

PRECIPITATION (IN)
  TODAY            0.56          2.17 1955   0.09   0.47     0.07
  MONTH TO DATE    0.56                      0.65  -0.09     0.43
  SINCE JUN 1      2.58                      3.81  -1.23     3.10
  SINCE JAN 1      9.06                     15.36  -6.30    12.78

DEGREE DAYS
 HEATING
  TODAY            1                         1      0        0
  MONTH TO DATE   19                         8     11       15
  SINCE JUN 1    107                       120    -13       87
  SINCE JUL 1     19                         8     11       15

 COOLING
  TODAY            0                         5     -5       10
  MONTH TO DATE   21                        35    -14       25
  SINCE JUN 1     45                       116    -71      132
  SINCE JAN 1     80                       136    -56      141
..................................................................


WIND (MPH)
  RESULTANT WIND SPEED  11   RESULTANT WIND DIRECTION   N (340)
  HIGHEST WIND SPEED    21   HIGHEST WIND DIRECTION    NW (330)
  HIGHEST GUST SPEED    27   HIGHEST GUST DIRECTION    NW (320)
  AVERAGE WIND SPEED    11.9


SKY COVER
  POSSIBLE SUNSHINE  MM
  AVERAGE SKY COVER 0.9


WEATHER CONDITIONS
 THE FOLLOWING WEATHER WAS RECORDED TODAY.
  HEAVY RAIN
  RAIN
  LIGHT RAIN
  FOG


RELATIVE HUMIDITY (PERCENT)
 HIGHEST    93           500 AM
 LOWEST     48           300 PM
 AVERAGE    71

..........................................................




SUNRISE AND SUNSET
JULY  7 2015..........SUNRISE   604 AM EDT   SUNSET   930 PM EDT
JULY  8 2015..........SUNRISE   605 AM EDT   SUNSET   929 PM EDT


-  INDICATES NEGATIVE NUMBERS.
R  INDICATES RECORD WAS SET OR TIED.
MM INDICATES DATA IS MISSING.
T  INDICATES TRACE AMOUNT.




$$
