000
CDUS43 KAPX 250540
CLITVC


CLIMATE REPORT
NATIONAL WEATHER SERVICE GAYLORD MI
138 AM EDT MON MAY 25 2015


...................................

...THE TRAVERSE CITY MI CLIMATE SUMMARY FOR MAY 24 2015...

CLIMATE NORMAL PERIOD 1981 TO 2010
CLIMATE RECORD PERIOD 1896 TO 2015


WEATHER ITEM   OBSERVED TIME   RECORD YEAR NORMAL DEPARTURE LAST
                VALUE   (LST)  VALUE       VALUE  FROM      YEAR
                                                  NORMAL
..................................................................
TEMPERATURE (F)
 YESTERDAY
  MAXIMUM         81   1159 AM  93    2010  68     13       72
  MINIMUM         54    201 AM  25    1956  44     10       41
  AVERAGE         68                        56     12       57

PRECIPITATION (IN)
  YESTERDAY        0.66          1.13 1981   0.09   0.57     0.00
  MONTH TO DATE    1.48                      2.00  -0.52     3.18
  SINCE MAR 1      3.41                      6.64  -3.23     8.26
  SINCE JAN 1      4.19                     10.96  -6.77     9.68

DEGREE DAYS
 HEATING
  YESTERDAY        0                        10    -10        8
  MONTH TO DATE  249                       312    -63      305
  SINCE MAR 1   1982                      2039    -57     2337
  SINCE JUL 1   7714                      7379    335     8059

 COOLING
  YESTERDAY        3                         1      2        0
  MONTH TO DATE   19                         7     12        0
  SINCE MAR 1     19                        10      9        0
  SINCE JAN 1     19                        10      9        0
..................................................................


WIND (MPH)
  HIGHEST WIND SPEED    20   HIGHEST WIND DIRECTION     W (280)
  HIGHEST GUST SPEED    23   HIGHEST GUST DIRECTION     W (270)
  AVERAGE WIND SPEED     3.8




RELATIVE HUMIDITY (PERCENT)
 HIGHEST    93
 LOWEST     30
 AVERAGE    62

..........................................................


THE TRAVERSE CITY MI CLIMATE NORMALS FOR TODAY
                         NORMAL    RECORD    YEAR
 MAXIMUM TEMPERATURE (F)   69        89      2010
 MINIMUM TEMPERATURE (F)   45        28      1992


SUNRISE AND SUNSET
MAY 25 2015...........SUNRISE   605 AM EDT   SUNSET   914 PM EDT
MAY 26 2015...........SUNRISE   604 AM EDT   SUNSET   915 PM EDT


-  INDICATES NEGATIVE NUMBERS.
R  INDICATES RECORD WAS SET OR TIED.
MM INDICATES DATA IS MISSING.
T  INDICATES TRACE AMOUNT.




$$
