000
CDUS43 KAPX 230529
CLITVC


CLIMATE REPORT
NATIONAL WEATHER SERVICE GAYLORD MI
128 AM EDT TUE SEP 23 2014


...................................

...THE TRAVERSE CITY MI CLIMATE SUMMARY FOR SEPTEMBER 22 2014...

CLIMATE NORMAL PERIOD 1981 TO 2010
CLIMATE RECORD PERIOD 1896 TO 2014


WEATHER ITEM   OBSERVED TIME   RECORD YEAR NORMAL DEPARTURE LAST
                VALUE   (LST)  VALUE       VALUE  FROM      YEAR
                                                  NORMAL
..................................................................
TEMPERATURE (F)
 YESTERDAY
  MAXIMUM         64    447 PM  90    1908  68     -4       53
  MINIMUM         42    620 AM  31    1981  48     -6       44
  AVERAGE         53                        58     -5       49

PRECIPITATION (IN)
  YESTERDAY        0.00          1.56 1983   0.12  -0.12      T
  MONTH TO DATE    5.93                      2.61   3.32     2.83
  SINCE SEP 1      5.93                      2.61   3.32     2.83
  SINCE JAN 1     22.73                     23.72  -0.99    23.40

DEGREE DAYS
 HEATING
  YESTERDAY       12                         8      4       16
  MONTH TO DATE  127                       114     13      110
  SINCE SEP 1    127                       114     13      110
  SINCE JUL 1    206                       183     23      160

 COOLING
  YESTERDAY        0                         1     -1        0
  MONTH TO DATE   42                        34      8       52
  SINCE SEP 1     42                        34      8       52
  SINCE JAN 1    374                       403    -29      529
..................................................................


WIND (MPH)
  HIGHEST WIND SPEED    17   HIGHEST WIND DIRECTION     W (260)
  HIGHEST GUST SPEED    22   HIGHEST GUST DIRECTION     W (270)
  AVERAGE WIND SPEED     7.3




RELATIVE HUMIDITY (PERCENT)
 HIGHEST    89
 LOWEST     44
 AVERAGE    67

..........................................................


THE TRAVERSE CITY MI CLIMATE NORMALS FOR TODAY
                         NORMAL    RECORD    YEAR
 MAXIMUM TEMPERATURE (F)   67        90      1937
 MINIMUM TEMPERATURE (F)   47        29      1981


SUNRISE AND SUNSET
SEPTEMBER 23 2014.....SUNRISE   731 AM EDT   SUNSET   738 PM EDT
SEPTEMBER 24 2014.....SUNRISE   732 AM EDT   SUNSET   736 PM EDT


-  INDICATES NEGATIVE NUMBERS.
R  INDICATES RECORD WAS SET OR TIED.
MM INDICATES DATA IS MISSING.
T  INDICATES TRACE AMOUNT.




$$
