910
CDUS43 KAPX 190744
CLITVC


CLIMATE REPORT
NATIONAL WEATHER SERVICE GAYLORD MI
244 AM EST MON FEB 19 2018


...................................

...THE TRAVERSE CITY MI CLIMATE SUMMARY FOR FEBRUARY 18 2018...

CLIMATE NORMAL PERIOD 1981 TO 2010
CLIMATE RECORD PERIOD 1896 TO 2018


WEATHER ITEM   OBSERVED TIME   RECORD YEAR NORMAL DEPARTURE LAST
                VALUE   (LST)  VALUE       VALUE  FROM      YEAR
                                                  NORMAL
..................................................................
TEMPERATURE (F)
 YESTERDAY
  MAXIMUM         40   1000 PM  57    1994  31      9       56
  MINIMUM         25    430 AM -26    1979  15     10       35
  AVERAGE         33                        23     10       46

PRECIPITATION (IN)
  YESTERDAY        0.00          0.55 1976   0.05  -0.05     0.00
  MONTH TO DATE    0.23                      0.97  -0.74     0.61
  SINCE DEC 1      2.64                      6.28  -3.64     3.65
  SINCE JAN 1      1.32                      3.79  -2.47     2.42

DEGREE DAYS
 HEATING
  YESTERDAY       32                        42    -10       19
  MONTH TO DATE  810                       777     33      675
  SINCE DEC 1   3338                      3314     24     2951
  SINCE JUL 1   4632                      4933   -301     3910
..................................................................


WIND (MPH)
  HIGHEST WIND SPEED    16   HIGHEST WIND DIRECTION     W (280)
  HIGHEST GUST SPEED    28   HIGHEST GUST DIRECTION     S (170)
  AVERAGE WIND SPEED     7.9




RELATIVE HUMIDITY (PERCENT)
 HIGHEST    78
 LOWEST     40
 AVERAGE    59

..........................................................


THE TRAVERSE CITY MI CLIMATE NORMALS FOR TODAY
                         NORMAL    RECORD    YEAR
 MAXIMUM TEMPERATURE (F)   31        57      2016
 MINIMUM TEMPERATURE (F)   15       -20      1979


SUNRISE AND SUNSET
FEBRUARY 19 2018......SUNRISE   736 AM EST   SUNSET   616 PM EST
FEBRUARY 20 2018......SUNRISE   735 AM EST   SUNSET   618 PM EST


-  INDICATES NEGATIVE NUMBERS.
R  INDICATES RECORD WAS SET OR TIED.
MM INDICATES DATA IS MISSING.
T  INDICATES TRACE AMOUNT.




$$
