000
CDUS43 KAPX 290546
CLITVC


CLIMATE REPORT
NATIONAL WEATHER SERVICE GAYLORD MI
1246 AM EST THU JAN 29 2015


...................................

...THE TRAVERSE CITY MI CLIMATE SUMMARY FOR JANUARY 28 2015...

CLIMATE NORMAL PERIOD 1981 TO 2010
CLIMATE RECORD PERIOD 1896 TO 2015


WEATHER ITEM   OBSERVED TIME   RECORD YEAR NORMAL DEPARTURE LAST
                VALUE   (LST)  VALUE       VALUE  FROM      YEAR
                                                  NORMAL
..................................................................
TEMPERATURE (F)
 YESTERDAY
  MAXIMUM         32    522 PM  55    1916  28      4        8
  MINIMUM          4    854 AM -14    1963  14    -10       -3
  AVERAGE         18                        21     -3        3

PRECIPITATION (IN)
  YESTERDAY        0.00          0.49 1993   0.08  -0.08      T
  MONTH TO DATE    0.37                      2.59  -2.22     0.93
  SINCE DEC 1      1.43                      5.08  -3.65     1.92
  SINCE JAN 1      0.37                      2.59  -2.22     0.93

DEGREE DAYS
 HEATING
  YESTERDAY       47                        44      3       62
  MONTH TO DATE 1307                      1217     90     1343
  SINCE DEC 1   2378                      2406    -28     2673
  SINCE JUL 1   4057                      4025     32     4164
..................................................................


WIND (MPH)
  HIGHEST WIND SPEED    10   HIGHEST WIND DIRECTION    SE (150)
  HIGHEST GUST SPEED    19   HIGHEST GUST DIRECTION     S (170)
  AVERAGE WIND SPEED     3.5




RELATIVE HUMIDITY (PERCENT)
 HIGHEST    91
 LOWEST     43
 AVERAGE    67

..........................................................


THE TRAVERSE CITY MI CLIMATE NORMALS FOR TODAY
                         NORMAL    RECORD    YEAR
 MAXIMUM TEMPERATURE (F)   28        51      2013
 MINIMUM TEMPERATURE (F)   14       -11      1951


SUNRISE AND SUNSET
JANUARY 29 2015.......SUNRISE   805 AM EST   SUNSET   546 PM EST
JANUARY 30 2015.......SUNRISE   804 AM EST   SUNSET   548 PM EST


-  INDICATES NEGATIVE NUMBERS.
R  INDICATES RECORD WAS SET OR TIED.
MM INDICATES DATA IS MISSING.
T  INDICATES TRACE AMOUNT.




$$
