000
CDUS45 KBOI 290932
CLITWF


CLIMATE REPORT
NATIONAL WEATHER SERVICE BOISE ID
332 AM MDT FRI AUG 29 2014


...................................

...THE TWIN FALLS ID CLIMATE SUMMARY FOR AUGUST 28 2014...

CLIMATE NORMAL PERIOD 1981 TO 2010
CLIMATE RECORD PERIOD 9999 TO 9999


WEATHER ITEM   OBSERVED TIME   NORMAL DEPARTURE LAST
                VALUE   (LST)  VALUE  FROM      YEAR
                                      NORMAL
......................................................
TEMPERATURE (F)
 YESTERDAY
  MAXIMUM         90    425 PM  85      5       91
  MINIMUM         60    535 AM  53      7       70
  AVERAGE         75

PRECIPITATION (IN)
  YESTERDAY        0.00          0.01  -0.01      T
  MONTH TO DATE    5.55          0.28   5.27      T
  SINCE OCT 1     12.70         10.09   2.61     6.37
  SINCE JAN 1     12.23          6.84   5.39     3.19

DEGREE DAYS
 HEATING
  YESTERDAY        0             1     -1        0
  MONTH TO DATE   16             6     10        0
  SINCE JUN 1     74            99    -25       55
  SINCE JUL 1     16            12      4        0

 COOLING
  YESTERDAY       10             5      5       16
  MONTH TO DATE  195           217    -22      343
  SINCE JUN 1    716           581    135      974
  SINCE JAN 1    749           603    146      999
......................................................


WIND (MPH)
  HIGHEST WIND SPEED    15   HIGHEST WIND DIRECTION     S (190)
  HIGHEST GUST SPEED    19   HIGHEST GUST DIRECTION     S (190)
  AVERAGE WIND SPEED     7.1


SKY COVER
  AVERAGE SKY COVER 0.0


WEATHER CONDITIONS
 THE FOLLOWING WEATHER WAS RECORDED YESTERDAY.
  NO SIGNIFICANT WEATHER WAS OBSERVED.


RELATIVE HUMIDITY (PERCENT)
 HIGHEST    60           100 AM
 LOWEST     17           200 PM
 AVERAGE    39

..........................................................




SUNRISE AND SUNSET
AUGUST 29 2014........SUNRISE   700 AM MDT   SUNSET   817 PM MDT
AUGUST 30 2014........SUNRISE   701 AM MDT   SUNSET   815 PM MDT


-  INDICATES NEGATIVE NUMBERS.
R  INDICATES RECORD WAS SET OR TIED.
MM INDICATES DATA IS MISSING.
T  INDICATES TRACE AMOUNT.




$$
