000
CDUS45 KBOI 010931
CLITWF


CLIMATE REPORT
NATIONAL WEATHER SERVICE BOISE ID
331 AM MDT WED OCT 1 2014


...................................

...THE TWIN FALLS ID CLIMATE SUMMARY FOR SEPTEMBER 30 2014...

CLIMATE NORMAL PERIOD 1981 TO 2010
CLIMATE RECORD PERIOD 9999 TO 9999


WEATHER ITEM   OBSERVED TIME   NORMAL DEPARTURE LAST
                VALUE   (LST)  VALUE  FROM      YEAR
                                      NORMAL
......................................................
TEMPERATURE (F)
 YESTERDAY
  MAXIMUM         60    102 PM  70    -10       73
  MINIMUM         45   1132 PM  43      2       43
  AVERAGE         53

PRECIPITATION (IN)
  YESTERDAY        0.03          0.02   0.01     0.03
  MONTH TO DATE    0.79          0.57   0.22     0.92
  SINCE OCT 1     13.51         10.70   2.81     7.29
  SINCE JAN 1     13.04          7.45   5.59     4.11

DEGREE DAYS
 HEATING
  YESTERDAY       12             9      3        7
  MONTH TO DATE   83           140    -57      107
  SINCE SEP 1     83           140    -57      107
  SINCE JUL 1    102           161    -59      107

 COOLING
  YESTERDAY        0             0      0        0
  MONTH TO DATE   86            61     25       99
  SINCE SEP 1     86            61     25       99
  SINCE JAN 1    845           678    167     1138
......................................................


WIND (MPH)
  HIGHEST WIND SPEED    30   HIGHEST WIND DIRECTION     W (270)
  HIGHEST GUST SPEED    36   HIGHEST GUST DIRECTION     W (260)
  AVERAGE WIND SPEED    16.2


SKY COVER
  AVERAGE SKY COVER 0.4


WEATHER CONDITIONS
 THE FOLLOWING WEATHER WAS RECORDED YESTERDAY.
  THUNDERSTORM
  LIGHT RAIN
  FOG
  HAZE


RELATIVE HUMIDITY (PERCENT)
 HIGHEST    83           100 AM
 LOWEST     47           400 PM
 AVERAGE    65

..........................................................




SUNRISE AND SUNSET
OCTOBER  1 2014.......SUNRISE   735 AM MDT   SUNSET   719 PM MDT
OCTOBER  2 2014.......SUNRISE   736 AM MDT   SUNSET   717 PM MDT


-  INDICATES NEGATIVE NUMBERS.
R  INDICATES RECORD WAS SET OR TIED.
MM INDICATES DATA IS MISSING.
T  INDICATES TRACE AMOUNT.




$$
