000
CDUS45 KBOI 230931
CLITWF


CLIMATE REPORT
NATIONAL WEATHER SERVICE BOISE ID
331 AM MDT TUE AUG 23 2016


...................................

...THE TWIN FALLS ID CLIMATE SUMMARY FOR AUGUST 22 2016...

CLIMATE NORMAL PERIOD 1981 TO 2010
CLIMATE RECORD PERIOD 9999 TO 9999


WEATHER ITEM   OBSERVED TIME   NORMAL DEPARTURE LAST
                VALUE   (LST)  VALUE  FROM      YEAR
                                      NORMAL
......................................................
TEMPERATURE (F)
 YESTERDAY
  MAXIMUM         84    315 PM  87     -3       79
  MINIMUM         58   1156 PM  55      3       54
  AVERAGE         71

PRECIPITATION (IN)
  YESTERDAY        0.00          0.01  -0.01     0.00
  MONTH TO DATE    0.01          0.22  -0.21     0.40
  SINCE OCT 1     10.97         10.03   0.94     8.51
  SINCE JAN 1      6.59          6.78  -0.19     5.51

DEGREE DAYS
 HEATING
  YESTERDAY        0             0      0        0
  MONTH TO DATE    1             0      1        0
  SINCE JUN 1     75            93    -18       10
  SINCE JUL 1     22             6     16        3

 COOLING
  YESTERDAY        6             6      0        2
  MONTH TO DATE  171           183    -12      221
  SINCE JUN 1    570           547     23      779
  SINCE JAN 1    573           569      4      795
......................................................


WIND (MPH)
  HIGHEST WIND SPEED    22   HIGHEST WIND DIRECTION     W (260)
  HIGHEST GUST SPEED    27   HIGHEST GUST DIRECTION     W (290)
  AVERAGE WIND SPEED    12.9


SKY COVER
  AVERAGE SKY COVER 0.0


WEATHER CONDITIONS
 THE FOLLOWING WEATHER WAS RECORDED YESTERDAY.
  NO SIGNIFICANT WEATHER WAS OBSERVED.


RELATIVE HUMIDITY (PERCENT)
 HIGHEST    30           200 AM
 LOWEST     10           100 PM
 AVERAGE    20

..........................................................




SUNRISE AND SUNSET
AUGUST 23 2016........SUNRISE   654 AM MDT   SUNSET   826 PM MDT
AUGUST 24 2016........SUNRISE   655 AM MDT   SUNSET   824 PM MDT


-  INDICATES NEGATIVE NUMBERS.
R  INDICATES RECORD WAS SET OR TIED.
MM INDICATES DATA IS MISSING.
T  INDICATES TRACE AMOUNT.




$$
