000
CDUS45 KBOI 230932
CLITWF


CLIMATE REPORT
NATIONAL WEATHER SERVICE BOISE ID
331 AM MDT MON OCT 23 2017


...................................

...THE TWIN FALLS ID CLIMATE SUMMARY FOR OCTOBER 22 2017...

CLIMATE NORMAL PERIOD 1981 TO 2010
CLIMATE RECORD PERIOD 9999 TO 9999


WEATHER ITEM   OBSERVED TIME   NORMAL DEPARTURE LAST
                VALUE   (LST)  VALUE  FROM      YEAR
                                      NORMAL
......................................................
TEMPERATURE (F)
 YESTERDAY
  MAXIMUM         65    323 PM  61      4       60
  MINIMUM         41   1218 AM  36      5       39
  AVERAGE         53

PRECIPITATION (IN)
  YESTERDAY        0.00          0.02  -0.02     0.00
  MONTH TO DATE    0.65          0.55   0.10     1.24
  SINCE OCT 1      0.65          0.55   0.10     1.24
  SINCE JAN 1      8.78          8.00   0.78    10.15

DEGREE DAYS
 HEATING
  YESTERDAY       12            17     -5       15
  MONTH TO DATE  418           288    130      322
  SINCE SEP 1    648           428    220      500
  SINCE JUL 1    650           449    201      524

 COOLING
  YESTERDAY        0             0      0        0
  MONTH TO DATE    0             0      0        0
  SINCE SEP 1    119            61     58       26
  SINCE JAN 1    871           678    193      642
......................................................


WIND (MPH)
  HIGHEST WIND SPEED    23   HIGHEST WIND DIRECTION     W (270)
  HIGHEST GUST SPEED    29   HIGHEST GUST DIRECTION     W (270)
  AVERAGE WIND SPEED    11.5


SKY COVER
  AVERAGE SKY COVER 0.4


WEATHER CONDITIONS
 THE FOLLOWING WEATHER WAS RECORDED YESTERDAY.
  NO SIGNIFICANT WEATHER WAS OBSERVED.


RELATIVE HUMIDITY (PERCENT)
 HIGHEST    89          1200 AM
 LOWEST     46           200 PM
 AVERAGE    68

..........................................................




SUNRISE AND SUNSET
OCTOBER 23 2017.......SUNRISE   801 AM MDT   SUNSET   643 PM MDT
OCTOBER 24 2017.......SUNRISE   802 AM MDT   SUNSET   641 PM MDT


-  INDICATES NEGATIVE NUMBERS.
R  INDICATES RECORD WAS SET OR TIED.
MM INDICATES DATA IS MISSING.
T  INDICATES TRACE AMOUNT.




$$
