000
CDUS45 KBOI 020934
CLITWF


CLIMATE REPORT
NATIONAL WEATHER SERVICE BOISE ID
333 AM MDT WED SEP 2 2015


...................................

...THE TWIN FALLS ID CLIMATE SUMMARY FOR SEPTEMBER 1 2015...

CLIMATE NORMAL PERIOD 1981 TO 2010
CLIMATE RECORD PERIOD 9999 TO 9999


WEATHER ITEM   OBSERVED TIME   NORMAL DEPARTURE LAST
                VALUE   (LST)  VALUE  FROM      YEAR
                                      NORMAL
......................................................
TEMPERATURE (F)
 YESTERDAY
  MAXIMUM         91    428 PM  84      7       76
  MINIMUM         55    621 AM  52      3       51
  AVERAGE         73

PRECIPITATION (IN)
  YESTERDAY        0.00          0.02  -0.02     0.00
  MONTH TO DATE    0.00          0.02  -0.02     0.00
  SINCE OCT 1      8.51         10.15  -1.64    12.72
  SINCE JAN 1      5.51          6.90  -1.39    12.25

DEGREE DAYS
 HEATING
  YESTERDAY        0             2     -2        1
  MONTH TO DATE    0             2     -2        1
  SINCE SEP 1      0             2     -2        1
  SINCE JUL 1      3            23    -20       20

 COOLING
  YESTERDAY        8             5      3        0
  MONTH TO DATE    8             5      3        0
  SINCE SEP 1      8             5      3        0
  SINCE JAN 1    886           622    264      759
......................................................


WIND (MPH)
  HIGHEST WIND SPEED    14   HIGHEST WIND DIRECTION     S (180)
  HIGHEST GUST SPEED    19   HIGHEST GUST DIRECTION     S (180)
  AVERAGE WIND SPEED     7.8


SKY COVER
  AVERAGE SKY COVER 0.0


WEATHER CONDITIONS
 THE FOLLOWING WEATHER WAS RECORDED YESTERDAY.
  NO SIGNIFICANT WEATHER WAS OBSERVED.


RELATIVE HUMIDITY (PERCENT)
 HIGHEST    39           700 AM
 LOWEST     11           400 PM
 AVERAGE    25

..........................................................




SUNRISE AND SUNSET
SEPTEMBER  2 2015.....SUNRISE   704 AM MDT   SUNSET   811 PM MDT
SEPTEMBER  3 2015.....SUNRISE   705 AM MDT   SUNSET   809 PM MDT


-  INDICATES NEGATIVE NUMBERS.
R  INDICATES RECORD WAS SET OR TIED.
MM INDICATES DATA IS MISSING.
T  INDICATES TRACE AMOUNT.




$$
