000
CDUS45 KBOI 210931
CLITWF


CLIMATE REPORT
NATIONAL WEATHER SERVICE BOISE ID
231 AM MST SUN JAN 21 2018


...................................

...THE TWIN FALLS ID CLIMATE SUMMARY FOR JANUARY 20 2018...

CLIMATE NORMAL PERIOD 1981 TO 2010
CLIMATE RECORD PERIOD 9999 TO 9999


WEATHER ITEM   OBSERVED TIME   NORMAL DEPARTURE LAST
                VALUE   (LST)  VALUE  FROM      YEAR
                                      NORMAL
......................................................
TEMPERATURE (F)
 YESTERDAY
  MAXIMUM         38    254 PM  38      0       39
  MINIMUM         24    823 AM  22      2       26
  AVERAGE         31

PRECIPITATION (IN)
  YESTERDAY        0.00          0.03  -0.03     0.08
  MONTH TO DATE    0.80          0.72   0.08     1.19
  SINCE OCT 1      3.36          3.97  -0.61     5.69
  SINCE JAN 1      0.80          0.72   0.08     1.19

DEGREE DAYS
 HEATING
  YESTERDAY       34            35     -1       32
  MONTH TO DATE  607           714   -107      889
  SINCE DEC 1   1758          1843    -85     2147
  SINCE JUL 1   3292          3281     11     3449

 COOLING
  YESTERDAY        0             0      0        0
  MONTH TO DATE    0             0      0        0
  SINCE DEC 1      0             0      0        0
  SINCE JAN 1      0             0      0        0
......................................................


WIND (MPH)
  HIGHEST WIND SPEED    22   HIGHEST WIND DIRECTION     W (270)
  HIGHEST GUST SPEED    28   HIGHEST GUST DIRECTION     W (270)
  AVERAGE WIND SPEED    13.3


SKY COVER
  AVERAGE SKY COVER 0.1


WEATHER CONDITIONS
 THE FOLLOWING WEATHER WAS RECORDED YESTERDAY.
  NO SIGNIFICANT WEATHER WAS OBSERVED.


RELATIVE HUMIDITY (PERCENT)
 HIGHEST    92          1000 PM
 LOWEST     56           200 PM
 AVERAGE    74

..........................................................




SUNRISE AND SUNSET
JANUARY 21 2018.......SUNRISE   801 AM MST   SUNSET   538 PM MST
JANUARY 22 2018.......SUNRISE   801 AM MST   SUNSET   539 PM MST


-  INDICATES NEGATIVE NUMBERS.
R  INDICATES RECORD WAS SET OR TIED.
MM INDICATES DATA IS MISSING.
T  INDICATES TRACE AMOUNT.




$$
