000
CDUS44 KSHV 180739
CLITXK


CLIMATE REPORT
NATIONAL WEATHER SERVICE SHREVEPORT, LA
238 AM CDT THU SEP 18 2014


...................................

...THE TEXARKANA CLIMATE SUMMARY FOR SEPTEMBER 17 2014...

CLIMATE NORMAL PERIOD 1981 TO 2010
CLIMATE RECORD PERIOD 1896 TO 2014


WEATHER ITEM   OBSERVED TIME   RECORD YEAR NORMAL DEPARTURE LAST
                VALUE   (LST)  VALUE       VALUE  FROM      YEAR
                                                  NORMAL
..................................................................
TEMPERATURE (F)
 YESTERDAY
  MAXIMUM         89    139 PM 104    1927  86      3       93
  MINIMUM         68    645 AM  46    1916  63      5       72
  AVERAGE         79                        74      5       83

PRECIPITATION (IN)
  YESTERDAY        0.00          1.74 1964   0.10  -0.10      T
  MONTH TO DATE    1.96                      1.98  -0.02     0.14
  SINCE DEC 1     32.72                     38.45  -5.73    24.18
  SINCE JAN 1     26.89                     33.40  -6.51    19.72

SNOWFALL (IN)
  YESTERDAY        0.0
  MONTH TO DATE    0.0
  SINCE SEP 1      0.0
  SINCE JUL 1      0.0
  SNOW DEPTH       0

DEGREE DAYS
 HEATING
  YESTERDAY        0                         0      0        0
  MONTH TO DATE    3                         0      3        0
  SINCE SEP 1      3                         0      3        0
  SINCE JUL 1      3                         0      3        0

 COOLING
  YESTERDAY       14                        10      4       18
  MONTH TO DATE  238                       208     30      304
  SINCE SEP 1    238                       208     30      304
  SINCE JAN 1   1889                      1996   -107     2119
..................................................................


WIND (MPH)
  HIGHEST WIND SPEED     7   HIGHEST WIND DIRECTION     S (180)
  HIGHEST GUST SPEED     9   HIGHEST GUST DIRECTION     S (180)
  AVERAGE WIND SPEED     2.9


SKY COVER
  POSSIBLE SUNSHINE  MM
  AVERAGE SKY COVER 0.5


WEATHER CONDITIONS
 THE FOLLOWING WEATHER WAS RECORDED YESTERDAY.
  FOG
  FOG W/VISIBILITY <= 1/4 MILE
  HAZE


RELATIVE HUMIDITY (PERCENT)
 HIGHEST   100           200 AM
 LOWEST     55           100 PM
 AVERAGE    78

..........................................................


THE TEXARKANA CLIMATE NORMALS FOR TODAY
                         NORMAL    RECORD    YEAR
 MAXIMUM TEMPERATURE (F)   86       102      1927
 MINIMUM TEMPERATURE (F)   63        44      1903


SUNRISE AND SUNSET
SEPTEMBER 18 2014.....SUNRISE   701 AM CDT   SUNSET   718 PM CDT
SEPTEMBER 19 2014.....SUNRISE   702 AM CDT   SUNSET   717 PM CDT


-  INDICATES NEGATIVE NUMBERS.
R  INDICATES RECORD WAS SET OR TIED.
MM INDICATES DATA IS MISSING.
T  INDICATES TRACE AMOUNT.




$$
