000
CDUS44 KSHV 140844
CLITXK


CLIMATE REPORT
NATIONAL WEATHER SERVICE SHREVEPORT, LA
344 AM CDT MON JUL 14 2014


...................................

...THE TEXARKANA CLIMATE SUMMARY FOR JULY 13 2014...

CLIMATE NORMAL PERIOD 1981 TO 2010
CLIMATE RECORD PERIOD 1896 TO 2014


WEATHER ITEM   OBSERVED TIME   RECORD YEAR NORMAL DEPARTURE LAST
                VALUE   (LST)  VALUE       VALUE  FROM      YEAR
                                                  NORMAL
..................................................................
TEMPERATURE (F)
 YESTERDAY
  MAXIMUM         99    403 PM 106    1930  93      6       92
  MINIMUM         72    542 AM  58    1897  72      0       61
  AVERAGE         86                        82      4       77

PRECIPITATION (IN)
  YESTERDAY        0.00          1.35 1941   0.12  -0.12     0.00
  MONTH TO DATE    0.16                      1.66  -1.50     0.02
  SINCE DEC 1     25.49                     31.78  -6.29    20.89
  SINCE JAN 1     19.66                     26.73  -7.07    16.43

SNOWFALL (IN)
  YESTERDAY        0.0
  MONTH TO DATE    0.0
  SINCE JUN 1      0.0
  SINCE JUL 1      0.0
  SNOW DEPTH       0

DEGREE DAYS
 HEATING
  YESTERDAY        0                         0      0        0
  MONTH TO DATE    0                         0      0        0
  SINCE JUN 1      0                         0      0        0
  SINCE JUL 1      0                         0      0        0

 COOLING
  YESTERDAY       21                        17      4       12
  MONTH TO DATE  213                       216     -3      203
  SINCE JUN 1    642                       621     21      654
  SINCE JAN 1    936                       941     -5      952
..................................................................


WIND (MPH)
  HIGHEST WIND SPEED    12   HIGHEST WIND DIRECTION     W (270)
  HIGHEST GUST SPEED    16   HIGHEST GUST DIRECTION     W (260)
  AVERAGE WIND SPEED     4.5


SKY COVER
  POSSIBLE SUNSHINE  MM
  AVERAGE SKY COVER 0.0


WEATHER CONDITIONS
 THE FOLLOWING WEATHER WAS RECORDED YESTERDAY.
  NO SIGNIFICANT WEATHER WAS OBSERVED.


RELATIVE HUMIDITY (PERCENT)
 HIGHEST    93           600 AM
 LOWEST     28           400 PM
 AVERAGE    61

..........................................................


THE TEXARKANA CLIMATE NORMALS FOR TODAY
                         NORMAL    RECORD    YEAR
 MAXIMUM TEMPERATURE (F)   93       108      1901
 MINIMUM TEMPERATURE (F)   72        58      1897


SUNRISE AND SUNSET
JULY 14 2014..........SUNRISE   617 AM CDT   SUNSET   827 PM CDT
JULY 15 2014..........SUNRISE   617 AM CDT   SUNSET   826 PM CDT


-  INDICATES NEGATIVE NUMBERS.
R  INDICATES RECORD WAS SET OR TIED.
MM INDICATES DATA IS MISSING.
T  INDICATES TRACE AMOUNT.




$$
