000
CDUS44 KSHV 222133
CLITXK


CLIMATE REPORT
NATIONAL WEATHER SERVICE SHREVEPORT, LA
432 PM CDT THU JUN 22 2017


...................................

...THE TEXARKANA CLIMATE SUMMARY FOR JUNE 22 2017...
VALID TODAY AS OF 0400 PM LOCAL TIME.

CLIMATE NORMAL PERIOD 1981 TO 2010
CLIMATE RECORD PERIOD 1896 TO 2017


WEATHER ITEM   OBSERVED TIME   RECORD YEAR NORMAL DEPARTURE LAST
                VALUE   (LST)  VALUE       VALUE  FROM      YEAR
                                                  NORMAL
..................................................................
TEMPERATURE (F)
 TODAY
  MAXIMUM         86    142 PM 105    1936  90     -4       93
  MINIMUM         74    139 AM  54    1902  69      5       76
  AVERAGE         80                        80      0       85

PRECIPITATION (IN)
  TODAY            0.04          3.64 1980   0.16  -0.12     0.00
  MONTH TO DATE    1.89                      3.26  -1.37     3.07
  SINCE DEC 1     28.87                     28.93  -0.06    36.27
  SINCE JAN 1     22.45                     23.88  -1.43    30.29

DEGREE DAYS
 HEATING
  TODAY            0                         0      0        0
  MONTH TO DATE    0                         0      0        0
  SINCE JUN 1      0                         0      0        0
  SINCE JUL 1   1707                      2616   -909     1908

 COOLING
  TODAY           15                        15      0       20
  MONTH TO DATE  275                       283     -8      336
  SINCE JUN 1    275                       283     -8      336
  SINCE JAN 1    635                       603     32      626
..................................................................


WIND (MPH)
  HIGHEST WIND SPEED    17   HIGHEST WIND DIRECTION    NE (60)
  HIGHEST GUST SPEED    27   HIGHEST GUST DIRECTION    NE (50)
  AVERAGE WIND SPEED     7.9


SKY COVER
  POSSIBLE SUNSHINE  MM
  AVERAGE SKY COVER 1.0


WEATHER CONDITIONS
 THE FOLLOWING WEATHER WAS RECORDED TODAY.
  RAIN
  LIGHT RAIN
  FOG


RELATIVE HUMIDITY (PERCENT)
 HIGHEST   100          1200 AM
 LOWEST     74           200 PM
 AVERAGE    87

..........................................................


THE TEXARKANA CLIMATE NORMALS FOR TOMORROW
                         NORMAL    RECORD    YEAR
 MAXIMUM TEMPERATURE (F)   90       102      1936
 MINIMUM TEMPERATURE (F)   70        58      1935


SUNRISE AND SUNSET
JUNE 22 2017..........SUNRISE   607 AM CDT   SUNSET   829 PM CDT
JUNE 23 2017..........SUNRISE   607 AM CDT   SUNSET   829 PM CDT


-  INDICATES NEGATIVE NUMBERS.
R  INDICATES RECORD WAS SET OR TIED.
MM INDICATES DATA IS MISSING.
T  INDICATES TRACE AMOUNT.




$$
