000
CDUS44 KSHV 230744
CLITXK


CLIMATE REPORT
NATIONAL WEATHER SERVICE SHREVEPORT, LA
241 AM CDT SAT JUL 23 2016


...................................

...THE TEXARKANA CLIMATE SUMMARY FOR JULY 22 2016...

CLIMATE NORMAL PERIOD 1981 TO 2010
CLIMATE RECORD PERIOD 1896 TO 2016


WEATHER ITEM   OBSERVED TIME   RECORD YEAR NORMAL DEPARTURE LAST
                VALUE   (LST)  VALUE       VALUE  FROM      YEAR
                                                  NORMAL
..................................................................
TEMPERATURE (F)
 YESTERDAY
  MAXIMUM        102    458 PM 110    1939  94      8       96
  MINIMUM         77    459 AM  58    1970  72      5       77
  AVERAGE         90                        83      7       87

PRECIPITATION (IN)
  YESTERDAY        0.00          2.44 1985   0.09  -0.09     0.00
  MONTH TO DATE    0.60                      2.59  -1.99     2.13
  SINCE DEC 1     36.87                     32.71   4.16    42.06
  SINCE JAN 1     30.89                     27.66   3.23    39.38

SNOWFALL (IN)
  YESTERDAY        0.0
  MONTH TO DATE    0.0
  SINCE JUN 1      0.0
  SINCE JUL 1      0.0
  SNOW DEPTH       0

DEGREE DAYS
 HEATING
  YESTERDAY        0                         0      0        0
  MONTH TO DATE    0                         0      0        0
  SINCE JUN 1      0                         0      0        0
  SINCE JUL 1      0                         0      0        0

 COOLING
  YESTERDAY       25                        18      7       22
  MONTH TO DATE  462                       374     88      417
  SINCE JUN 1    951                       779    172      896
  SINCE JAN 1   1241                      1099    142     1220
..................................................................


WIND (MPH)
  HIGHEST WIND SPEED    14   HIGHEST WIND DIRECTION    SE (150)
  HIGHEST GUST SPEED    18   HIGHEST GUST DIRECTION    SE (150)
  AVERAGE WIND SPEED     4.4


SKY COVER
  POSSIBLE SUNSHINE  MM
  AVERAGE SKY COVER 0.2


WEATHER CONDITIONS
 THE FOLLOWING WEATHER WAS RECORDED YESTERDAY.
  NO SIGNIFICANT WEATHER WAS OBSERVED.


RELATIVE HUMIDITY (PERCENT)
 HIGHEST    82           500 AM
 LOWEST     35           300 PM
 AVERAGE    59

..........................................................


THE TEXARKANA CLIMATE NORMALS FOR TODAY
                         NORMAL    RECORD    YEAR
 MAXIMUM TEMPERATURE (F)   94       107      1934
 MINIMUM TEMPERATURE (F)   72        57      1915


SUNRISE AND SUNSET
JULY 23 2016..........SUNRISE   623 AM CDT   SUNSET   822 PM CDT
JULY 24 2016..........SUNRISE   623 AM CDT   SUNSET   821 PM CDT


-  INDICATES NEGATIVE NUMBERS.
R  INDICATES RECORD WAS SET OR TIED.
MM INDICATES DATA IS MISSING.
T  INDICATES TRACE AMOUNT.




$$
