000
CDUS44 KSHV 222132
CLITXK


CLIMATE REPORT
NATIONAL WEATHER SERVICE SHREVEPORT, LA
431 PM CDT MON MAY 22 2017


...................................

...THE TEXARKANA CLIMATE SUMMARY FOR MAY 22 2017...
VALID TODAY AS OF 0400 PM LOCAL TIME.

CLIMATE NORMAL PERIOD 1981 TO 2010
CLIMATE RECORD PERIOD 1896 TO 2017


WEATHER ITEM   OBSERVED TIME   RECORD YEAR NORMAL DEPARTURE LAST
                VALUE   (LST)  VALUE       VALUE  FROM      YEAR
                                                  NORMAL
..................................................................
TEMPERATURE (F)
 TODAY
  MAXIMUM         70   1129 AM  96    1921  84    -14       82
  MINIMUM         62    733 AM  49    1963  63     -1       62
  AVERAGE         66                        73     -7       72

PRECIPITATION (IN)
  TODAY            0.10          3.13 1963   0.16  -0.06     0.00
  MONTH TO DATE    2.97                      3.76  -0.79     2.17
  SINCE DEC 1     26.01                     24.34   1.67    30.55
  SINCE JAN 1     19.59                     19.29   0.30    24.57

DEGREE DAYS
 HEATING
  TODAY            0                         0      0        0
  MONTH TO DATE    9                        12     -3       17
  SINCE MAR 1    254                       421   -167      255
  SINCE JUL 1   1705                      2615   -910     1908

 COOLING
  TODAY            1                         8     -7        7
  MONTH TO DATE  113                       136    -23       79
  SINCE MAR 1    258                       229     29      188
  SINCE JAN 1    290                       233     57      194
..................................................................


WIND (MPH)
  HIGHEST WIND SPEED    12   HIGHEST WIND DIRECTION    NE (60)
  HIGHEST GUST SPEED    17   HIGHEST GUST DIRECTION     E (90)
  AVERAGE WIND SPEED     4.5


SKY COVER
  POSSIBLE SUNSHINE  MM
  AVERAGE SKY COVER 0.7


WEATHER CONDITIONS
 THE FOLLOWING WEATHER WAS RECORDED TODAY.
  LIGHT RAIN


RELATIVE HUMIDITY (PERCENT)
 HIGHEST   100           400 AM
 LOWEST     63          1100 AM
 AVERAGE    82

..........................................................


THE TEXARKANA CLIMATE NORMALS FOR TOMORROW
                         NORMAL    RECORD    YEAR
 MAXIMUM TEMPERATURE (F)   84        94      1921
 MINIMUM TEMPERATURE (F)   63        47      1963


SUNRISE AND SUNSET
MAY 22 2017...........SUNRISE   611 AM CDT   SUNSET   815 PM CDT
MAY 23 2017...........SUNRISE   611 AM CDT   SUNSET   815 PM CDT


-  INDICATES NEGATIVE NUMBERS.
R  INDICATES RECORD WAS SET OR TIED.
MM INDICATES DATA IS MISSING.
T  INDICATES TRACE AMOUNT.




$$
