000
CDUS44 KSHV 250751
CLITXK


CLIMATE REPORT
NATIONAL WEATHER SERVICE SHREVEPORT, LA
251 AM CDT SAT MAR 25 2017


...................................

...THE TEXARKANA CLIMATE SUMMARY FOR MARCH 24 2017...

CLIMATE NORMAL PERIOD 1981 TO 2010
CLIMATE RECORD PERIOD 1896 TO 2017


WEATHER ITEM   OBSERVED TIME   RECORD YEAR NORMAL DEPARTURE LAST
                VALUE   (LST)  VALUE       VALUE  FROM      YEAR
                                                  NORMAL
..................................................................
TEMPERATURE (F)
 YESTERDAY
  MAXIMUM         78    134 PM  90    1907  70      8       67
  MINIMUM         59   1009 PM  27    1912  47     12       46
  AVERAGE         69                        58     11       57

PRECIPITATION (IN)
  YESTERDAY        1.67          2.24 1973   0.13   1.54     0.41
  MONTH TO DATE    2.34                      3.27  -0.93     6.98
  SINCE DEC 1     17.40                     15.71   1.69    19.08
  SINCE JAN 1     10.98                     10.66   0.32    13.10

SNOWFALL (IN)
  YESTERDAY        0.0
  MONTH TO DATE    0.0
  SINCE MAR 1      0.0
  SINCE JUL 1      0.1
  SNOW DEPTH       0

DEGREE DAYS
 HEATING
  YESTERDAY        0                         8     -8        8
  MONTH TO DATE  189                       252    -63      137
  SINCE MAR 1    189                       252    -63      137
  SINCE JUL 1   1640                      2446   -806     1790

 COOLING
  YESTERDAY        4                         1      3        0
  MONTH TO DATE   36                        12     24       17
  SINCE MAR 1     36                        12     24       17
  SINCE JAN 1     68                        16     52       23
..................................................................


WIND (MPH)
  HIGHEST WIND SPEED    32   HIGHEST WIND DIRECTION     S (160)
  HIGHEST GUST SPEED    41   HIGHEST GUST DIRECTION    SE (150)
  AVERAGE WIND SPEED    13.8


SKY COVER
  POSSIBLE SUNSHINE  MM
  AVERAGE SKY COVER 0.6


WEATHER CONDITIONS
 THE FOLLOWING WEATHER WAS RECORDED YESTERDAY.
  THUNDERSTORM
  HEAVY RAIN
  RAIN
  LIGHT RAIN
  FOG


RELATIVE HUMIDITY (PERCENT)
 HIGHEST   100          1100 PM
 LOWEST     49          1200 AM
 AVERAGE    75

..........................................................


THE TEXARKANA CLIMATE NORMALS FOR TODAY
                         NORMAL    RECORD    YEAR
 MAXIMUM TEMPERATURE (F)   70        89      1928
 MINIMUM TEMPERATURE (F)   47        27      1955


SUNRISE AND SUNSET
MARCH 25 2017.........SUNRISE   713 AM CDT   SUNSET   732 PM CDT
MARCH 26 2017.........SUNRISE   711 AM CDT   SUNSET   732 PM CDT


-  INDICATES NEGATIVE NUMBERS.
R  INDICATES RECORD WAS SET OR TIED.
MM INDICATES DATA IS MISSING.
T  INDICATES TRACE AMOUNT.




$$
