000
CDUS44 KSHV 212237
CLITYR


CLIMATE REPORT
NATIONAL WEATHER SERVICE SHREVEPORT, LA
436 PM CST WED FEB 21 2018


...................................

...THE TYLER CLIMATE SUMMARY FOR FEBRUARY 21 2018...
VALID TODAY AS OF 0400 PM LOCAL TIME.

CLIMATE NORMAL PERIOD 1981 TO 2010
CLIMATE RECORD PERIOD 1896 TO 2018


WEATHER ITEM   OBSERVED TIME   RECORD YEAR NORMAL DEPARTURE LAST
                VALUE   (LST)  VALUE       VALUE  FROM      YEAR
                                                  NORMAL
..................................................................
TEMPERATURE (F)
 TODAY
  MAXIMUM         54   1203 AM  89    1986  62     -8       73
  MINIMUM         41   1052 AM  19    1978  42     -1       55
  AVERAGE         48                        52     -4       64

PRECIPITATION (IN)
  TODAY            2.13          3.82 1994   0.12   2.01     0.00
  MONTH TO DATE    4.86                      2.82   2.04     2.25
  SINCE DEC 1     11.42                     10.12   1.30    10.44
  SINCE JAN 1      6.13                      5.88   0.25     7.79

SNOWFALL (IN)
  TODAY            0.0
  MONTH TO DATE    0.2
  SINCE DEC 1      1.5
  SINCE JUL 1      1.5
  SNOW DEPTH       0

DEGREE DAYS
 HEATING
  TODAY           17                        13      4        1
  MONTH TO DATE  312                       325    -13      135
  SINCE DEC 1   1480                      1429     51      915
  SINCE JUL 1   1752                      1803    -51     1046

 COOLING
  TODAY            0                         0      0        0
  MONTH TO DATE   16                         0     16       30
  SINCE DEC 1     25                        10     15       71
  SINCE JAN 1     19                         4     15       49
..................................................................


WIND (MPH)
  HIGHEST WIND SPEED    20   HIGHEST WIND DIRECTION    NW (320)
  HIGHEST GUST SPEED    24   HIGHEST GUST DIRECTION    NW (330)
  AVERAGE WIND SPEED    11.1


SKY COVER
  POSSIBLE SUNSHINE  MM
  AVERAGE SKY COVER 1.0


WEATHER CONDITIONS
 THE FOLLOWING WEATHER WAS RECORDED TODAY.
  THUNDERSTORM
  HEAVY RAIN
  RAIN
  LIGHT RAIN
  FOG


RELATIVE HUMIDITY (PERCENT)
 HIGHEST   100           700 AM
 LOWEST     92           400 PM
 AVERAGE    96

..........................................................


THE TYLER CLIMATE NORMALS FOR TOMORROW
                         NORMAL    RECORD    YEAR
 MAXIMUM TEMPERATURE (F)   62        87      1996
 MINIMUM TEMPERATURE (F)   42        14      1978


SUNRISE AND SUNSET
FEBRUARY 21 2018......SUNRISE   658 AM CST   SUNSET   613 PM CST
FEBRUARY 22 2018......SUNRISE   657 AM CST   SUNSET   614 PM CST


-  INDICATES NEGATIVE NUMBERS.
R  INDICATES RECORD WAS SET OR TIED.
MM INDICATES DATA IS MISSING.
T  INDICATES TRACE AMOUNT.




$$
