000
CDUS44 KSHV 212244
CLITYR


CLIMATE REPORT
NATIONAL WEATHER SERVICE SHREVEPORT, LA
444 PM CST TUE NOV 21 2017


...................................

...THE TYLER CLIMATE SUMMARY FOR NOVEMBER 21 2017...
VALID TODAY AS OF 0400 PM LOCAL TIME.

CLIMATE NORMAL PERIOD 1981 TO 2010
CLIMATE RECORD PERIOD 1896 TO 2017


WEATHER ITEM   OBSERVED TIME   RECORD YEAR NORMAL DEPARTURE LAST
                VALUE   (LST)  VALUE       VALUE  FROM      YEAR
                                                  NORMAL
..................................................................
TEMPERATURE (F)
 TODAY
  MAXIMUM         68    223 PM  81    2007  63      5       73
                                      1956
  MINIMUM         43    547 AM  19    1901  44     -1       41
  AVERAGE         56                        54      2       57

PRECIPITATION (IN)
  TODAY            0.00          0.82 1977   0.12  -0.12     0.00
  MONTH TO DATE    1.38                      2.98  -1.60     0.29
  SINCE DEC 1     37.53                     44.67  -7.14    42.88
  SINCE JAN 1     34.88                     40.43  -5.55    33.11

SNOWFALL (IN)
  TODAY            0.0
  MONTH TO DATE    0.0
  SINCE SEP 1      0.0
  SINCE JUL 1      0.0
  SNOW DEPTH       0

DEGREE DAYS
 HEATING
  TODAY            9                        12     -3        8
  MONTH TO DATE   99                       176    -77       65
  SINCE SEP 1    187                       253    -66       71
  SINCE JUL 1    187                       253    -66       71

 COOLING
  TODAY            0                         0      0        0
  MONTH TO DATE   69                        14     55       58
  SINCE SEP 1    633                       485    148      793
  SINCE JAN 1   2767                      2407    360     3092
..................................................................


WIND (MPH)
  HIGHEST WIND SPEED    10   HIGHEST WIND DIRECTION     S (160)
  HIGHEST GUST SPEED    13   HIGHEST GUST DIRECTION     S (160)
  AVERAGE WIND SPEED     6.3


SKY COVER
  POSSIBLE SUNSHINE  MM
  AVERAGE SKY COVER 0.4


WEATHER CONDITIONS
 THE FOLLOWING WEATHER WAS RECORDED TODAY.
  NO SIGNIFICANT WEATHER WAS OBSERVED.


RELATIVE HUMIDITY (PERCENT)
 HIGHEST    93           700 AM
 LOWEST     68           100 PM
 AVERAGE    81

..........................................................


THE TYLER CLIMATE NORMALS FOR TOMORROW
                         NORMAL    RECORD    YEAR
 MAXIMUM TEMPERATURE (F)   63        83      1909
 MINIMUM TEMPERATURE (F)   44        22      1976


SUNRISE AND SUNSET
NOVEMBER 21 2017......SUNRISE   657 AM CST   SUNSET   518 PM CST
NOVEMBER 22 2017......SUNRISE   657 AM CST   SUNSET   518 PM CST


-  INDICATES NEGATIVE NUMBERS.
R  INDICATES RECORD WAS SET OR TIED.
MM INDICATES DATA IS MISSING.
T  INDICATES TRACE AMOUNT.




$$
