704
CDUS44 KSHV 200747
CLITYR


CLIMATE REPORT
NATIONAL WEATHER SERVICE SHREVEPORT, LA
242 AM CDT WED SEP 20 2017


...................................

...THE TYLER CLIMATE SUMMARY FOR SEPTEMBER 19 2017...

CLIMATE NORMAL PERIOD 1981 TO 2010
CLIMATE RECORD PERIOD 1896 TO 2017


WEATHER ITEM   OBSERVED TIME   RECORD YEAR NORMAL DEPARTURE LAST
                VALUE   (LST)  VALUE       VALUE  FROM      YEAR
                                                  NORMAL
..................................................................
TEMPERATURE (F)
 YESTERDAY
  MAXIMUM         92    353 PM  99    1941  85      7       97
  MINIMUM         72    253 AM  40    1901  65      7       75
  AVERAGE         82                        75      7       86

PRECIPITATION (IN)
  YESTERDAY        0.00          2.64 2002   0.09  -0.09      T
  MONTH TO DATE    0.02                      2.17  -2.15     0.07
  SINCE DEC 1     34.34                     35.67  -1.33    41.28
  SINCE JAN 1     31.69                     31.43   0.26    31.51

SNOWFALL (IN)
  YESTERDAY        0.0
  MONTH TO DATE    0.0
  SINCE SEP 1      0.0
  SINCE JUL 1      0.0
  SNOW DEPTH       0

DEGREE DAYS
 HEATING
  YESTERDAY        0                         0      0        0
  MONTH TO DATE    0                         0      0        0
  SINCE SEP 1      0                         0      0        0
  SINCE JUL 1      0                         0      0        0

 COOLING
  YESTERDAY       17                        10      7       21
  MONTH TO DATE  206                       247    -41      344
  SINCE SEP 1    206                       247    -41      344
  SINCE JAN 1   2340                      2169    171     2643
..................................................................


WIND (MPH)
  HIGHEST WIND SPEED    17   HIGHEST WIND DIRECTION     S (160)
  HIGHEST GUST SPEED    22   HIGHEST GUST DIRECTION     S (180)
  AVERAGE WIND SPEED     9.9


SKY COVER
  POSSIBLE SUNSHINE  MM
  AVERAGE SKY COVER 0.5


WEATHER CONDITIONS
 THE FOLLOWING WEATHER WAS RECORDED YESTERDAY.
  FOG
  HAZE


RELATIVE HUMIDITY (PERCENT)
 HIGHEST   100           200 AM
 LOWEST     49           200 PM
 AVERAGE    75

..........................................................


THE TYLER CLIMATE NORMALS FOR TODAY
                         NORMAL    RECORD    YEAR
 MAXIMUM TEMPERATURE (F)   85       102      1956
 MINIMUM TEMPERATURE (F)   65        44      1981


SUNRISE AND SUNSET
SEPTEMBER 20 2017.....SUNRISE   709 AM CDT   SUNSET   721 PM CDT
SEPTEMBER 21 2017.....SUNRISE   709 AM CDT   SUNSET   719 PM CDT


-  INDICATES NEGATIVE NUMBERS.
R  INDICATES RECORD WAS SET OR TIED.
MM INDICATES DATA IS MISSING.
T  INDICATES TRACE AMOUNT.




$$
