979
CDUS44 KSHV 202133
CLITYR


CLIMATE REPORT
NATIONAL WEATHER SERVICE SHREVEPORT, LA
431 PM CDT THU JUL 20 2017


...................................

...THE TYLER CLIMATE SUMMARY FOR JULY 20 2017...
VALID TODAY AS OF 0400 PM LOCAL TIME.

CLIMATE NORMAL PERIOD 1981 TO 2010
CLIMATE RECORD PERIOD 1896 TO 2017


WEATHER ITEM   OBSERVED TIME   RECORD YEAR NORMAL DEPARTURE LAST
                VALUE   (LST)  VALUE       VALUE  FROM      YEAR
                                                  NORMAL
..................................................................
TEMPERATURE (F)
 TODAY
  MAXIMUM         96    230 PM 102    1896  93      3       98
  MINIMUM         76    550 AM  59    1947  74      2       76
  AVERAGE         86                        83      3       87

PRECIPITATION (IN)
  TODAY            0.00          3.44 1917   0.06  -0.06     0.00
  MONTH TO DATE    1.64                      2.03  -0.39     0.27
  SINCE DEC 1     25.26                     30.03  -4.77    35.15
  SINCE JAN 1     22.61                     25.79  -3.18    25.38

DEGREE DAYS
 HEATING
  TODAY            0                         0      0        0
  MONTH TO DATE    0                         0      0        0
  SINCE JUN 1      0                         0      0        0
  SINCE JUL 1      0                         0      0        0

 COOLING
  TODAY           21                        18      3       22
  MONTH TO DATE  368                       351     17      447
  SINCE JUN 1    831                       784     47      986
  SINCE JAN 1   1383                      1153    230     1434
..................................................................


WIND (MPH)
  HIGHEST WIND SPEED    12   HIGHEST WIND DIRECTION    SW (220)
  HIGHEST GUST SPEED    17   HIGHEST GUST DIRECTION     W (250)
  AVERAGE WIND SPEED     5.8


SKY COVER
  POSSIBLE SUNSHINE  MM
  AVERAGE SKY COVER 0.1


WEATHER CONDITIONS
 THE FOLLOWING WEATHER WAS RECORDED TODAY.
  NO SIGNIFICANT WEATHER WAS OBSERVED.


RELATIVE HUMIDITY (PERCENT)
 HIGHEST    94           400 AM
 LOWEST     43           200 PM
 AVERAGE    69

..........................................................


THE TYLER CLIMATE NORMALS FOR TOMORROW
                         NORMAL    RECORD    YEAR
 MAXIMUM TEMPERATURE (F)   93       105      1920
 MINIMUM TEMPERATURE (F)   74        59      1970


SUNRISE AND SUNSET
JULY 20 2017..........SUNRISE   629 AM CDT   SUNSET   827 PM CDT
JULY 21 2017..........SUNRISE   629 AM CDT   SUNSET   826 PM CDT


-  INDICATES NEGATIVE NUMBERS.
R  INDICATES RECORD WAS SET OR TIED.
MM INDICATES DATA IS MISSING.
T  INDICATES TRACE AMOUNT.




$$
