000
CDUS44 KSHV 110837
CLITYR


CLIMATE REPORT
NATIONAL WEATHER SERVICE SHREVEPORT, LA
232 AM CST SUN DEC 11 2016


...................................

...THE TYLER CLIMATE SUMMARY FOR DECEMBER 10 2016...

CLIMATE NORMAL PERIOD 1981 TO 2010
CLIMATE RECORD PERIOD 1896 TO 2016


WEATHER ITEM   OBSERVED TIME   RECORD YEAR NORMAL DEPARTURE LAST
                VALUE   (LST)  VALUE       VALUE  FROM      YEAR
                                                  NORMAL
..................................................................
TEMPERATURE (F)
 YESTERDAY
  MAXIMUM         50   1155 PM  78    1943  58     -8       75
  MINIMUM         34    230 AM  12    1898  40     -6       47
  AVERAGE         42                        49     -7       61

PRECIPITATION (IN)
  YESTERDAY        0.00          2.33 1972   0.13  -0.13     0.00
  MONTH TO DATE    1.74                      1.29   0.45     0.00
  SINCE DEC 1      1.74                      1.29   0.45     0.00
  SINCE JAN 1     35.76                     42.84  -7.08    58.28

SNOWFALL (IN)
  YESTERDAY        0.0
  MONTH TO DATE    0.0
  SINCE DEC 1      0.0
  SINCE JUL 1      0.0
  SNOW DEPTH       0

DEGREE DAYS
 HEATING
  YESTERDAY       23                        17      6        4
  MONTH TO DATE  184                       157     27      123
  SINCE DEC 1    184                       157     27      123
  SINCE JUL 1    315                       531   -216      316

 COOLING
  YESTERDAY        0                         0      0        0
  MONTH TO DATE    0                         0      0        0
  SINCE DEC 1      0                         0      0        0
  SINCE JAN 1   3093                      2411    682     2983
..................................................................


WIND (MPH)
  HIGHEST WIND SPEED    17   HIGHEST WIND DIRECTION     S (170)
  HIGHEST GUST SPEED    24   HIGHEST GUST DIRECTION     S (170)
  AVERAGE WIND SPEED     9.2


SKY COVER
  POSSIBLE SUNSHINE  MM
  AVERAGE SKY COVER 1.0


WEATHER CONDITIONS
 THE FOLLOWING WEATHER WAS RECORDED YESTERDAY.
  NO SIGNIFICANT WEATHER WAS OBSERVED.


RELATIVE HUMIDITY (PERCENT)
 HIGHEST    64           400 AM
 LOWEST     42           300 PM
 AVERAGE    53

..........................................................


THE TYLER CLIMATE NORMALS FOR TODAY
                         NORMAL    RECORD    YEAR
 MAXIMUM TEMPERATURE (F)   58        82      1939
 MINIMUM TEMPERATURE (F)   39        15      1898


SUNRISE AND SUNSET
DECEMBER 11 2016......SUNRISE   713 AM CST   SUNSET   517 PM CST
DECEMBER 12 2016......SUNRISE   714 AM CST   SUNSET   517 PM CST


-  INDICATES NEGATIVE NUMBERS.
R  INDICATES RECORD WAS SET OR TIED.
MM INDICATES DATA IS MISSING.
T  INDICATES TRACE AMOUNT.




$$
