000
CDUS44 KSHV 240735
CLITYR


CLIMATE REPORT
NATIONAL WEATHER SERVICE SHREVEPORT, LA
235 AM CDT SUN MAY 24 2015


...................................

...THE TYLER CLIMATE SUMMARY FOR MAY 23 2015...

CLIMATE NORMAL PERIOD 1981 TO 2010
CLIMATE RECORD PERIOD 1896 TO 2015


WEATHER ITEM   OBSERVED TIME   RECORD YEAR NORMAL DEPARTURE LAST
                VALUE   (LST)  VALUE       VALUE  FROM      YEAR
                                                  NORMAL
..................................................................
TEMPERATURE (F)
 YESTERDAY
  MAXIMUM         85    225 PM  98    1925  84      1       84
  MINIMUM         68    532 AM  47    1963  66      2       67
  AVERAGE         77                        75      2       76

PRECIPITATION (IN)
  YESTERDAY        0.14          2.92 1952   0.14   0.00     0.00
  MONTH TO DATE    6.51                      3.43   3.08     2.64
  SINCE DEC 1     31.01                     21.83   9.18    14.43
  SINCE JAN 1     29.54                     17.59  11.95    11.41

SNOWFALL (IN)
  YESTERDAY        0.0
  MONTH TO DATE    0.0
  SINCE MAR 1      0.5
  SINCE JUL 1      2.1
  SNOW DEPTH       0

DEGREE DAYS
 HEATING
  YESTERDAY        0                         0      0        0
  MONTH TO DATE    0                         6     -6       21
  SINCE MAR 1    307                       376    -69      475
  SINCE JUL 1   2194                      2268    -74     2539

 COOLING
  YESTERDAY       12                        10      2       11
  MONTH TO DATE  203                       170     33      169
  SINCE MAR 1    376                       270    106      298
  SINCE JAN 1    376                       282     94      301
..................................................................


WIND (MPH)
  HIGHEST WIND SPEED    24   HIGHEST WIND DIRECTION     S (160)
  HIGHEST GUST SPEED    30   HIGHEST GUST DIRECTION     S (160)
  AVERAGE WIND SPEED    10.2


SKY COVER
  POSSIBLE SUNSHINE  MM
  AVERAGE SKY COVER 0.5


WEATHER CONDITIONS
 THE FOLLOWING WEATHER WAS RECORDED YESTERDAY.
  THUNDERSTORM
  RAIN
  LIGHT RAIN


RELATIVE HUMIDITY (PERCENT)
 HIGHEST    93          1100 PM
 LOWEST     61           100 PM
 AVERAGE    77

..........................................................


THE TYLER CLIMATE NORMALS FOR TODAY
                         NORMAL    RECORD    YEAR
 MAXIMUM TEMPERATURE (F)   84        96      1941
 MINIMUM TEMPERATURE (F)   66        47      1910


SUNRISE AND SUNSET
MAY 24 2015...........SUNRISE   618 AM CDT   SUNSET   819 PM CDT
MAY 25 2015...........SUNRISE   618 AM CDT   SUNSET   819 PM CDT


-  INDICATES NEGATIVE NUMBERS.
R  INDICATES RECORD WAS SET OR TIED.
MM INDICATES DATA IS MISSING.
T  INDICATES TRACE AMOUNT.




$$
