000
CDUS44 KSHV 192250
CLITYR


CLIMATE REPORT
NATIONAL WEATHER SERVICE SHREVEPORT, LA
450 PM CST FRI DEC 19 2014


...................................

...THE TYLER CLIMATE SUMMARY FOR DECEMBER 19 2014...
VALID TODAY AS OF 0400 PM LOCAL TIME.

CLIMATE NORMAL PERIOD 1981 TO 2010
CLIMATE RECORD PERIOD 1896 TO 2014


WEATHER ITEM   OBSERVED TIME   RECORD YEAR NORMAL DEPARTURE LAST
                VALUE   (LST)  VALUE       VALUE  FROM      YEAR
                                                  NORMAL
..................................................................
TEMPERATURE (F)
 TODAY
  MAXIMUM         51    236 PM  78    1924  57     -6       73
  MINIMUM         47    928 AM  14    1975  38      9       51
  AVERAGE         49                        48      1       62

PRECIPITATION (IN)
  TODAY            0.18          2.28 1952   0.14   0.04      T
  MONTH TO DATE    0.82                      2.56  -1.74     1.55
  SINCE DEC 1      0.82                      2.56  -1.74     1.55
  SINCE JAN 1     33.62                     44.11 -10.49    40.56

SNOWFALL (IN)
  TODAY           MM
  MONTH TO DATE    0.0
  SINCE DEC 1      0.0
  SINCE JUL 1      T
  SNOW DEPTH       0

DEGREE DAYS
 HEATING
  TODAY           16                        17     -1        3
  MONTH TO DATE  198                       310   -112      338
  SINCE DEC 1    198                       310   -112      338
  SINCE JUL 1    579                       684   -105      728

 COOLING
  TODAY            0                         0      0        0
  MONTH TO DATE    3                         0      3        5
  SINCE DEC 1      3                         0      3        5
  SINCE JAN 1   2608                      2411    197     2772
..................................................................


WIND (MPH)
  HIGHEST WIND SPEED    16   HIGHEST WIND DIRECTION     E (80)
  HIGHEST GUST SPEED    20   HIGHEST GUST DIRECTION     E (90)
  AVERAGE WIND SPEED     8.6


SKY COVER
  POSSIBLE SUNSHINE  MM
  AVERAGE SKY COVER 1.0


WEATHER CONDITIONS
 THE FOLLOWING WEATHER WAS RECORDED TODAY.
  HEAVY RAIN
  RAIN
  LIGHT RAIN
  FOG


RELATIVE HUMIDITY (PERCENT)
 HIGHEST    93           100 AM
 LOWEST     83           200 PM
 AVERAGE    88

..........................................................


THE TYLER CLIMATE NORMALS FOR TOMORROW
                         NORMAL    RECORD    YEAR
 MAXIMUM TEMPERATURE (F)   57        77      1944
 MINIMUM TEMPERATURE (F)   38        12      1901


SUNRISE AND SUNSET
DECEMBER 19 2014......SUNRISE   718 AM CST   SUNSET   520 PM CST
DECEMBER 20 2014......SUNRISE   718 AM CST   SUNSET   520 PM CST


-  INDICATES NEGATIVE NUMBERS.
R  INDICATES RECORD WAS SET OR TIED.
MM INDICATES DATA IS MISSING.
T  INDICATES TRACE AMOUNT.




$$
