000
CDUS44 KSHV 290812
CLITYR


CLIMATE REPORT
NATIONAL WEATHER SERVICE SHREVEPORT, LA
300 AM CDT SUN MAY 29 2016


...................................

...THE TYLER CLIMATE SUMMARY FOR MAY 28 2016...

CLIMATE NORMAL PERIOD 1981 TO 2010
CLIMATE RECORD PERIOD 1896 TO 2016


WEATHER ITEM   OBSERVED TIME   RECORD YEAR NORMAL DEPARTURE LAST
                VALUE   (LST)  VALUE       VALUE  FROM      YEAR
                                                  NORMAL
..................................................................
TEMPERATURE (F)
 YESTERDAY
  MAXIMUM         86    528 PM  99    2011  85      1       89
                                      1926
  MINIMUM         64    314 AM  43    1961  67     -3       72
  AVERAGE         75                        76     -1       81

PRECIPITATION (IN)
  YESTERDAY        0.00          3.75 1902   0.19  -0.19     0.00
  MONTH TO DATE    2.79                      4.23  -1.44     9.50
  SINCE DEC 1     31.63                     22.63   9.00    34.00
  SINCE JAN 1     21.86                     18.39   3.47    32.53

SNOWFALL (IN)
  YESTERDAY        0.0
  MONTH TO DATE    0.0
  SINCE MAR 1      0.0
  SINCE JUL 1      0.0
  SNOW DEPTH       0

DEGREE DAYS
 HEATING
  YESTERDAY        0                         0      0        0
  MONTH TO DATE   12                         6      6        0
  SINCE MAR 1    158                       376   -218      307
  SINCE JUL 1   1467                      2268   -801     2194

 COOLING
  YESTERDAY       10                        11     -1       16
  MONTH TO DATE  218                       223     -5      260
  SINCE MAR 1    395                       323     72      433
  SINCE JAN 1    405                       335     70      433
..................................................................


WIND (MPH)
  HIGHEST WIND SPEED    15   HIGHEST WIND DIRECTION     S (170)
  HIGHEST GUST SPEED    19   HIGHEST GUST DIRECTION     S (200)
  AVERAGE WIND SPEED     6.0


SKY COVER
  POSSIBLE SUNSHINE  MM
  AVERAGE SKY COVER 0.6


WEATHER CONDITIONS
 THE FOLLOWING WEATHER WAS RECORDED YESTERDAY.
  NO SIGNIFICANT WEATHER WAS OBSERVED.


RELATIVE HUMIDITY (PERCENT)
 HIGHEST    93           300 AM
 LOWEST     57           500 PM
 AVERAGE    75

..........................................................


THE TYLER CLIMATE NORMALS FOR TODAY
                         NORMAL    RECORD    YEAR
 MAXIMUM TEMPERATURE (F)   85        98      1998
 MINIMUM TEMPERATURE (F)   67        49      1947


SUNRISE AND SUNSET
MAY 29 2016...........SUNRISE   616 AM CDT   SUNSET   822 PM CDT
MAY 30 2016...........SUNRISE   616 AM CDT   SUNSET   823 PM CDT


-  INDICATES NEGATIVE NUMBERS.
R  INDICATES RECORD WAS SET OR TIED.
MM INDICATES DATA IS MISSING.
T  INDICATES TRACE AMOUNT.




$$
