000
CDUS44 KSHV 180834
CLITYR


CLIMATE REPORT
NATIONAL WEATHER SERVICE SHREVEPORT, LA
231 AM CST WED JAN 18 2017


...................................

...THE TYLER CLIMATE SUMMARY FOR JANUARY 17 2017...

CLIMATE NORMAL PERIOD 1981 TO 2010
CLIMATE RECORD PERIOD 1896 TO 2017


WEATHER ITEM   OBSERVED TIME   RECORD YEAR NORMAL DEPARTURE LAST
                VALUE   (LST)  VALUE       VALUE  FROM      YEAR
                                                  NORMAL
..................................................................
TEMPERATURE (F)
 YESTERDAY
  MAXIMUM         55   1220 AM  79    1952  56     -1       54
  MINIMUM         48   1159 PM  11    1957  37     11       27
  AVERAGE         52                        46      6       41

PRECIPITATION (IN)
  YESTERDAY        0.45          1.39 1990   0.09   0.36     0.00
  MONTH TO DATE    3.90                      1.68   2.22     0.89
  SINCE DEC 1      6.55                      5.92   0.63    10.66
  SINCE JAN 1      3.90                      1.68   2.22     0.89

SNOWFALL (IN)
  YESTERDAY        0.0
  MONTH TO DATE    T
  SINCE DEC 1      T
  SINCE JUL 1      T
  SNOW DEPTH       0

DEGREE DAYS
 HEATING
  YESTERDAY       13                        19     -6       24
  MONTH TO DATE  223                       323   -100      312
  SINCE DEC 1    635                       850   -215      629
  SINCE JUL 1    766                      1224   -458      822

 COOLING
  YESTERDAY        0                         0      0        0
  MONTH TO DATE   19                         0     19        0
  SINCE DEC 1     41                         6     35       27
  SINCE JAN 1     19                         0     19        0
..................................................................


WIND (MPH)
  HIGHEST WIND SPEED    14   HIGHEST WIND DIRECTION    NE (30)
  HIGHEST GUST SPEED    18   HIGHEST GUST DIRECTION    NE (40)
  AVERAGE WIND SPEED     5.8


SKY COVER
  POSSIBLE SUNSHINE  MM
  AVERAGE SKY COVER 1.0


WEATHER CONDITIONS
 THE FOLLOWING WEATHER WAS RECORDED YESTERDAY.
  HEAVY RAIN
  RAIN
  LIGHT RAIN
  FOG


RELATIVE HUMIDITY (PERCENT)
 HIGHEST   100           100 AM
 LOWEST     71          1200 PM
 AVERAGE    86

..........................................................


THE TYLER CLIMATE NORMALS FOR TODAY
                         NORMAL    RECORD    YEAR
 MAXIMUM TEMPERATURE (F)   56        78      1974
 MINIMUM TEMPERATURE (F)   37        -3      1930


SUNRISE AND SUNSET
JANUARY 18 2017.......SUNRISE   722 AM CST   SUNSET   542 PM CST
JANUARY 19 2017.......SUNRISE   722 AM CST   SUNSET   543 PM CST


-  INDICATES NEGATIVE NUMBERS.
R  INDICATES RECORD WAS SET OR TIED.
MM INDICATES DATA IS MISSING.
T  INDICATES TRACE AMOUNT.




$$
