000
CDUS43 KLOT 290638
CLIUGN


CLIMATE REPORT
NATIONAL WEATHER SERVICE CHICAGO IL
134 AM CDT THU JUN 29 2017


...................................

...THE WAUKEGAN   CLIMATE SUMMARY FOR JUNE 28 2017...

CLIMATE NORMAL PERIOD 1981 TO 2010
CLIMATE RECORD PERIOD 2000 TO 2017


WEATHER ITEM   OBSERVED TIME   RECORD YEAR NORMAL DEPARTURE LAST
                VALUE   (LST)  VALUE       VALUE  FROM      YEAR
                                                  NORMAL
..................................................................
TEMPERATURE (F)
 YESTERDAY
  MAXIMUM         75    751 PM  99    2012  79     -4       69
  MINIMUM         55    106 AM  49    2015  60     -5       51
  AVERAGE         65

PRECIPITATION (IN)
  YESTERDAY        1.36R         0.47 2003   0.10   1.26     0.00
  MONTH TO DATE    4.11                      3.70   0.41     1.35
  SINCE JUN 1      4.11                      3.70   0.41     1.35
  SINCE JAN 1     18.22                     16.56   1.66    13.29

DEGREE DAYS
 HEATING
  YESTERDAY        0                         1     -1        5
  MONTH TO DATE   37                        84    -47       38
  SINCE JUN 1     37                        84    -47       38
  SINCE JUL 1   5838                      6835   -997     6095

 COOLING
  YESTERDAY        0                         6     -6        0
  MONTH TO DATE  127                        93     34      128
  SINCE JUN 1    127                        93     34      128
  SINCE JAN 1    148                       118     30      172
..................................................................


WIND (MPH)
  RESULTANT WIND SPEED  11   RESULTANT WIND DIRECTION   S (190)
  HIGHEST WIND SPEED    28   HIGHEST WIND DIRECTION     S (170)
  HIGHEST GUST SPEED    37   HIGHEST GUST DIRECTION     S (160)
  AVERAGE WIND SPEED    11.8


SKY COVER
  POSSIBLE SUNSHINE  MM
  AVERAGE SKY COVER 0.4


WEATHER CONDITIONS
 THE FOLLOWING WEATHER WAS RECORDED YESTERDAY.
  THUNDERSTORM
  HEAVY RAIN
  RAIN
  LIGHT RAIN
  FOG


RELATIVE HUMIDITY (PERCENT)
 HIGHEST   100
 LOWEST     58
 AVERAGE    79

..........................................................


THE WAUKEGAN   CLIMATE NORMALS FOR TODAY
                         NORMAL    RECORD    YEAR
 MAXIMUM TEMPERATURE (F)   80        85      2012
 MINIMUM TEMPERATURE (F)   61        48      2007


SUNRISE AND SUNSET
JUNE 29 2017..........SUNRISE   517 AM CDT   SUNSET   833 PM CDT
JUNE 30 2017..........SUNRISE   518 AM CDT   SUNSET   832 PM CDT


-  INDICATES NEGATIVE NUMBERS.
R  INDICATES RECORD WAS SET OR TIED.
MM INDICATES DATA IS MISSING.
T  INDICATES TRACE AMOUNT.




$$
