000
CDUS43 KLOT 010643
CLIUGN


CLIMATE REPORT
NATIONAL WEATHER SERVICE CHICAGO IL
1241 AM CST WED MAR 1 2017


...................................

...THE WAUKEGAN   CLIMATE SUMMARY FOR FEBRUARY 28 2017...

CLIMATE NORMAL PERIOD 1981 TO 2010
CLIMATE RECORD PERIOD 2000 TO 2017


WEATHER ITEM   OBSERVED TIME   RECORD YEAR NORMAL DEPARTURE LAST
                VALUE   (LST)  VALUE       VALUE  FROM      YEAR
                                                  NORMAL
..................................................................
TEMPERATURE (F)
 YESTERDAY
  MAXIMUM         59    445 PM  61    2016  38     21       61
  MINIMUM         40    608 AM -10    2014  22     18       34
  AVERAGE         50

PRECIPITATION (IN)
  YESTERDAY        0.79R         0.10 2005   0.06   0.73     0.02
  MONTH TO DATE    1.72                      1.66   0.06     0.74
  SINCE DEC 1      5.12                      5.05   0.07     6.17
  SINCE JAN 1      4.22                      3.05   1.17     1.37

DEGREE DAYS
 HEATING
  YESTERDAY       15                        35    -20       17
  MONTH TO DATE  833                      1096   -263     1034
  SINCE DEC 1   3225                      3561   -336     3160
  SINCE JUL 1   4112                      4946   -834     4318

 COOLING
  YESTERDAY        0                         0      0        0
  MONTH TO DATE    0                         0      0        0
  SINCE DEC 1      0                         0      0        0
  SINCE JAN 1      0                         0      0        0
..................................................................


WIND (MPH)
  RESULTANT WIND SPEED   7   RESULTANT WIND DIRECTION   S (170)
  HIGHEST WIND SPEED    20   HIGHEST WIND DIRECTION     S (190)
  HIGHEST GUST SPEED    25   HIGHEST GUST DIRECTION     S (180)
  AVERAGE WIND SPEED     8.1


SKY COVER
  POSSIBLE SUNSHINE  MM
  AVERAGE SKY COVER 1.0


WEATHER CONDITIONS
 THE FOLLOWING WEATHER WAS RECORDED YESTERDAY.
  THUNDERSTORM
  HEAVY RAIN
  RAIN
  LIGHT RAIN
  FOG
  HAZE


RELATIVE HUMIDITY (PERCENT)
 HIGHEST   100
 LOWEST     79
 AVERAGE    90

..........................................................


THE WAUKEGAN   CLIMATE NORMALS FOR TODAY
                         NORMAL    RECORD    YEAR
 MAXIMUM TEMPERATURE (F)   39        56      2000
 MINIMUM TEMPERATURE (F)   22         3      2015


SUNRISE AND SUNSET
MARCH  1 2017.........SUNRISE   626 AM CST   SUNSET   542 PM CST
MARCH  2 2017.........SUNRISE   625 AM CST   SUNSET   543 PM CST


-  INDICATES NEGATIVE NUMBERS.
R  INDICATES RECORD WAS SET OR TIED.
MM INDICATES DATA IS MISSING.
T  INDICATES TRACE AMOUNT.




$$
