000
CDUS43 KLOT 280634
CLIUGN


CLIMATE REPORT
NATIONAL WEATHER SERVICE CHICAGO IL
134 AM CDT TUE JUL 28 2015


...................................

...THE WAUKEGAN   CLIMATE SUMMARY FOR JULY 27 2015...

CLIMATE NORMAL PERIOD 1981 TO 2010
CLIMATE RECORD PERIOD 2000 TO 2015


WEATHER ITEM   OBSERVED TIME   RECORD YEAR NORMAL DEPARTURE LAST
                VALUE   (LST)  VALUE       VALUE  FROM      YEAR
                                                  NORMAL
..................................................................
TEMPERATURE (F)
 YESTERDAY
  MAXIMUM         82   1246 PM  88    2002  80      2       84
  MINIMUM         64    516 AM  54    2005  62      2       63
  AVERAGE         73

PRECIPITATION (IN)
  YESTERDAY        0.00          3.39 2011   0.11  -0.11     0.14
  MONTH TO DATE    4.29                      3.38   0.91     1.10
  SINCE JUN 1      8.55                      7.26   1.29     8.35
  SINCE JAN 1     17.95                     20.12  -2.17    19.19

DEGREE DAYS
 HEATING
  YESTERDAY        0                         0      0        0
  MONTH TO DATE   45                         3     42       30
  SINCE JUN 1    148                        89     59      103
  SINCE JUL 1     45                         3     42       30

 COOLING
  YESTERDAY        8                         6      2        9
  MONTH TO DATE  117                       184    -67       94
  SINCE JUN 1    171                       289   -118      177
  SINCE JAN 1    196                       314   -118      200
..................................................................


WIND (MPH)
  RESULTANT WIND SPEED   4   RESULTANT WIND DIRECTION   E (70)
  HIGHEST WIND SPEED    12   HIGHEST WIND DIRECTION     E (90)
  HIGHEST GUST SPEED    16   HIGHEST GUST DIRECTION    SE (130)
  AVERAGE WIND SPEED     5.3


SKY COVER
  POSSIBLE SUNSHINE  MM
  AVERAGE SKY COVER 0.0


WEATHER CONDITIONS
 THE FOLLOWING WEATHER WAS RECORDED YESTERDAY.
  FOG


RELATIVE HUMIDITY (PERCENT)
 HIGHEST   100
 LOWEST     51
 AVERAGE    76

..........................................................


THE WAUKEGAN   CLIMATE NORMALS FOR TODAY
                         NORMAL    RECORD    YEAR
 MAXIMUM TEMPERATURE (F)   80        93      2002
 MINIMUM TEMPERATURE (F)   62        52      2005


SUNRISE AND SUNSET
JULY 28 2015..........SUNRISE   540 AM CDT   SUNSET   816 PM CDT
JULY 29 2015..........SUNRISE   541 AM CDT   SUNSET   815 PM CDT


-  INDICATES NEGATIVE NUMBERS.
R  INDICATES RECORD WAS SET OR TIED.
MM INDICATES DATA IS MISSING.
T  INDICATES TRACE AMOUNT.




$$
