000
CDUS43 KLOT 210641
CLIUGN


CLIMATE REPORT
NATIONAL WEATHER SERVICE CHICAGO IL
136 AM CDT MON APR 21 2014


...................................

...THE WAUKEGAN   CLIMATE SUMMARY FOR APRIL 20 2014...

CLIMATE NORMAL PERIOD 1981 TO 2010
CLIMATE RECORD PERIOD 2000 TO 2014


WEATHER ITEM   OBSERVED TIME   RECORD YEAR NORMAL DEPARTURE LAST
                VALUE   (LST)  VALUE       VALUE  FROM      YEAR
                                                  NORMAL
..................................................................
TEMPERATURE (F)
 YESTERDAY
  MAXIMUM         70   1220 PM  72    2006  57     13       44
  MINIMUM         38    506 AM  28    2013  39     -1       28
  AVERAGE         54

PRECIPITATION (IN)
  YESTERDAY        0.00          2.20 2000   0.11  -0.11     0.00
  MONTH TO DATE    1.48                      2.14  -0.66     6.91
  SINCE MAR 1      2.24                      4.46  -2.22     8.17
  SINCE JAN 1      4.26                      7.51  -3.25    10.33

DEGREE DAYS
 HEATING
  YESTERDAY       11                        17     -6       29
  MONTH TO DATE  453                       419     34      476
  SINCE MAR 1   1592                      1343    249     1555
  SINCE JUL 1   7461                      6289   1172     6156

 COOLING
  YESTERDAY        0                         0      0        0
  MONTH TO DATE    0                         0      0        0
  SINCE MAR 1      0                         0      0        0
  SINCE JAN 1      0                         0      0        0
..................................................................


WIND (MPH)
  RESULTANT WIND SPEED   9   RESULTANT WIND DIRECTION  SE (150)
  HIGHEST WIND SPEED    17   HIGHEST WIND DIRECTION     S (190)
  HIGHEST GUST SPEED    23   HIGHEST GUST DIRECTION    SE (150)
  AVERAGE WIND SPEED     9.7


SKY COVER
  POSSIBLE SUNSHINE  MM
  AVERAGE SKY COVER 0.0


WEATHER CONDITIONS
 THE FOLLOWING WEATHER WAS RECORDED YESTERDAY.
  NO SIGNIFICANT WEATHER WAS OBSERVED.


RELATIVE HUMIDITY (PERCENT)
 HIGHEST    79
 LOWEST     32
 AVERAGE    56

..........................................................


THE WAUKEGAN   CLIMATE NORMALS FOR TODAY
                         NORMAL    RECORD    YEAR
 MAXIMUM TEMPERATURE (F)   58        82      2001
 MINIMUM TEMPERATURE (F)   39        32      2011


SUNRISE AND SUNSET
APRIL 21 2014.........SUNRISE   601 AM CDT   SUNSET   740 PM CDT
APRIL 22 2014.........SUNRISE   600 AM CDT   SUNSET   741 PM CDT


-  INDICATES NEGATIVE NUMBERS.
R  INDICATES RECORD WAS SET OR TIED.
MM INDICATES DATA IS MISSING.
T  INDICATES TRACE AMOUNT.




$$
