000
CDUS43 KLOT 210644
CLIUGN


CLIMATE REPORT
NATIONAL WEATHER SERVICE CHICAGO IL
1243 AM CST WED FEB 21 2018


...................................

...THE WAUKEGAN   CLIMATE SUMMARY FOR FEBRUARY 20 2018...

CLIMATE NORMAL PERIOD 1981 TO 2010
CLIMATE RECORD PERIOD 2000 TO 2018


WEATHER ITEM   OBSERVED TIME   RECORD YEAR NORMAL DEPARTURE LAST
                VALUE   (LST)  VALUE       VALUE  FROM      YEAR
                                                  NORMAL
..................................................................
TEMPERATURE (F)
 YESTERDAY
  MAXIMUM         62R   105 PM  59    2017  35     27       59
  MINIMUM         31   1159 PM -13    2015  20     11       33
  AVERAGE         47                        27     20       46

PRECIPITATION (IN)
  YESTERDAY        1.02          1.30 2011   0.06   0.96     0.00
  MONTH TO DATE    1.52                      1.16   0.36     0.50
  SINCE DEC 1      3.43                      4.55  -1.12     3.90
  SINCE JAN 1      2.97                      2.55   0.42     3.00

DEGREE DAYS
 HEATING
  YESTERDAY       18                        38    -20       19
  MONTH TO DATE  858                       807     51      642
  SINCE DEC 1   3234                      3273    -39     3034
  SINCE JUL 1   4464                      4658   -194     3921

 COOLING
  YESTERDAY        0                         0      0        0
  MONTH TO DATE    0                         0      0        0
  SINCE DEC 1      0                         0      0        0
  SINCE JAN 1      0                         0      0        0
..................................................................


WIND (MPH)
  RESULTANT WIND SPEED   6   RESULTANT WIND DIRECTION  SW (240)
  HIGHEST WIND SPEED    31   HIGHEST WIND DIRECTION    SW (230)
  HIGHEST GUST SPEED    51   HIGHEST GUST DIRECTION    SW (220)
  AVERAGE WIND SPEED     9.3


SKY COVER
  POSSIBLE SUNSHINE  MM
  AVERAGE SKY COVER 0.9


WEATHER CONDITIONS
 THE FOLLOWING WEATHER WAS RECORDED YESTERDAY.
  RAIN
  LIGHT RAIN
  FOG
  FOG W/VISIBILITY <= 1/4 MILE


RELATIVE HUMIDITY (PERCENT)
 HIGHEST   100
 LOWEST     92
 AVERAGE    96

..........................................................


THE WAUKEGAN   CLIMATE NORMALS FOR TODAY
                         NORMAL    RECORD    YEAR
 MAXIMUM TEMPERATURE (F)   35        65      2017
 MINIMUM TEMPERATURE (F)   20        -1      2008


SUNRISE AND SUNSET
FEBRUARY 21 2018......SUNRISE   639 AM CST   SUNSET   531 PM CST
FEBRUARY 22 2018......SUNRISE   638 AM CST   SUNSET   533 PM CST


-  INDICATES NEGATIVE NUMBERS.
R  INDICATES RECORD WAS SET OR TIED.
MM INDICATES DATA IS MISSING.
T  INDICATES TRACE AMOUNT.




$$
