000
CDUS43 KLOT 270634
CLIUGN


CLIMATE REPORT
NATIONAL WEATHER SERVICE CHICAGO IL
1233 AM CST TUE JAN 27 2015


...................................

...THE WAUKEGAN   CLIMATE SUMMARY FOR JANUARY 26 2015...

CLIMATE NORMAL PERIOD 1981 TO 2010
CLIMATE RECORD PERIOD 2000 TO 2015


WEATHER ITEM   OBSERVED TIME   RECORD YEAR NORMAL DEPARTURE LAST
                VALUE   (LST)  VALUE       VALUE  FROM      YEAR
                                                  NORMAL
..................................................................
TEMPERATURE (F)
 YESTERDAY
  MAXIMUM         27    215 PM  51    2002  30     -3       28
  MINIMUM         13    718 AM  -6    2003  15     -2        4
  AVERAGE         20

PRECIPITATION (IN)
  YESTERDAY        T             0.31 2007   0.05  -0.05    MM
  MONTH TO DATE    0.54                      1.14  -0.60     1.07
  SINCE DEC 1      1.34                      3.14  -1.80     1.63
  SINCE JAN 1      0.54                      1.14  -0.60     1.07

DEGREE DAYS
 HEATING
  YESTERDAY       45                        43      2       49
  MONTH TO DATE 1152                      1091     61     1308
  SINCE DEC 1   2199                      2255    -56     2684
  SINCE JUL 1   3862                      3640    222     4196

 COOLING
  YESTERDAY        0                         0      0        0
  MONTH TO DATE    0                         0      0        0
  SINCE DEC 1      0                         0      0        0
  SINCE JAN 1      0                         0      0        0
..................................................................


WIND (MPH)
  RESULTANT WIND SPEED   1   RESULTANT WIND DIRECTION  SE (120)
  HIGHEST WIND SPEED    12   HIGHEST WIND DIRECTION    SE (130)
  HIGHEST GUST SPEED    13   HIGHEST GUST DIRECTION    SE (120)
  AVERAGE WIND SPEED     4.2


SKY COVER
  POSSIBLE SUNSHINE  MM
  AVERAGE SKY COVER 0.9


WEATHER CONDITIONS
 THE FOLLOWING WEATHER WAS RECORDED YESTERDAY.
  LIGHT SNOW
  FOG
  HAZE


RELATIVE HUMIDITY (PERCENT)
 HIGHEST   100
 LOWEST     63
 AVERAGE    82

..........................................................


THE WAUKEGAN   CLIMATE NORMALS FOR TODAY
                         NORMAL    RECORD    YEAR
 MAXIMUM TEMPERATURE (F)   30        60      2002
 MINIMUM TEMPERATURE (F)   15       -10      2014


SUNRISE AND SUNSET
JANUARY 27 2015.......SUNRISE   710 AM CST   SUNSET   459 PM CST
JANUARY 28 2015.......SUNRISE   709 AM CST   SUNSET   500 PM CST


-  INDICATES NEGATIVE NUMBERS.
R  INDICATES RECORD WAS SET OR TIED.
MM INDICATES DATA IS MISSING.
T  INDICATES TRACE AMOUNT.




$$
