000
CDUS43 KLOT 210637
CLIUGN


CLIMATE REPORT
NATIONAL WEATHER SERVICE CHICAGO IL
136 AM CDT THU AUG 21 2014


...................................

...THE WAUKEGAN   CLIMATE SUMMARY FOR AUGUST 20 2014...

CLIMATE NORMAL PERIOD 1981 TO 2010
CLIMATE RECORD PERIOD 2000 TO 2014


WEATHER ITEM   OBSERVED TIME   RECORD YEAR NORMAL DEPARTURE LAST
                VALUE   (LST)  VALUE       VALUE  FROM      YEAR
                                                  NORMAL
..................................................................
TEMPERATURE (F)
 YESTERDAY
  MAXIMUM         85    346 PM  92    2010  79      6       87
  MINIMUM         61    451 AM  51    2000  61      0       65
  AVERAGE         73

PRECIPITATION (IN)
  YESTERDAY        0.00          0.73 2005   0.12  -0.12     0.00
  MONTH TO DATE    1.86                      2.53  -0.67     0.95
  SINCE JUN 1     10.26                     10.29  -0.03     7.57
  SINCE JAN 1     21.10                     23.15  -2.05    21.43

DEGREE DAYS
 HEATING
  YESTERDAY        0                         0      0        0
  MONTH TO DATE    9                         0      9       12
  SINCE JUN 1    116                        98     18      136
  SINCE JUL 1     43                        12     31       39

 COOLING
  YESTERDAY        8                         5      3       11
  MONTH TO DATE   81                       117    -36       57
  SINCE JUN 1    265                       427   -162      334
  SINCE JAN 1    288                       452   -164      381
..................................................................


WIND (MPH)
  RESULTANT WIND SPEED   1   RESULTANT WIND DIRECTION   S (170)
  HIGHEST WIND SPEED    12   HIGHEST WIND DIRECTION    SW (210)
  HIGHEST GUST SPEED    18   HIGHEST GUST DIRECTION     S (200)
  AVERAGE WIND SPEED     3.6


SKY COVER
  POSSIBLE SUNSHINE  MM
  AVERAGE SKY COVER 0.1


WEATHER CONDITIONS
 THE FOLLOWING WEATHER WAS RECORDED YESTERDAY.
  FOG


RELATIVE HUMIDITY (PERCENT)
 HIGHEST    93
 LOWEST     51
 AVERAGE    72

..........................................................


THE WAUKEGAN   CLIMATE NORMALS FOR TODAY
                         NORMAL    RECORD    YEAR
 MAXIMUM TEMPERATURE (F)   79        95      2003
 MINIMUM TEMPERATURE (F)   61        50      2004


SUNRISE AND SUNSET
AUGUST 21 2014........SUNRISE   605 AM CDT   SUNSET   744 PM CDT
AUGUST 22 2014........SUNRISE   606 AM CDT   SUNSET   742 PM CDT


-  INDICATES NEGATIVE NUMBERS.
R  INDICATES RECORD WAS SET OR TIED.
MM INDICATES DATA IS MISSING.
T  INDICATES TRACE AMOUNT.




$$
