000
CDUS43 KLOT 190633
CLIUGN


CLIMATE REPORT
NATIONAL WEATHER SERVICE CHICAGO IL
133 AM CDT THU OCT 19 2017


...................................

...THE WAUKEGAN   CLIMATE SUMMARY FOR OCTOBER 18 2017...

CLIMATE NORMAL PERIOD 1981 TO 2010
CLIMATE RECORD PERIOD 2000 TO 2017


WEATHER ITEM   OBSERVED TIME   RECORD YEAR NORMAL DEPARTURE LAST
                VALUE   (LST)  VALUE       VALUE  FROM      YEAR
                                                  NORMAL
..................................................................
TEMPERATURE (F)
 YESTERDAY
  MAXIMUM         71    305 PM  77    2007  59     12       75
  MINIMUM         47    310 AM  30    2015  42      5       50
                                      2009
  AVERAGE         59                        51      8       63

PRECIPITATION (IN)
  YESTERDAY        0.00          0.23 2006   0.08  -0.08     0.00
  MONTH TO DATE    4.39                      1.71   2.68     1.33
  SINCE SEP 1      4.82                      5.17  -0.35     3.44
  SINCE JAN 1     33.66                     29.62   4.04    22.75

DEGREE DAYS
 HEATING
  YESTERDAY        6                        15     -9        2
  MONTH TO DATE   86                       224   -138      105
  SINCE SEP 1    189                       362   -173      137
  SINCE JUL 1    211                       390   -179      148

 COOLING
  YESTERDAY        0                         0      0        0
  MONTH TO DATE   18                         7     11       12
  SINCE SEP 1    121                        62     59      137
  SINCE JAN 1    567                       564      3      852
..................................................................


WIND (MPH)
  RESULTANT WIND SPEED  13   RESULTANT WIND DIRECTION  SW (210)
  HIGHEST WIND SPEED    25   HIGHEST WIND DIRECTION    SW (210)
  HIGHEST GUST SPEED    30   HIGHEST GUST DIRECTION    SW (210)
  AVERAGE WIND SPEED    13.3


SKY COVER
  POSSIBLE SUNSHINE  MM
  AVERAGE SKY COVER 0.0


WEATHER CONDITIONS
 THE FOLLOWING WEATHER WAS RECORDED YESTERDAY.
  NO SIGNIFICANT WEATHER WAS OBSERVED.


RELATIVE HUMIDITY (PERCENT)
 HIGHEST    77
 LOWEST     37
 AVERAGE    57

..........................................................


THE WAUKEGAN   CLIMATE NORMALS FOR TODAY
                         NORMAL    RECORD    YEAR
 MAXIMUM TEMPERATURE (F)   59        76      2000
 MINIMUM TEMPERATURE (F)   41        33      2014


SUNRISE AND SUNSET
OCTOBER 19 2017.......SUNRISE   709 AM CDT   SUNSET   603 PM CDT
OCTOBER 20 2017.......SUNRISE   711 AM CDT   SUNSET   601 PM CDT


-  INDICATES NEGATIVE NUMBERS.
R  INDICATES RECORD WAS SET OR TIED.
MM INDICATES DATA IS MISSING.
T  INDICATES TRACE AMOUNT.




$$
