000
CDUS43 KLOT 250634
CLIUGN


CLIMATE REPORT
NATIONAL WEATHER SERVICE CHICAGO IL
133 AM CDT SUN SEP 25 2016


...................................

...THE WAUKEGAN   CLIMATE SUMMARY FOR SEPTEMBER 24 2016...

CLIMATE NORMAL PERIOD 1981 TO 2010
CLIMATE RECORD PERIOD 2000 TO 2016


WEATHER ITEM   OBSERVED TIME   RECORD YEAR NORMAL DEPARTURE LAST
                VALUE   (LST)  VALUE       VALUE  FROM      YEAR
                                                  NORMAL
..................................................................
TEMPERATURE (F)
 YESTERDAY
  MAXIMUM         69    303 PM  89    2007  68      1       70
  MINIMUM         64    623 AM  35    2012  50     14       54
  AVERAGE         67

PRECIPITATION (IN)
  YESTERDAY        0.00          0.28 2011   0.12  -0.12     0.00
  MONTH TO DATE    0.77                      2.71  -1.94     4.30
  SINCE SEP 1      0.77                      2.71  -1.94     4.30
  SINCE JAN 1     20.08                     27.16  -7.08    26.17

DEGREE DAYS
 HEATING
  YESTERDAY        0                         7     -7        3
  MONTH TO DATE    5                        86    -81       59
  SINCE SEP 1      5                        86    -81       59
  SINCE JUL 1     16                       114    -98      128

 COOLING
  YESTERDAY        2                         1      1        0
  MONTH TO DATE  120                        52     68      113
  SINCE SEP 1    120                        52     68      113
  SINCE JAN 1    835                       554    281      479
..................................................................


WIND (MPH)
  RESULTANT WIND SPEED   8   RESULTANT WIND DIRECTION   E (80)
  HIGHEST WIND SPEED    14   HIGHEST WIND DIRECTION     E (80)
  HIGHEST GUST SPEED    17   HIGHEST GUST DIRECTION     E (70)
  AVERAGE WIND SPEED     8.2


SKY COVER
  POSSIBLE SUNSHINE  MM
  AVERAGE SKY COVER 0.7


WEATHER CONDITIONS
 THE FOLLOWING WEATHER WAS RECORDED YESTERDAY.
  NO SIGNIFICANT WEATHER WAS OBSERVED.


RELATIVE HUMIDITY (PERCENT)
 HIGHEST    93
 LOWEST     78
 AVERAGE    86

..........................................................


THE WAUKEGAN   CLIMATE NORMALS FOR TODAY
                         NORMAL    RECORD    YEAR
 MAXIMUM TEMPERATURE (F)   67        85      2007
 MINIMUM TEMPERATURE (F)   49        38      2001


SUNRISE AND SUNSET
SEPTEMBER 25 2016.....SUNRISE   643 AM CDT   SUNSET   643 PM CDT
SEPTEMBER 26 2016.....SUNRISE   644 AM CDT   SUNSET   641 PM CDT


-  INDICATES NEGATIVE NUMBERS.
R  INDICATES RECORD WAS SET OR TIED.
MM INDICATES DATA IS MISSING.
T  INDICATES TRACE AMOUNT.




$$
