534
CDUS46 KSEW 100830
CLIUIL


CLIMATE REPORT
NATIONAL WEATHER SERVICE SEATTLE WA
1230 AM PST WED FEB 10 2016


...................................

...THE QUILLAYUTE WA AIRPORT CLIMATE SUMMARY FOR FEBRUARY 9 2016...

CLIMATE NORMAL PERIOD 1981 TO 2010
CLIMATE RECORD PERIOD 1966 TO 2016


WEATHER ITEM   OBSERVED TIME   RECORD YEAR NORMAL DEPARTURE LAST
                VALUE   (LST)  VALUE       VALUE  FROM      YEAR
                                                  NORMAL
..................................................................
TEMPERATURE (F)
 YESTERDAY
  MAXIMUM         73R  1241 PM  64    1970  49     24       55
  MINIMUM         43   1104 PM  25    2011  35      8       50
                                      1999
                                      1989
  AVERAGE         58                        42     16       53

PRECIPITATION (IN)
  YESTERDAY        0.00          3.18 1990   0.39  -0.39     0.67
  MONTH TO DATE    3.06                      3.49  -0.43     6.52
  SINCE OCT 1     62.76                     57.10   5.66    62.80
  SINCE JAN 1     18.78                     18.10   0.68    18.05

DEGREE DAYS
 HEATING
  YESTERDAY        7                        23    -16       12
  MONTH TO DATE  162                       207    -45      131
  SINCE DEC 1   1471                      1698   -227     1351
  SINCE JUL 1   2782                      3412   -630     2585

 COOLING
  YESTERDAY        0                         0      0        0
  MONTH TO DATE    0                         0      0        0
  SINCE DEC 1      0                         0      0        0
  SINCE JAN 1      0                         0      0        0
..................................................................


WIND (MPH)
  RESULTANT WIND SPEED   3   RESULTANT WIND DIRECTION  SE (140)
  HIGHEST WIND SPEED    14   HIGHEST WIND DIRECTION     S (190)
  HIGHEST GUST SPEED    20   HIGHEST GUST DIRECTION     S (200)
  AVERAGE WIND SPEED     4.7


SKY COVER
  AVERAGE SKY COVER 0.0


WEATHER CONDITIONS
 THE FOLLOWING WEATHER WAS RECORDED YESTERDAY.
  NO SIGNIFICANT WEATHER WAS OBSERVED.


RELATIVE HUMIDITY (PERCENT)
 HIGHEST    92          1000 PM
 LOWEST     29           100 PM
 AVERAGE    61

..........................................................


THE QUILLAYUTE WA AIRPORT CLIMATE NORMALS FOR TODAY
                         NORMAL    RECORD    YEAR
 MAXIMUM TEMPERATURE (F)   49        65      1970
 MINIMUM TEMPERATURE (F)   35        19      1989


SUNRISE AND SUNSET
FEBRUARY 10 2016......SUNRISE   733 AM PST   SUNSET   532 PM PST
FEBRUARY 11 2016......SUNRISE   732 AM PST   SUNSET   534 PM PST


-  INDICATES NEGATIVE NUMBERS.
R  INDICATES RECORD WAS SET OR TIED.
MM INDICATES DATA IS MISSING.
T  INDICATES TRACE AMOUNT.




$$
