000
CDUS46 KSEW 280833
CLIUIL


CLIMATE REPORT
NATIONAL WEATHER SERVICE SEATTLE WA
133 AM PDT FRI AUG 28 2015


...................................

...THE QUILLAYUTE WA AIRPORT CLIMATE SUMMARY FOR AUGUST 27 2015...

CLIMATE NORMAL PERIOD 1981 TO 2010
CLIMATE RECORD PERIOD 1966 TO 2015


WEATHER ITEM   OBSERVED TIME   RECORD YEAR NORMAL DEPARTURE LAST
                VALUE   (LST)  VALUE       VALUE  FROM      YEAR
                                                  NORMAL
..................................................................
TEMPERATURE (F)
 YESTERDAY
  MAXIMUM         73    428 PM  88    1972  68      5       71
  MINIMUM         50    403 AM  39    1998  50      0       56
  AVERAGE         62                        59      3       64

PRECIPITATION (IN)
  YESTERDAY        0.14          1.21 1975   0.10   0.04     0.00
  MONTH TO DATE    0.35                      2.06  -1.71     0.52
  SINCE OCT 1     87.67                     95.29  -7.62    72.91
  SINCE JAN 1     42.92                     56.29 -13.37    55.68

DEGREE DAYS
 HEATING
  YESTERDAY        3                         6     -3        1
  MONTH TO DATE   72                       150    -78       96
  SINCE JUN 1    333                       638   -305      481
  SINCE JUL 1    143                       344   -201      232

 COOLING
  YESTERDAY        0                         0      0        0
  MONTH TO DATE   25                         0     25        8
  SINCE JUN 1     55                        10     45       14
  SINCE JAN 1     55                        11     44       18
..................................................................


WIND (MPH)
  RESULTANT WIND SPEED   2   RESULTANT WIND DIRECTION  SW (240)
  HIGHEST WIND SPEED    13   HIGHEST WIND DIRECTION     W (250)
  HIGHEST GUST SPEED    16   HIGHEST GUST DIRECTION    SW (240)
  AVERAGE WIND SPEED     3.8


SKY COVER
  AVERAGE SKY COVER 0.1


WEATHER CONDITIONS
 THE FOLLOWING WEATHER WAS RECORDED YESTERDAY.
  HEAVY RAIN
  RAIN
  LIGHT RAIN
  FOG


RELATIVE HUMIDITY (PERCENT)
 HIGHEST   100           200 AM
 LOWEST     53           100 PM
 AVERAGE    77

..........................................................


THE QUILLAYUTE WA AIRPORT CLIMATE NORMALS FOR TODAY
                         NORMAL    RECORD    YEAR
 MAXIMUM TEMPERATURE (F)   68        85      1998
                                             1967
 MINIMUM TEMPERATURE (F)   50        41      2010
                                             2000
                                             1984


SUNRISE AND SUNSET
AUGUST 28 2015........SUNRISE   631 AM PDT   SUNSET   807 PM PDT
AUGUST 29 2015........SUNRISE   632 AM PDT   SUNSET   805 PM PDT


-  INDICATES NEGATIVE NUMBERS.
R  INDICATES RECORD WAS SET OR TIED.
MM INDICATES DATA IS MISSING.
T  INDICATES TRACE AMOUNT.




$$
