000
CDUS46 KSEW 230830
CLIUIL


CLIMATE REPORT
NATIONAL WEATHER SERVICE SEATTLE WA
130 AM PDT THU OCT 23 2014


...................................

...THE QUILLAYUTE WA AIRPORT CLIMATE SUMMARY FOR OCTOBER 22 2014...

CLIMATE NORMAL PERIOD 1981 TO 2010
CLIMATE RECORD PERIOD 1966 TO 2014


WEATHER ITEM   OBSERVED TIME   RECORD YEAR NORMAL DEPARTURE LAST
                VALUE   (LST)  VALUE       VALUE  FROM      YEAR
                                                  NORMAL
..................................................................
TEMPERATURE (F)
 YESTERDAY
  MAXIMUM         58   1245 PM  72    2013  56      2       72
  MINIMUM         47    737 AM  30    1980  41      6       41
  AVERAGE         53                        49      4       57

PRECIPITATION (IN)
  YESTERDAY        2.44R         2.33 1970   0.38   2.06     0.00
  MONTH TO DATE   12.26                      6.68   5.58     2.60
  SINCE OCT 1     12.26                      6.68   5.58     2.60
  SINCE JAN 1     72.66                     67.22   5.44    74.01

DEGREE DAYS
 HEATING
  YESTERDAY       12                        16     -4        8
  MONTH TO DATE  148                       310   -162      270
  SINCE SEP 1    287                       566   -279      389
  SINCE JUL 1    537                       935   -398      561

 COOLING
  YESTERDAY        0                         0      0        0
  MONTH TO DATE    0                         0      0        0
  SINCE SEP 1      7                         2      5       14
  SINCE JAN 1     25                        19      6       39
..................................................................


WIND (MPH)
  RESULTANT WIND SPEED   3   RESULTANT WIND DIRECTION   S (170)
  HIGHEST WIND SPEED    28   HIGHEST WIND DIRECTION    SW (240)
  HIGHEST GUST SPEED    36   HIGHEST GUST DIRECTION    SW (230)
  AVERAGE WIND SPEED     4.2


SKY COVER
  AVERAGE SKY COVER 0.7


WEATHER CONDITIONS
 THE FOLLOWING WEATHER WAS RECORDED YESTERDAY.
  HEAVY RAIN
  RAIN
  LIGHT RAIN
  FOG
  FOG W/VISIBILITY <= 1/4 MILE


RELATIVE HUMIDITY (PERCENT)
 HIGHEST   100           200 AM
 LOWEST     86           100 PM
 AVERAGE    93

..........................................................


THE QUILLAYUTE WA AIRPORT CLIMATE NORMALS FOR TODAY
                         NORMAL    RECORD    YEAR
 MAXIMUM TEMPERATURE (F)   56        72      2007
 MINIMUM TEMPERATURE (F)   41        30      1975


SUNRISE AND SUNSET
OCTOBER 23 2014.......SUNRISE   749 AM PDT   SUNSET   615 PM PDT
OCTOBER 24 2014.......SUNRISE   751 AM PDT   SUNSET   613 PM PDT


-  INDICATES NEGATIVE NUMBERS.
R  INDICATES RECORD WAS SET OR TIED.
MM INDICATES DATA IS MISSING.
T  INDICATES TRACE AMOUNT.




$$
