000
CDUS46 KSEW 260834
CLIUIL


CLIMATE REPORT
NATIONAL WEATHER SERVICE SEATTLE WA
134 AM PDT FRI MAY 26 2017


...................................

...THE QUILLAYUTE WA AIRPORT CLIMATE SUMMARY FOR MAY 25 2017...

CLIMATE NORMAL PERIOD 1981 TO 2010
CLIMATE RECORD PERIOD 1966 TO 2017


WEATHER ITEM   OBSERVED TIME   RECORD YEAR NORMAL DEPARTURE LAST
                VALUE   (LST)  VALUE       VALUE  FROM      YEAR
                                                  NORMAL
..................................................................
TEMPERATURE (F)
 YESTERDAY
  MAXIMUM         63    455 PM  78    2005  61      2       58
  MINIMUM         38    413 AM  32    1972  45     -7       48
  AVERAGE         51                        53     -2       53

PRECIPITATION (IN)
  YESTERDAY        0.00          1.79 1984   0.15  -0.15      T
  MONTH TO DATE    4.77                      4.20   0.57     0.29
  SINCE OCT 1    122.15                     86.84  35.31    93.78
  SINCE JAN 1     62.22                     47.84  14.38    49.80

DEGREE DAYS
 HEATING
  YESTERDAY       14                        12      2       12
  MONTH TO DATE  334                       354    -20      279
  SINCE MAR 1   1525                      1551    -26     1195
  SINCE JUL 1   5347                      5396    -49     4318

 COOLING
  YESTERDAY        0                         0      0        0
  MONTH TO DATE    0                         0      0        0
  SINCE MAR 1      0                         0      0        0
  SINCE JAN 1      0                         0      0        0
..................................................................


WIND (MPH)
  RESULTANT WIND SPEED   3   RESULTANT WIND DIRECTION   W (260)
  HIGHEST WIND SPEED    13   HIGHEST WIND DIRECTION    SW (240)
  HIGHEST GUST SPEED    16   HIGHEST GUST DIRECTION     W (250)
  AVERAGE WIND SPEED     4.9


SKY COVER
  AVERAGE SKY COVER 0.2


WEATHER CONDITIONS
 THE FOLLOWING WEATHER WAS RECORDED YESTERDAY.
  NO SIGNIFICANT WEATHER WAS OBSERVED.


RELATIVE HUMIDITY (PERCENT)
 HIGHEST   100          1200 AM
 LOWEST     60           500 PM
 AVERAGE    80

..........................................................


THE QUILLAYUTE WA AIRPORT CLIMATE NORMALS FOR TODAY
                         NORMAL    RECORD    YEAR
 MAXIMUM TEMPERATURE (F)   61        86      2005
 MINIMUM TEMPERATURE (F)   45        34      1998


SUNRISE AND SUNSET
MAY 26 2017...........SUNRISE   527 AM PDT   SUNSET   904 PM PDT
MAY 27 2017...........SUNRISE   527 AM PDT   SUNSET   905 PM PDT


-  INDICATES NEGATIVE NUMBERS.
R  INDICATES RECORD WAS SET OR TIED.
MM INDICATES DATA IS MISSING.
T  INDICATES TRACE AMOUNT.




$$
