000
CDUS46 KSEW 080123
CLIUIL


CLIMATE REPORT
NATIONAL WEATHER SERVICE SEATTLE WA
623 PM PDT TUE JUL 7 2015


...................................

...THE QUILLAYUTE WA AIRPORT CLIMATE SUMMARY FOR JULY 7 2015...
VALID TODAY AS OF 0600 PM LOCAL TIME.

CLIMATE NORMAL PERIOD 1981 TO 2010
CLIMATE RECORD PERIOD 1966 TO 2015


WEATHER ITEM   OBSERVED TIME   RECORD YEAR NORMAL DEPARTURE LAST
                VALUE   (LST)  VALUE       VALUE  FROM      YEAR
                                                  NORMAL
..................................................................
TEMPERATURE (F)
 TODAY
  MAXIMUM         68    412 PM  92    2010  66      2       70
  MINIMUM         59    601 AM  39    1971  50      9       53
  AVERAGE         64                        58      6       62

PRECIPITATION (IN)
  TODAY            0.00          1.60 1976   0.07  -0.07     0.00
  MONTH TO DATE    0.00                      0.54  -0.54     0.25
  SINCE OCT 1     86.35                     91.79  -5.44    71.82
  SINCE JAN 1     41.60                     52.79 -11.19    54.59

DEGREE DAYS
 HEATING
  TODAY            1                         7     -6        3
  MONTH TO DATE    7                        52    -45       31
  SINCE JUN 1    197                       346   -149      280
  SINCE JUL 1      7                        52    -45       31

 COOLING
  TODAY            0                         0      0        0
  MONTH TO DATE    2                         0      2        6
  SINCE JUN 1     15                         3     12        6
  SINCE JAN 1     15                         4     11       10
..................................................................


WIND (MPH)
  RESULTANT WIND SPEED   2   RESULTANT WIND DIRECTION  SW (230)
  HIGHEST WIND SPEED    12   HIGHEST WIND DIRECTION     W (260)
  HIGHEST GUST SPEED    15   HIGHEST GUST DIRECTION     W (260)
  AVERAGE WIND SPEED     3.2


SKY COVER
  AVERAGE SKY COVER 0.8


WEATHER CONDITIONS
 THE FOLLOWING WEATHER WAS RECORDED TODAY.
  FOG


RELATIVE HUMIDITY (PERCENT)
 HIGHEST    93          1200 AM
 LOWEST     68          1200 PM
 AVERAGE    81

..........................................................


THE QUILLAYUTE WA AIRPORT CLIMATE NORMALS FOR TOMORROW
                         NORMAL    RECORD    YEAR
 MAXIMUM TEMPERATURE (F)   67        82      2010
                                             1968
 MINIMUM TEMPERATURE (F)   50        42      1983
                                             1982


SUNRISE AND SUNSET
JULY  7 2015..........SUNRISE   527 AM PDT   SUNSET   919 PM PDT
JULY  8 2015..........SUNRISE   528 AM PDT   SUNSET   918 PM PDT


-  INDICATES NEGATIVE NUMBERS.
R  INDICATES RECORD WAS SET OR TIED.
MM INDICATES DATA IS MISSING.
T  INDICATES TRACE AMOUNT.




$$
