000
CDUS46 KSEW 040826
CLIUIL


CLIMATE REPORT
NATIONAL WEATHER SERVICE SEATTLE WA
126 AM PDT TUE AUG 4 2015


...................................

...THE QUILLAYUTE WA AIRPORT CLIMATE SUMMARY FOR AUGUST 3 2015...

CLIMATE NORMAL PERIOD 1981 TO 2010
CLIMATE RECORD PERIOD 1966 TO 2015


WEATHER ITEM   OBSERVED TIME   RECORD YEAR NORMAL DEPARTURE LAST
                VALUE   (LST)  VALUE       VALUE  FROM      YEAR
                                                  NORMAL
..................................................................
TEMPERATURE (F)
 YESTERDAY
  MAXIMUM         69    357 PM  94    1993  69      0       75
  MINIMUM         51   1145 PM  42    1999  51      0       51
  AVERAGE         60                        60      0       63

PRECIPITATION (IN)
  YESTERDAY        T             0.34 2001   0.05  -0.05     0.00
  MONTH TO DATE    T                         0.17  -0.17     0.00
  SINCE OCT 1     87.32                     93.40  -6.08    72.39
  SINCE JAN 1     42.57                     54.40 -11.83    55.16

DEGREE DAYS
 HEATING
  YESTERDAY        5                         5      0        2
  MONTH TO DATE    5                        15    -10       10
  SINCE JUN 1    266                       503   -237      395
  SINCE JUL 1     76                       209   -133      146

 COOLING
  YESTERDAY        0                         0      0        0
  MONTH TO DATE    4                         0      4        0
  SINCE JUN 1     34                        10     24        6
  SINCE JAN 1     34                        11     23       10
..................................................................


WIND (MPH)
  RESULTANT WIND SPEED   5   RESULTANT WIND DIRECTION   W (290)
  HIGHEST WIND SPEED    13   HIGHEST WIND DIRECTION     W (280)
  HIGHEST GUST SPEED    16   HIGHEST GUST DIRECTION     W (270)
  AVERAGE WIND SPEED     5.6


SKY COVER
  AVERAGE SKY COVER 0.8


WEATHER CONDITIONS
 THE FOLLOWING WEATHER WAS RECORDED YESTERDAY.
  LIGHT RAIN
  FOG


RELATIVE HUMIDITY (PERCENT)
 HIGHEST   100           900 PM
 LOWEST     73           400 PM
 AVERAGE    87

..........................................................


THE QUILLAYUTE WA AIRPORT CLIMATE NORMALS FOR TODAY
                         NORMAL    RECORD    YEAR
 MAXIMUM TEMPERATURE (F)   69        95      2012
 MINIMUM TEMPERATURE (F)   51        43      1998
                                             1981


SUNRISE AND SUNSET
AUGUST  4 2015........SUNRISE   558 AM PDT   SUNSET   849 PM PDT
AUGUST  5 2015........SUNRISE   600 AM PDT   SUNSET   848 PM PDT


-  INDICATES NEGATIVE NUMBERS.
R  INDICATES RECORD WAS SET OR TIED.
MM INDICATES DATA IS MISSING.
T  INDICATES TRACE AMOUNT.




$$
