000
CDUS46 KSEW 260132
CLIUIL


CLIMATE REPORT
NATIONAL WEATHER SERVICE SEATTLE WA
632 PM PDT TUE APR 25 2017


...................................

...THE QUILLAYUTE WA AIRPORT CLIMATE SUMMARY FOR APRIL 25 2017...
VALID TODAY AS OF 0600 PM LOCAL TIME.

CLIMATE NORMAL PERIOD 1981 TO 2010
CLIMATE RECORD PERIOD 1966 TO 2017


WEATHER ITEM   OBSERVED TIME   RECORD YEAR NORMAL DEPARTURE LAST
                VALUE   (LST)  VALUE       VALUE  FROM      YEAR
                                                  NORMAL
..................................................................
TEMPERATURE (F)
 TODAY
  MAXIMUM         53    224 PM  75    1971  56     -3       56
  MINIMUM         39   1251 AM  26    1999  39      0       36
  AVERAGE         46                        48     -2       46

PRECIPITATION (IN)
  TODAY            0.11          2.33 2012   0.24  -0.13     0.00
  MONTH TO DATE   13.26                      6.79   6.47     2.21
  SINCE OCT 1    116.21                     81.58  34.63    93.49
  SINCE JAN 1     56.28                     42.58  13.70    49.51

DEGREE DAYS
 HEATING
  TODAY           19                        17      2       19
  MONTH TO DATE  437                       465    -28      311
  SINCE MAR 1   1096                      1113    -17      839
  SINCE JUL 1   4918                      4958    -40     3962

 COOLING
  TODAY            0                         0      0        0
  MONTH TO DATE    0                         0      0        0
  SINCE MAR 1      0                         0      0        0
  SINCE JAN 1      0                         0      0        0
..................................................................


WIND (MPH)
  RESULTANT WIND SPEED   4   RESULTANT WIND DIRECTION  SE (120)
  HIGHEST WIND SPEED    15   HIGHEST WIND DIRECTION    SE (130)
  HIGHEST GUST SPEED    21   HIGHEST GUST DIRECTION    SE (140)
  AVERAGE WIND SPEED     4.2


SKY COVER
  AVERAGE SKY COVER 0.9


WEATHER CONDITIONS
 THE FOLLOWING WEATHER WAS RECORDED TODAY.
  LIGHT RAIN
  FOG


RELATIVE HUMIDITY (PERCENT)
 HIGHEST   100          1200 AM
 LOWEST     71           200 PM
 AVERAGE    86

..........................................................


THE QUILLAYUTE WA AIRPORT CLIMATE NORMALS FOR TOMORROW
                         NORMAL    RECORD    YEAR
 MAXIMUM TEMPERATURE (F)   56        83      1987
 MINIMUM TEMPERATURE (F)   40        29      1999
                                             1984


SUNRISE AND SUNSET
APRIL 25 2017.........SUNRISE   610 AM PDT   SUNSET   823 PM PDT
APRIL 26 2017.........SUNRISE   608 AM PDT   SUNSET   825 PM PDT


-  INDICATES NEGATIVE NUMBERS.
R  INDICATES RECORD WAS SET OR TIED.
MM INDICATES DATA IS MISSING.
T  INDICATES TRACE AMOUNT.




$$
