000
CDUS46 KSEW 270827
CLIUIL


CLIMATE REPORT
NATIONAL WEATHER SERVICE SEATTLE WA
127 AM PDT WED JUL 27 2016


...................................

...THE QUILLAYUTE WA AIRPORT CLIMATE SUMMARY FOR JULY 26 2016...

CLIMATE NORMAL PERIOD 1981 TO 2010
CLIMATE RECORD PERIOD 1966 TO 2016


WEATHER ITEM   OBSERVED TIME   RECORD YEAR NORMAL DEPARTURE LAST
                VALUE   (LST)  VALUE       VALUE  FROM      YEAR
                                                  NORMAL
..................................................................
TEMPERATURE (F)
 YESTERDAY
  MAXIMUM         64        MM  85    1998  68     -4       69
  MINIMUM         58        MM  39    1985  51      7       52
  AVERAGE         61                        60      1       61

PRECIPITATION (IN)
  YESTERDAY        0.00          0.61 1970   0.06  -0.06     0.13
  MONTH TO DATE    2.17                      1.72   0.45     0.97
  SINCE OCT 1    101.50                     92.97   8.53    87.32
  SINCE JAN 1     57.52                     53.97   3.55    42.57

DEGREE DAYS
 HEATING
  YESTERDAY        4                         6     -2        4
  MONTH TO DATE  131                       170    -39       67
  SINCE JUN 1    380                       464    -84      257
  SINCE JUL 1    131                       170    -39       67

 COOLING
  YESTERDAY        0                         0      0        0
  MONTH TO DATE    0                         0      0        9
  SINCE JUN 1     11                         3      8       22
  SINCE JAN 1     11                         4      7       22
..................................................................


WIND (MPH)
  RESULTANT WIND SPEED   4   RESULTANT WIND DIRECTION  NW (300)
  HIGHEST WIND SPEED    10   HIGHEST WIND DIRECTION     W (290)
  HIGHEST GUST SPEED    MM   HIGHEST GUST DIRECTION    MM
  AVERAGE WIND SPEED     4.9


SKY COVER
  AVERAGE SKY COVER 1.0


WEATHER CONDITIONS
 THE FOLLOWING WEATHER WAS RECORDED YESTERDAY.
  FOG


RELATIVE HUMIDITY (PERCENT)
 HIGHEST   100          1000 PM
 LOWEST     78           200 PM
 AVERAGE    89

..........................................................


THE QUILLAYUTE WA AIRPORT CLIMATE NORMALS FOR TODAY
                         NORMAL    RECORD    YEAR
 MAXIMUM TEMPERATURE (F)   69        88      2009
 MINIMUM TEMPERATURE (F)   51        43      1985


SUNRISE AND SUNSET
JULY 27 2016..........SUNRISE   549 AM PDT   SUNSET   900 PM PDT
JULY 28 2016..........SUNRISE   550 AM PDT   SUNSET   858 PM PDT


-  INDICATES NEGATIVE NUMBERS.
R  INDICATES RECORD WAS SET OR TIED.
MM INDICATES DATA IS MISSING.
T  INDICATES TRACE AMOUNT.




$$
