000
CDUS43 KLSX 270729
CLIUIN


CLIMATE REPORT
NATIONAL WEATHER SERVICE ST LOUIS MO
126 AM CST MON FEB 27 2017


...................................

...THE QUINCY IL CLIMATE SUMMARY FOR FEBRUARY 26 2017...

CLIMATE NORMAL PERIOD 1981 TO 2010
CLIMATE RECORD PERIOD 1901 TO 2017


WEATHER ITEM   OBSERVED TIME   RECORD YEAR NORMAL DEPARTURE LAST
                VALUE   (LST)  VALUE       VALUE  FROM      YEAR
                                                  NORMAL
..................................................................
TEMPERATURE (F)
 YESTERDAY
  MAXIMUM         50    359 PM  73    1996  43      7       43
  MINIMUM         28    126 AM -11    1963  26      2       25
  AVERAGE         39                        35      4

PRECIPITATION (IN)
  YESTERDAY        0.00          2.69 1936   0.08  -0.08     0.00
  MONTH TO DATE    0.45                      1.72  -1.27     0.22
  SINCE DEC 1      2.66                      5.49  -2.83     6.44
  SINCE JAN 1      1.63                      3.24  -1.61     0.62

DEGREE DAYS
 HEATING
  YESTERDAY       26                        30     -4
  MONTH TO DATE  594                       896   -302
  SINCE DEC 1   2733                      3182   -449
  SINCE JUL 1   3421                      4282   -861

 COOLING
  YESTERDAY        0                         0      0
  MONTH TO DATE    0                         0      0
  SINCE DEC 1      0                         0      0
  SINCE JAN 1      0                         0      0
..................................................................


WIND (MPH)
  HIGHEST WIND SPEED    24   HIGHEST WIND DIRECTION     S (200)
  HIGHEST GUST SPEED    29   HIGHEST GUST DIRECTION     S (200)
  AVERAGE WIND SPEED    12.1


SKY COVER
  AVERAGE SKY COVER 0.5



RELATIVE HUMIDITY (PERCENT)
 HIGHEST    89          1100 PM
 LOWEST     34          1200 PM
 AVERAGE    62

..........................................................


THE QUINCY IL CLIMATE NORMALS FOR TODAY
                         NORMAL    RECORD    YEAR
 MAXIMUM TEMPERATURE (F)   44        73      1976
 MINIMUM TEMPERATURE (F)   27        -8      2015
                                             1934


SUNRISE AND SUNSET
FEBRUARY 27 2017......SUNRISE   641 AM CST   SUNSET   555 PM CST
FEBRUARY 28 2017......SUNRISE   639 AM CST   SUNSET   556 PM CST


-  INDICATES NEGATIVE NUMBERS.
R  INDICATES RECORD WAS SET OR TIED.
MM INDICATES DATA IS MISSING.
T  INDICATES TRACE AMOUNT.




$$
