000
CDUS43 KLSX 230745
CLIUIN


CLIMATE REPORT
NATIONAL WEATHER SERVICE ST LOUIS MO
245 AM CDT SAT AUG 23 2014


...................................

...THE QUINCY IL CLIMATE SUMMARY FOR AUGUST 22 2014...

CLIMATE NORMAL PERIOD 1981 TO 2010
CLIMATE RECORD PERIOD 1901 TO 2014


WEATHER ITEM   OBSERVED TIME   RECORD YEAR NORMAL DEPARTURE LAST
                VALUE   (LST)  VALUE       VALUE  FROM      YEAR
                                                  NORMAL
..................................................................
TEMPERATURE (F)
 YESTERDAY
  MAXIMUM         88    207 PM 103    1936  84      4       88
  MINIMUM         76    832 AM  50    1923  64     12       67
  AVERAGE         82                        74      8

PRECIPITATION (IN)
  YESTERDAY        0.01          1.12 1905   0.11  -0.10     0.00
  MONTH TO DATE    5.48                      2.59   2.89     0.01
  SINCE JUN 1     16.52                     10.62   5.90     2.86
  SINCE JAN 1     24.93                     24.71   0.22    28.10

DEGREE DAYS
 HEATING
  YESTERDAY        0                         0      0
  MONTH TO DATE    0                         0      0
  SINCE JUN 1      9                        16     -7
  SINCE JUL 1      5                         0      5

 COOLING
  YESTERDAY       17                         9      8
  MONTH TO DATE  182                       222    -40
  SINCE JUN 1    647                       792   -145
  SINCE JAN 1    790                       878    -88
..................................................................


WIND (MPH)
  HIGHEST WIND SPEED    13   HIGHEST WIND DIRECTION    SE (130)
  HIGHEST GUST SPEED    17   HIGHEST GUST DIRECTION    SW (220)
  AVERAGE WIND SPEED     6.2


SKY COVER
  AVERAGE SKY COVER 0.0



RELATIVE HUMIDITY (PERCENT)
 HIGHEST    91           800 PM
 LOWEST     63           100 PM
 AVERAGE    77

..........................................................


THE QUINCY IL CLIMATE NORMALS FOR TODAY
                         NORMAL    RECORD    YEAR
 MAXIMUM TEMPERATURE (F)   84       103      1947
 MINIMUM TEMPERATURE (F)   64        48      1939


SUNRISE AND SUNSET
AUGUST 23 2014........SUNRISE   624 AM CDT   SUNSET   750 PM CDT
AUGUST 24 2014........SUNRISE   625 AM CDT   SUNSET   748 PM CDT


-  INDICATES NEGATIVE NUMBERS.
R  INDICATES RECORD WAS SET OR TIED.
MM INDICATES DATA IS MISSING.
T  INDICATES TRACE AMOUNT.




$$
