000
CDUS43 KLSX 012227
CLIUIN


CLIMATE REPORT
NATIONAL WEATHER SERVICE ST LOUIS MO
527 PM CDT SUN MAY 1 2016


...................................

...THE QUINCY IL CLIMATE SUMMARY FOR MAY 1 2016...
VALID TODAY AS OF 0500 PM LOCAL TIME.

CLIMATE NORMAL PERIOD 1981 TO 2010
CLIMATE RECORD PERIOD 1901 TO 2016


WEATHER ITEM   OBSERVED TIME   RECORD YEAR NORMAL DEPARTURE LAST
                VALUE   (LST)  VALUE       VALUE  FROM      YEAR
                                                  NORMAL
..................................................................
TEMPERATURE (F)
 TODAY
  MAXIMUM         56    359 PM  88    1901  68    -12       70
  MINIMUM         49    633 AM  29    1907  48      1       41
  AVERAGE         53                        58     -5       56

PRECIPITATION (IN)
  TODAY            0.00          1.66 1983   0.13  -0.13     0.00
  MONTH TO DATE    0.00                      0.13  -0.13     0.00
  SINCE MAR 1      4.42                      6.28  -1.86     2.65
  SINCE JAN 1      5.04                      9.68  -4.64     4.69

DEGREE DAYS
 HEATING
  TODAY           12                         8      4
  MONTH TO DATE   12                         8      4
  SINCE MAR 1    859                      1096   -237
  SINCE JUL 1   4456                      5438   -982

 COOLING
  TODAY            0                         1     -1
  MONTH TO DATE    0                         1     -1
  SINCE MAR 1     21                        19      2
  SINCE JAN 1     21                        19      2
..................................................................


WIND (MPH)
  HIGHEST WIND SPEED    15   HIGHEST WIND DIRECTION     N (10)
  HIGHEST GUST SPEED    17   HIGHEST GUST DIRECTION     N (20)
  AVERAGE WIND SPEED     8.0


SKY COVER
  AVERAGE SKY COVER 1.0



RELATIVE HUMIDITY (PERCENT)
 HIGHEST   100          1200 AM
 LOWEST     86           200 PM
 AVERAGE    93

..........................................................


THE QUINCY IL CLIMATE NORMALS FOR TOMORROW
                         NORMAL    RECORD    YEAR
 MAXIMUM TEMPERATURE (F)   69        90      1928
 MINIMUM TEMPERATURE (F)   49        29      1908


SUNRISE AND SUNSET
MAY  1 2016...........SUNRISE   604 AM CDT   SUNSET   800 PM CDT
MAY  2 2016...........SUNRISE   603 AM CDT   SUNSET   801 PM CDT


-  INDICATES NEGATIVE NUMBERS.
R  INDICATES RECORD WAS SET OR TIED.
MM INDICATES DATA IS MISSING.
T  INDICATES TRACE AMOUNT.




$$
