480
CDUS43 KLSX 090737
CLIUIN


CLIMATE REPORT
NATIONAL WEATHER SERVICE ST LOUIS MO
137 AM CST FRI DEC 9 2016


...................................

...THE QUINCY IL CLIMATE SUMMARY FOR DECEMBER 8 2016...

CLIMATE NORMAL PERIOD 1981 TO 2010
CLIMATE RECORD PERIOD 1901 TO 2016


WEATHER ITEM   OBSERVED TIME   RECORD YEAR NORMAL DEPARTURE LAST
                VALUE   (LST)  VALUE       VALUE  FROM      YEAR
                                                  NORMAL
..................................................................
TEMPERATURE (F)
 YESTERDAY
  MAXIMUM         26    249 PM  70    1991  40    -14       57
  MINIMUM         16    747 AM  -6    1917  24     -8       37
  AVERAGE         21                        32    -11

PRECIPITATION (IN)
  YESTERDAY        0.00          0.70 1980   0.09  -0.09     0.00
  MONTH TO DATE    0.33                      0.69  -0.36     0.02
  SINCE DEC 1      0.33                      0.69  -0.36     0.02
  SINCE JAN 1     30.18                     35.77  -5.59    33.69

DEGREE DAYS
 HEATING
  YESTERDAY       44                        33     11
  MONTH TO DATE  257                       254      3
  SINCE DEC 1    257                       254      3
  SINCE JUL 1    945                      1354   -409

 COOLING
  YESTERDAY        0                         0      0
  MONTH TO DATE    0                         0      0
  SINCE DEC 1      0                         0      0
  SINCE JAN 1   1472                      1094    378
..................................................................


WIND (MPH)
  HIGHEST WIND SPEED    23   HIGHEST WIND DIRECTION     W (290)
  HIGHEST GUST SPEED    28   HIGHEST GUST DIRECTION     W (290)
  AVERAGE WIND SPEED    14.2


SKY COVER
  AVERAGE SKY COVER 0.3



RELATIVE HUMIDITY (PERCENT)
 HIGHEST    74           400 AM
 LOWEST     55           100 PM
 AVERAGE    65

..........................................................


THE QUINCY IL CLIMATE NORMALS FOR TODAY
                         NORMAL    RECORD    YEAR
 MAXIMUM TEMPERATURE (F)   39        71      1940
 MINIMUM TEMPERATURE (F)   24        -8      1917
                                             1909


SUNRISE AND SUNSET
DECEMBER  9 2016......SUNRISE   715 AM CST   SUNSET   440 PM CST
DECEMBER 10 2016......SUNRISE   716 AM CST   SUNSET   440 PM CST


-  INDICATES NEGATIVE NUMBERS.
R  INDICATES RECORD WAS SET OR TIED.
MM INDICATES DATA IS MISSING.
T  INDICATES TRACE AMOUNT.




$$
