000
CDUS43 KLSX 302228
CLIUIN


CLIMATE REPORT
NATIONAL WEATHER SERVICE ST LOUIS MO
527 PM CDT THU MAR 30 2017


...................................

...THE QUINCY IL CLIMATE SUMMARY FOR MARCH 30 2017...
VALID TODAY AS OF 0500 PM LOCAL TIME.

CLIMATE NORMAL PERIOD 1981 TO 2010
CLIMATE RECORD PERIOD 1901 TO 2017


WEATHER ITEM   OBSERVED TIME   RECORD YEAR NORMAL DEPARTURE LAST
                VALUE   (LST)  VALUE       VALUE  FROM      YEAR
                                                  NORMAL
..................................................................
TEMPERATURE (F)
 TODAY
  MAXIMUM         57   1143 AM  82    1943  58     -1       71
  MINIMUM         51    359 PM  16    1964  37     14       45
  AVERAGE         54                        47      7       58

PRECIPITATION (IN)
  TODAY            0.43          1.75 1980   0.09   0.34     0.19
  MONTH TO DATE    2.78                      2.36   0.42     1.08
  SINCE MAR 1      2.78                      2.36   0.42     1.08
  SINCE JAN 1      4.83                      5.76  -0.93     1.70

DEGREE DAYS
 HEATING
  TODAY           11                        18     -7
  MONTH TO DATE  596                       702   -106
  SINCE MAR 1    596                       702   -106
  SINCE JUL 1   4037                      5044  -1007

 COOLING
  TODAY            0                         0      0
  MONTH TO DATE    0                         0      0
  SINCE MAR 1      0                         0      0
  SINCE JAN 1      0                         0      0
..................................................................


WIND (MPH)
  HIGHEST WIND SPEED    17   HIGHEST WIND DIRECTION     E (90)
  HIGHEST GUST SPEED    23   HIGHEST GUST DIRECTION     E (90)
  AVERAGE WIND SPEED     9.4


SKY COVER
  AVERAGE SKY COVER 0.9



RELATIVE HUMIDITY (PERCENT)
 HIGHEST   100           700 AM
 LOWEST     93           300 PM
 AVERAGE    97

..........................................................


THE QUINCY IL CLIMATE NORMALS FOR TOMORROW
                         NORMAL    RECORD    YEAR
 MAXIMUM TEMPERATURE (F)   58        81      2010
                                             1986
 MINIMUM TEMPERATURE (F)   38        14      1923


SUNRISE AND SUNSET
MARCH 30 2017.........SUNRISE   652 AM CDT   SUNSET   727 PM CDT
MARCH 31 2017.........SUNRISE   650 AM CDT   SUNSET   728 PM CDT


-  INDICATES NEGATIVE NUMBERS.
R  INDICATES RECORD WAS SET OR TIED.
MM INDICATES DATA IS MISSING.
T  INDICATES TRACE AMOUNT.




$$
