000
CDUS46 KEKA 290021
CLIUKI


CLIMATE REPORT
NATIONAL WEATHER SERVICE EUREKA CA
521 PM PDT WED SEP 28 2016


...................................

...THE UKIAH CA CLIMATE SUMMARY FOR SEPTEMBER 28 2016...
VALID TODAY AS OF 0500 PM LOCAL TIME.

CLIMATE NORMAL PERIOD 1981 TO 2010
CLIMATE RECORD PERIOD 1903 TO 2016


WEATHER ITEM   OBSERVED RECORD YEAR NORMAL DEPARTURE LAST
                VALUE   VALUE       VALUE  FROM      YEAR
                                           NORMAL
...........................................................
TEMPERATURE (F)
 TODAY
  MAXIMUM         97    103    2010  84     13       90
                               1958
  MINIMUM         51     35    1924  47      4       47
  AVERAGE         74                 66      8       69

PRECIPITATION (IN)
  TODAY            0.00   0.74 1977   0.02  -0.02     0.00
  MONTH TO DATE    0.00               0.42  -0.42     0.74
  SINCE OCT 1     36.52              37.32  -0.80    26.75
  SINCE JAN 1     24.31              23.94   0.37     8.98

SNOWFALL (IN)
  TODAY            0.0   MM          MM     MM        0.0
  MONTH TO DATE    0.0               MM     MM        0.0
  SINCE SEP 1      0.0               MM     MM        0.0
  SINCE JUL 1      0.0               MM     MM        0.0
  SNOW DEPTH       0

...........................................................


WIND (MPH)
  HIGHEST WIND SPEED    13   HIGHEST WIND DIRECTION     W (260)
  HIGHEST GUST SPEED    17   HIGHEST GUST DIRECTION     S (180)
  AVERAGE WIND SPEED     2.2


SKY COVER
  AVERAGE SKY COVER 0.0


WEATHER CONDITIONS
 THE FOLLOWING WEATHER WAS RECORDED TODAY.
  NO SIGNIFICANT WEATHER WAS OBSERVED.


RELATIVE HUMIDITY (PERCENT)
 HIGHEST    77
 LOWEST     14
 AVERAGE    46

..........................................................


THE UKIAH CA CLIMATE NORMALS FOR TOMORROW
                         NORMAL    RECORD    YEAR
 MAXIMUM TEMPERATURE (F)   84       106      1966
 MINIMUM TEMPERATURE (F)   47        35      1929


SUNRISE AND SUNSET
SEPTEMBER 28 2016.....SUNRISE   707 AM PDT   SUNSET   659 PM PDT
SEPTEMBER 29 2016.....SUNRISE   707 AM PDT   SUNSET   658 PM PDT


-  INDICATES NEGATIVE NUMBERS.
R  INDICATES RECORD WAS SET OR TIED.
MM INDICATES DATA IS MISSING.
T  INDICATES TRACE AMOUNT.




$$
