000
CDUS46 KEKA 251212
CLIUKI


CLIMATE REPORT
NATIONAL WEATHER SERVICE EUREKA CA
509 AM PDT FRI JUL 25 2014


...................................

...THE UKIAH CA CLIMATE SUMMARY FOR JULY 24 2014...

CLIMATE NORMAL PERIOD 1981 TO 2010
CLIMATE RECORD PERIOD 1903 TO 2014


WEATHER ITEM   OBSERVED TIME   RECORD YEAR NORMAL DEPARTURE LAST
                VALUE   (LST)  VALUE       VALUE  FROM      YEAR
                                                  NORMAL
..................................................................
TEMPERATURE (F)
 YESTERDAY
  MAXIMUM         94    330 PM 110    2006  94      0      100
                                      1964
  MINIMUM         53    536 AM  43    1922  56     -3       62
  AVERAGE         74                        75     -1       81

PRECIPITATION (IN)
  YESTERDAY        T             0.08 1937   0.00   0.00     0.00
  MONTH TO DATE    T                         0.04  -0.04     0.03
  SINCE JUL 1      T                         0.04  -0.04     0.03
  SINCE JAN 1     16.63                     23.42  -6.79     5.61

SNOWFALL (IN)
  YESTERDAY        0.0          MM      MM  MM     MM        0.0
  MONTH TO DATE    0.0                      MM     MM        0.0
  SINCE JUN 1      0.0                      MM     MM        0.0
  SINCE JUL 1      0.0                      MM     MM        0.0
  SNOW DEPTH       0

DEGREE DAYS
 HEATING
  YESTERDAY        0                         0      0        0
  MONTH TO DATE    0                         0      0        0
  SINCE JUN 1      2                        32    -30       18
  SINCE JUL 1      0                         0      0        0

 COOLING
  YESTERDAY        9                        10     -1       16
  MONTH TO DATE  265                       213     52      304
  SINCE JUN 1    486                       325    161      477
  SINCE JAN 1    575                       377    198      536
..................................................................


WIND (MPH)
  HIGHEST WIND SPEED    17   HIGHEST WIND DIRECTION    NW (320)
  HIGHEST GUST SPEED    22   HIGHEST GUST DIRECTION    NW (330)
  AVERAGE WIND SPEED     3.2


SKY COVER
  AVERAGE SKY COVER 0.0


WEATHER CONDITIONS
 THE FOLLOWING WEATHER WAS RECORDED YESTERDAY.
  NO SIGNIFICANT WEATHER WAS OBSERVED.


RELATIVE HUMIDITY (PERCENT)
 HIGHEST    89
 LOWEST     19
 AVERAGE    54

..........................................................


THE UKIAH CA CLIMATE NORMALS FOR TODAY
                         NORMAL    RECORD    YEAR
 MAXIMUM TEMPERATURE (F)   94       110      2006
 MINIMUM TEMPERATURE (F)   56        43      1919


SUNRISE AND SUNSET
JULY 25 2014..........SUNRISE   607 AM PDT   SUNSET   831 PM PDT
JULY 26 2014..........SUNRISE   608 AM PDT   SUNSET   830 PM PDT


-  INDICATES NEGATIVE NUMBERS.
R  INDICATES RECORD WAS SET OR TIED.
MM INDICATES DATA IS MISSING.
T  INDICATES TRACE AMOUNT.




$$
