000
CDUS46 KEKA 301209
CLIUKI


CLIMATE REPORT
NATIONAL WEATHER SERVICE EUREKA CA
509 AM PDT SAT MAY 30 2015


...................................

...THE UKIAH CA CLIMATE SUMMARY FOR MAY 29 2015...

CLIMATE NORMAL PERIOD 1981 TO 2010
CLIMATE RECORD PERIOD 1903 TO 2015


WEATHER ITEM   OBSERVED TIME   RECORD YEAR NORMAL DEPARTURE LAST
                VALUE   (LST)  VALUE       VALUE  FROM      YEAR
                                                  NORMAL
..................................................................
TEMPERATURE (F)
 YESTERDAY
  MAXIMUM         91    109 PM 105    1950  79     12       87
  MINIMUM         50    514 AM  35    1927  48      2       45
  AVERAGE         71                        64      7       66

PRECIPITATION (IN)
  YESTERDAY        0.00          1.55 1998   0.03  -0.03     0.00
  MONTH TO DATE    0.40                      1.37  -0.97      T
  SINCE OCT 1     25.84                     36.37 -10.53    17.97
  SINCE JAN 1      8.07                     22.99 -14.92    16.63

SNOWFALL (IN)
  YESTERDAY        0.0          MM      MM  MM     MM        0.0
  MONTH TO DATE    0.0                      MM     MM        0.0
  SINCE MAR 1      0.0                      MM     MM        0.0
  SINCE JUL 1      0.0                      MM     MM        0.0
  SNOW DEPTH       0

DEGREE DAYS
 HEATING
  YESTERDAY        0                         3     -3        0
  MONTH TO DATE   80                       135    -55       69
  SINCE MAR 1    483                       848   -365      537
  SINCE JUL 1   1997                      3081  -1084     2544

 COOLING
  YESTERDAY        6                         2      4        1
  MONTH TO DATE   26                        44    -18       74
  SINCE MAR 1     40                        52    -12       86
  SINCE JAN 1     40                        52    -12       86
..................................................................


WIND (MPH)
  HIGHEST WIND SPEED    13   HIGHEST WIND DIRECTION     W (260)
  HIGHEST GUST SPEED    17   HIGHEST GUST DIRECTION     W (250)
  AVERAGE WIND SPEED     3.4


SKY COVER
  AVERAGE SKY COVER 0.0


WEATHER CONDITIONS
 THE FOLLOWING WEATHER WAS RECORDED YESTERDAY.
  NO SIGNIFICANT WEATHER WAS OBSERVED.


RELATIVE HUMIDITY (PERCENT)
 HIGHEST    74
 LOWEST     24
 AVERAGE    49

..........................................................


THE UKIAH CA CLIMATE NORMALS FOR TODAY
                         NORMAL    RECORD    YEAR
 MAXIMUM TEMPERATURE (F)   79       104      1910
 MINIMUM TEMPERATURE (F)   49        34      1977


SUNRISE AND SUNSET
MAY 30 2015...........SUNRISE   550 AM PDT   SUNSET   831 PM PDT
MAY 31 2015...........SUNRISE   549 AM PDT   SUNSET   832 PM PDT


-  INDICATES NEGATIVE NUMBERS.
R  INDICATES RECORD WAS SET OR TIED.
MM INDICATES DATA IS MISSING.
T  INDICATES TRACE AMOUNT.




$$
