000
CDUS46 KEKA 270017
CLIUKI


CLIMATE REPORT
NATIONAL WEATHER SERVICE EUREKA CA
516 PM PDT FRI MAY 26 2017


...................................

...THE UKIAH CA CLIMATE SUMMARY FOR MAY 26 2017...
VALID TODAY AS OF 0500 PM LOCAL TIME.

CLIMATE NORMAL PERIOD 1981 TO 2010
CLIMATE RECORD PERIOD 1903 TO 2017


WEATHER ITEM   OBSERVED RECORD YEAR NORMAL DEPARTURE LAST
                VALUE   VALUE       VALUE  FROM      YEAR
                                           NORMAL
...........................................................
TEMPERATURE (F)
 TODAY
  MAXIMUM         68     99    1951  79    -11       82
  MINIMUM         52     34    1920  48      4       49
  AVERAGE         60                 63     -3       66

PRECIPITATION (IN)
  TODAY            0.00   1.50 1993   0.03  -0.03     0.00
  MONTH TO DATE    0.01               1.29  -1.28     0.45
  SINCE OCT 1     51.58              36.29  15.29    36.16
  SINCE JAN 1     34.47              22.91  11.56    23.95

SNOWFALL (IN)
  TODAY            0.0   MM          MM     MM        0.0
  MONTH TO DATE    0.0               MM     MM        0.0
  SINCE MAR 1      0.0               MM     MM        0.0
  SINCE JUL 1      0.0               MM     MM        0.0
  SNOW DEPTH       0

...........................................................


WIND (MPH)
  HIGHEST WIND SPEED    14   HIGHEST WIND DIRECTION    SE (130)
  HIGHEST GUST SPEED    22   HIGHEST GUST DIRECTION    SE (140)
  AVERAGE WIND SPEED     8.5


SKY COVER
  AVERAGE SKY COVER 1.0


WEATHER CONDITIONS
 THE FOLLOWING WEATHER WAS RECORDED TODAY.
  FOG


RELATIVE HUMIDITY (PERCENT)
 HIGHEST    89
 LOWEST     55
 AVERAGE    72

..........................................................


THE UKIAH CA CLIMATE NORMALS FOR TOMORROW
                         NORMAL    RECORD    YEAR
 MAXIMUM TEMPERATURE (F)   79       101      1984
 MINIMUM TEMPERATURE (F)   48        35      1929


SUNRISE AND SUNSET
MAY 26 2017...........SUNRISE   551 AM PDT   SUNSET   829 PM PDT
MAY 27 2017...........SUNRISE   551 AM PDT   SUNSET   830 PM PDT


-  INDICATES NEGATIVE NUMBERS.
R  INDICATES RECORD WAS SET OR TIED.
MM INDICATES DATA IS MISSING.
T  INDICATES TRACE AMOUNT.




$$
