000
CDUS46 KEKA 191217
CLIUKI


CLIMATE REPORT
NATIONAL WEATHER SERVICE EUREKA CA
417 AM PST FRI DEC 19 2014


...................................

...THE UKIAH CA CLIMATE SUMMARY FOR DECEMBER 18 2014...

CLIMATE NORMAL PERIOD 1981 TO 2010
CLIMATE RECORD PERIOD 1903 TO 2014


WEATHER ITEM   OBSERVED TIME   RECORD YEAR NORMAL DEPARTURE LAST
                VALUE   (LST)  VALUE       VALUE  FROM      YEAR
                                                  NORMAL
..................................................................
TEMPERATURE (F)
 YESTERDAY
  MAXIMUM         55    341 PM  74    1958  54      1       64
  MINIMUM         48    807 AM  19    1924  36     12       29
  AVERAGE         52                        45      7       47

PRECIPITATION (IN)
  YESTERDAY        0.05          2.29 2005   0.27  -0.22     0.00
  MONTH TO DATE   10.94                      3.62   7.32     0.49
  SINCE JUL 1     17.30                     10.64   6.66     1.92
  SINCE JAN 1     33.93                     34.02  -0.09     7.50

SNOWFALL (IN)
  YESTERDAY       MM            MM      MM  MM     MM        0.0
  MONTH TO DATE    0.0                      MM     MM        0.0
  SINCE DEC 1      0.0                      MM     MM        0.0
  SINCE JUL 1      0.0                      MM     MM        0.0
  SNOW DEPTH       0

DEGREE DAYS
 HEATING
  YESTERDAY       13                        20     -7       18
  MONTH TO DATE  196                       349   -153      412
  SINCE DEC 1    196                       349   -153      412
  SINCE JUL 1    597                       972   -375      937

 COOLING
  YESTERDAY        0                         0      0        0
  MONTH TO DATE    0                         0      0        0
  SINCE DEC 1      0                         0      0        0
  SINCE JAN 1   1290                       835    455      974
..................................................................


WIND (MPH)
  HIGHEST WIND SPEED    15   HIGHEST WIND DIRECTION    SE (150)
  HIGHEST GUST SPEED    20   HIGHEST GUST DIRECTION    SE (150)
  AVERAGE WIND SPEED     5.2


SKY COVER
  AVERAGE SKY COVER 1.0


WEATHER CONDITIONS
 THE FOLLOWING WEATHER WAS RECORDED YESTERDAY.
  LIGHT RAIN
  FOG


RELATIVE HUMIDITY (PERCENT)
 HIGHEST    96
 LOWEST     77
 AVERAGE    87

..........................................................


THE UKIAH CA CLIMATE NORMALS FOR TODAY
                         NORMAL    RECORD    YEAR
 MAXIMUM TEMPERATURE (F)   54        69      1999
 MINIMUM TEMPERATURE (F)   36        21      1908


SUNRISE AND SUNSET
DECEMBER 19 2014......SUNRISE   727 AM PST   SUNSET   453 PM PST
DECEMBER 20 2014......SUNRISE   728 AM PST   SUNSET   453 PM PST


-  INDICATES NEGATIVE NUMBERS.
R  INDICATES RECORD WAS SET OR TIED.
MM INDICATES DATA IS MISSING.
T  INDICATES TRACE AMOUNT.




$$
