000
CDUS46 KEKA 311211
CLIUKI


CLIMATE REPORT
NATIONAL WEATHER SERVICE EUREKA CA
508 AM PDT THU JUL 31 2014


...................................

...THE UKIAH CA CLIMATE SUMMARY FOR JULY 30 2014...

CLIMATE NORMAL PERIOD 1981 TO 2010
CLIMATE RECORD PERIOD 1903 TO 2014


WEATHER ITEM   OBSERVED TIME   RECORD YEAR NORMAL DEPARTURE LAST
                VALUE   (LST)  VALUE       VALUE  FROM      YEAR
                                                  NORMAL
..................................................................
TEMPERATURE (F)
 YESTERDAY
  MAXIMUM        106    208 PM 109    1977  94     12       94
  MINIMUM         63    506 AM  40    1924  55      8       52
  AVERAGE         85                        74     11       73

PRECIPITATION (IN)
  YESTERDAY        T   R         0.00 2003   0.00   0.00     0.00
  MONTH TO DATE    T                         0.04  -0.04     0.03
  SINCE JUL 1      T                         0.04  -0.04     0.03
  SINCE JAN 1     16.63                     23.42  -6.79     5.61

SNOWFALL (IN)
  YESTERDAY        0.0          MM      MM  MM     MM        0.0
  MONTH TO DATE    0.0                      MM     MM        0.0
  SINCE JUN 1      0.0                      MM     MM        0.0
  SINCE JUL 1      0.0                      MM     MM        0.0
  SNOW DEPTH       0

DEGREE DAYS
 HEATING
  YESTERDAY        0                         0      0        0
  MONTH TO DATE    0                         0      0        0
  SINCE JUN 1      2                        32    -30       18
  SINCE JUL 1      0                         0      0        0

 COOLING
  YESTERDAY       20                         9     11        8
  MONTH TO DATE  366                       272     94      370
  SINCE JUN 1    587                       384    203      543
  SINCE JAN 1    676                       436    240      602
..................................................................


WIND (MPH)
  HIGHEST WIND SPEED    17   HIGHEST WIND DIRECTION     W (280)
  HIGHEST GUST SPEED    22   HIGHEST GUST DIRECTION     W (250)
  AVERAGE WIND SPEED     4.0


SKY COVER
  AVERAGE SKY COVER 0.0


WEATHER CONDITIONS
 THE FOLLOWING WEATHER WAS RECORDED YESTERDAY.
  NO SIGNIFICANT WEATHER WAS OBSERVED.


RELATIVE HUMIDITY (PERCENT)
 HIGHEST    60
 LOWEST      7
 AVERAGE    34

..........................................................


THE UKIAH CA CLIMATE NORMALS FOR TODAY
                         NORMAL    RECORD    YEAR
 MAXIMUM TEMPERATURE (F)   94       111      1977
 MINIMUM TEMPERATURE (F)   55        43      1924


SUNRISE AND SUNSET
JULY 31 2014..........SUNRISE   612 AM PDT   SUNSET   825 PM PDT
AUGUST  1 2014........SUNRISE   613 AM PDT   SUNSET   824 PM PDT


-  INDICATES NEGATIVE NUMBERS.
R  INDICATES RECORD WAS SET OR TIED.
MM INDICATES DATA IS MISSING.
T  INDICATES TRACE AMOUNT.




$$
