000
CDUS46 KEKA 311208
CLIUKI

CLIMATE REPORT
NATIONAL WEATHER SERVICE EUREKA CA
115 AM PDT MON AUG 31 2015


...................................

...THE UKIAH CA CLIMATE SUMMARY FOR AUGUST 30 2015...

CLIMATE NORMAL PERIOD 1981 TO 2010
CLIMATE RECORD PERIOD 1903 TO 2015


WEATHER ITEM   OBSERVED TIME   RECORD YEAR NORMAL DEPARTURE LAST
                VALUE   (LST)  VALUE       VALUE  FROM      YEAR
                                                  NORMAL
..................................................................
TEMPERATURE (F)
 YESTERDAY
  MAXIMUM         82    309 PM 108    1987  90     -8       91
  MINIMUM         57    431 AM  39    1912  53      4       54
  AVERAGE         70                        71     -1       73

PRECIPITATION (IN)
  YESTERDAY        0.00          0.34 1966   0.01  -0.01     0.00
  MONTH TO DATE    0.01                      0.09  -0.08     0.01
  SINCE OCT 1     26.01                     36.89 -10.88    17.98
  SINCE JAN 1      8.24                     23.51 -15.27    16.64

SNOWFALL (IN)
  YESTERDAY        0.0          MM      MM  MM     MM        0.0
  MONTH TO DATE    0.0                      MM     MM        0.0
  SINCE JUN 1      0.0                      MM     MM        0.0
  SINCE JUL 1      0.0                      MM     MM        0.0
  SNOW DEPTH       0

DEGREE DAYS
 HEATING
  YESTERDAY        0                         0      0        0
  MONTH TO DATE    2                         0      2        0
  SINCE JUN 1      7                        33    -26        2
  SINCE JUL 1      3                         1      2        0

 COOLING
  YESTERDAY        5                         6     -1        8
  MONTH TO DATE  261                       233     28      296
  SINCE JUN 1    875                       624    251      900
  SINCE JAN 1    923                       676    247      989
..................................................................


WIND (MPH)
  HIGHEST WIND SPEED    18   HIGHEST WIND DIRECTION    NW (310)
  HIGHEST GUST SPEED    24   HIGHEST GUST DIRECTION    NW (320)
  AVERAGE WIND SPEED     5.4


SKY COVER
  AVERAGE SKY COVER 0.1


WEATHER CONDITIONS
 THE FOLLOWING WEATHER WAS RECORDED YESTERDAY.
  NO SIGNIFICANT WEATHER WAS OBSERVED.


RELATIVE HUMIDITY (PERCENT)
 HIGHEST    86
 LOWEST     36
 AVERAGE    61

..........................................................


THE UKIAH CA CLIMATE NORMALS FOR TODAY
                         NORMAL    RECORD    YEAR
 MAXIMUM TEMPERATURE (F)   90       109      1950
 MINIMUM TEMPERATURE (F)   52        41      1928


SUNRISE AND SUNSET
AUGUST 31 2015........SUNRISE   640 AM PDT   SUNSET   745 PM PDT
SEPTEMBER  1 2015.....SUNRISE   641 AM PDT   SUNSET   744 PM PDT


-  INDICATES NEGATIVE NUMBERS.
R  INDICATES RECORD WAS SET OR TIED.
MM INDICATES DATA IS MISSING.
T  INDICATES TRACE AMOUNT.




$$
