000
CDUS43 KSGF 170627
CLIUNO


CLIMATE REPORT
NATIONAL WEATHER SERVICE SPRINGFIELD MO
127 AM CDT THU APR 17 2014


...................................

...THE WEST PLAINS MO CLIMATE SUMMARY FOR APRIL 16 2014...

CLIMATE NORMAL PERIOD 1981 TO 2010
CLIMATE RECORD PERIOD 1947 TO 2014


WEATHER ITEM   OBSERVED TIME   RECORD YEAR NORMAL DEPARTURE LAST
                VALUE   (LST)  VALUE       VALUE  FROM      YEAR
                                                  NORMAL
..................................................................
TEMPERATURE (F)
 YESTERDAY
  MAXIMUM         56    358 PM  88    2006  70    -14       79
                                      1955
  MINIMUM         34    552 AM  24    1962  45    -11       54
  AVERAGE         45                        58    -13       67

PRECIPITATION (IN)
  YESTERDAY        0.00          1.15 1982   0.15  -0.15     0.00
  MONTH TO DATE    3.35                      2.21   1.14     1.92
  SINCE MAR 1      6.57                      6.50   0.07     5.67
  SINCE JAN 1      8.42                     12.06  -3.64    12.99

DEGREE DAYS
 HEATING
  YESTERDAY       20                         8     12        0
  MONTH TO DATE  181                       164     17      162
  SINCE MAR 1    883                       710    173      896
  SINCE JUL 1   4681                      4174    507     4208

 COOLING
  YESTERDAY        0                         1     -1        2
  MONTH TO DATE    7                        11     -4       11
  SINCE MAR 1      7                        15     -8       11
  SINCE JAN 1      7                        15     -8       11
..................................................................


WIND (MPH)
  HIGHEST WIND SPEED    22   HIGHEST WIND DIRECTION     S (170)
  HIGHEST GUST SPEED    29   HIGHEST GUST DIRECTION    SE (150)
  AVERAGE WIND SPEED    10.3


SKY COVER
  AVERAGE SKY COVER 0.0


WEATHER CONDITIONS
 THE FOLLOWING WEATHER WAS RECORDED YESTERDAY.
  NO SIGNIFICANT WEATHER WAS OBSERVED.


RELATIVE HUMIDITY (PERCENT)
 HIGHEST    75           500 AM
 LOWEST     29           200 PM
 AVERAGE    52

..........................................................


THE WEST PLAINS MO CLIMATE NORMALS FOR TODAY
                         NORMAL    RECORD    YEAR
 MAXIMUM TEMPERATURE (F)   70        87      2006
 MINIMUM TEMPERATURE (F)   46        24      1951


SUNRISE AND SUNSET
APRIL 17 2014.........SUNRISE   631 AM CDT   SUNSET   744 PM CDT
APRIL 18 2014.........SUNRISE   630 AM CDT   SUNSET   745 PM CDT


-  INDICATES NEGATIVE NUMBERS.
R  INDICATES RECORD WAS SET OR TIED.
MM INDICATES DATA IS MISSING.
T  INDICATES TRACE AMOUNT.




$$
