000
CDUS43 KUNR 281833
CLIUNR


CLIMATE REPORT
NATIONAL WEATHER SERVICE RAPID CITY SD
1133 AM MST FRI NOV 28 2014


...................................

...THE EAST RAPID CITY SD CLIMATE SUMMARY FOR NOVEMBER 28 2014...
VALID AS OF 1100 AM LOCAL TIME.

CLIMATE NORMAL PERIOD 1981 TO 2010
CLIMATE RECORD PERIOD 1888 TO 2014


WEATHER ITEM   OBSERVED RECORD YEAR NORMAL DEPARTURE LAST
                VALUE   VALUE       VALUE  FROM      YEAR
                                           NORMAL
...........................................................
TEMPERATURE (F)
 TODAY
  MAXIMUM         62     68    1932  40     22       32
  MINIMUM         44     -9    1896  23     21       17
  AVERAGE         53                 31     22       25

PRECIPITATION (IN)
  TODAY            0.00   0.31 1929   0.01  -0.01     0.00
  MONTH TO DATE    0.63               0.58   0.05     0.32
  SINCE SEP 1      5.92               3.77   2.15     6.71
  SINCE JAN 1     23.32              19.45   3.87    22.46

SNOWFALL (IN)
  TODAY            0.0    6.9  1929   0.2   -0.2      0.0
  MONTH TO DATE   12.9                5.8    7.1      4.3
  SINCE SEP 1     14.5                8.2    6.3     29.8
  SINCE JUL 1     14.5                8.2    6.3     29.8
  SNOW DEPTH       0

DEGREE DAYS
 HEATING
  TODAY           12                 34    -22       40
  MONTH TO DATE  944                782    162      808
  SINCE SEP 1   1498               1481     17     1533
  SINCE JUL 1   1522               1511     11     1539

 COOLING
  TODAY            0                  0      0        0
  MONTH TO DATE    0                  0      0        0
  SINCE SEP 1     78                 70      8      145
  SINCE JAN 1    514                665   -151      830
...........................................................





WEATHER CONDITIONS
 THE FOLLOWING WEATHER WAS RECORDED TODAY.
  NO SIGNIFICANT WEATHER WAS OBSERVED.


..........................................................


THE EAST RAPID CITY SD CLIMATE NORMALS FOR TOMORROW
                         NORMAL    RECORD    YEAR
 MAXIMUM TEMPERATURE (F)   39        75      1932
 MINIMUM TEMPERATURE (F)   22        -8      1896


SUNRISE AND SUNSET
NOVEMBER 28 2014......SUNRISE   704 AM MST   SUNSET   417 PM MST
NOVEMBER 29 2014......SUNRISE   705 AM MST   SUNSET   417 PM MST


-  INDICATES NEGATIVE NUMBERS.
R  INDICATES RECORD WAS SET OR TIED.
MM INDICATES DATA IS MISSING.
T  INDICATES TRACE AMOUNT.




$$
