000
CDUS43 KUNR 230042
CLIUNR


CLIMATE REPORT
NATIONAL WEATHER SERVICE RAPID CITY SD
642 PM MDT MON SEP 22 2014


...................................

...THE EAST RAPID CITY SD CLIMATE SUMMARY FOR SEPTEMBER 22 2014...
VALID TODAY AS OF 0500 PM LOCAL TIME.

CLIMATE NORMAL PERIOD 1981 TO 2010
CLIMATE RECORD PERIOD 1888 TO 2014


WEATHER ITEM   OBSERVED RECORD YEAR NORMAL DEPARTURE LAST
                VALUE   VALUE       VALUE  FROM      YEAR
                                           NORMAL
...........................................................
TEMPERATURE (F)
 TODAY
  MAXIMUM         78     94    1936  69      9       92
  MINIMUM         48     30    1895  47      1       56
  AVERAGE         63                 58      5       74

PRECIPITATION (IN)
  TODAY            T      0.92 2006   0.05  -0.05     0.09
  MONTH TO DATE    0.99               1.15  -0.16     0.67
  SINCE SEP 1      0.99               1.15  -0.16     0.67
  SINCE JAN 1     18.39              16.83   1.56    16.42

SNOWFALL (IN)
  TODAY            0.0                0.0    0.0      0.0
  MONTH TO DATE    1.6                0.0    1.6      0.0
  SINCE SEP 1      1.6                0.0    1.6      0.0
  SINCE JUL 1      1.6                0.0    1.6      0.0
  SNOW DEPTH       0

DEGREE DAYS
 HEATING
  TODAY            2                  8     -6        0
  MONTH TO DATE  153                100     53       32
  SINCE SEP 1    153                100     53       32
  SINCE JUL 1    177                130     47       38

 COOLING
  TODAY            0                  1     -1        9
  MONTH TO DATE   44                 61    -17      139
  SINCE SEP 1     44                 61    -17      139
  SINCE JAN 1    480                656   -176      824
...........................................................





WEATHER CONDITIONS
 THE FOLLOWING WEATHER WAS RECORDED TODAY.
  LIGHT RAIN


..........................................................


THE EAST RAPID CITY SD CLIMATE NORMALS FOR TOMORROW
                         NORMAL    RECORD    YEAR
 MAXIMUM TEMPERATURE (F)   69        92      1958
 MINIMUM TEMPERATURE (F)   47        28      1965


SUNRISE AND SUNSET
SEPTEMBER 22 2014.....SUNRISE   640 AM MDT   SUNSET   650 PM MDT
SEPTEMBER 23 2014.....SUNRISE   641 AM MDT   SUNSET   648 PM MDT


-  INDICATES NEGATIVE NUMBERS.
R  INDICATES RECORD WAS SET OR TIED.
MM INDICATES DATA IS MISSING.
T  INDICATES TRACE AMOUNT.




$$
