177
CDUS43 KUNR 251831
CLIUNR


CLIMATE REPORT
NATIONAL WEATHER SERVICE RAPID CITY SD
1231 PM MDT MON JUL 25 2016


...................................

...THE EAST RAPID CITY SD CLIMATE SUMMARY FOR JULY 25 2016...
VALID AS OF 1100 AM LOCAL TIME.

CLIMATE NORMAL PERIOD 1981 TO 2010
CLIMATE RECORD PERIOD 1888 TO 2016


WEATHER ITEM   OBSERVED RECORD YEAR NORMAL DEPARTURE LAST
                VALUE   VALUE       VALUE  FROM      YEAR
                                           NORMAL
...........................................................
TEMPERATURE (F)
 TODAY
  MAXIMUM         88    105    1931  86      2       85
  MINIMUM         62     46    1911  63     -1       63
  AVERAGE         75                 74      1       74

PRECIPITATION (IN)
  TODAY            0.00   0.60 1948   0.09  -0.09     0.11
  MONTH TO DATE    2.36               1.92   0.44     2.38
  SINCE JUN 1      2.94               5.08  -2.14     9.25
  SINCE JAN 1      7.48              13.13  -5.65    18.61

SNOWFALL (IN)
  TODAY            0.0    0.0  2002   0.0    0.0      0.0
                               2001
                               1955
  MONTH TO DATE    0.0                0.0    0.0      0.0
  SINCE JUN 1      0.0                0.0    0.0      0.0
  SINCE JUL 1      0.0                0.0    0.0      0.0
  SNOW DEPTH       0

DEGREE DAYS
 HEATING
  TODAY            0                  0      0        0
  MONTH TO DATE    1                  6     -5        1
  SINCE JUN 1      6                 94    -88       34
  SINCE JUL 1      1                  6     -5        1

 COOLING
  TODAY           10                  9      1        9
  MONTH TO DATE  241                203     38      173
  SINCE JUN 1    486                294    192      280
  SINCE JAN 1    492                312    180      288
...........................................................





WEATHER CONDITIONS
 THE FOLLOWING WEATHER WAS RECORDED TODAY.
  NO SIGNIFICANT WEATHER WAS OBSERVED.


..........................................................


THE EAST RAPID CITY SD CLIMATE NORMALS FOR TOMORROW
                         NORMAL    RECORD    YEAR
 MAXIMUM TEMPERATURE (F)   86       104      1935
 MINIMUM TEMPERATURE (F)   63        49      1971


SUNRISE AND SUNSET
JULY 25 2016..........SUNRISE   534 AM MDT   SUNSET   824 PM MDT
JULY 26 2016..........SUNRISE   535 AM MDT   SUNSET   823 PM MDT


-  INDICATES NEGATIVE NUMBERS.
R  INDICATES RECORD WAS SET OR TIED.
MM INDICATES DATA IS MISSING.
T  INDICATES TRACE AMOUNT.




$$
