000
CDUS43 KUNR 250858
CLIUNR


CLIMATE REPORT
NATIONAL WEATHER SERVICE RAPID CITY SD
251 AM MDT MON MAY 25 2015


...................................

...THE EAST RAPID CITY SD CLIMATE SUMMARY FOR MAY 24 2015...

CLIMATE NORMAL PERIOD 1981 TO 2010
CLIMATE RECORD PERIOD 1888 TO 2015


WEATHER ITEM   OBSERVED RECORD YEAR NORMAL DEPARTURE LAST
                VALUE   VALUE       VALUE  FROM      YEAR
                                           NORMAL
...........................................................
TEMPERATURE (F)
 YESTERDAY
  MAXIMUM         54     90    1926  69    -15       77
  MINIMUM         50     28    1924  48      2       52
  AVERAGE         52                 58     -6       65

PRECIPITATION (IN)
  YESTERDAY        1.92   2.55 1907   0.16   1.76     0.00
  MONTH TO DATE    6.49               3.15   3.34     1.12
  SINCE MAR 1      7.54               6.24   1.30     3.93
  SINCE JAN 1      8.09               7.01   1.08     4.44

SNOWFALL (IN)
  YESTERDAY        0.0    0.0  2002   0.1   -0.1      0.0
                               2001
                               1949
  MONTH TO DATE   13.6                2.0   11.6      0.6
  SINCE MAR 1     15.0               22.6   -7.6     23.4
  SINCE JUL 1     50.7               49.3    1.4     73.5
  SNOW DEPTH       0

DEGREE DAYS
 HEATING
  YESTERDAY       13                  8      5        0
  MONTH TO DATE  349                261     88      318
  SINCE MAR 1   1488               1773   -285     1943
  SINCE JUL 1   6184               6727   -543     7291

 COOLING
  YESTERDAY        0                  1     -1        0
  MONTH TO DATE    2                  8     -6        2
  SINCE MAR 1      8                  9     -1        2
  SINCE JAN 1      8                  9     -1        2
...........................................................


WIND (MPH)
  HIGHEST GUST SPEED    22   HIGHEST GUST DIRECTION    NE (60)



WEATHER CONDITIONS
 THE FOLLOWING WEATHER WAS RECORDED YESTERDAY.
  NO SIGNIFICANT WEATHER WAS OBSERVED.


..........................................................


THE EAST RAPID CITY SD CLIMATE NORMALS FOR TODAY
                         NORMAL    RECORD    YEAR
 MAXIMUM TEMPERATURE (F)   69        94      1931
 MINIMUM TEMPERATURE (F)   48        33      1893


SUNRISE AND SUNSET
MAY 25 2015...........SUNRISE   517 AM MDT   SUNSET   823 PM MDT
MAY 26 2015...........SUNRISE   517 AM MDT   SUNSET   824 PM MDT


-  INDICATES NEGATIVE NUMBERS.
R  INDICATES RECORD WAS SET OR TIED.
MM INDICATES DATA IS MISSING.
T  INDICATES TRACE AMOUNT.




$$
