000
CDUS44 KCRP 290653
CLIVCT

CLIMATE REPORT
NATIONAL WEATHER SERVICE CORPUS CHRISTI TX
153 AM CDT SUN MAR 29 2015


...................................

...THE VICTORIA CLIMATE SUMMARY FOR MARCH 28 2015...

CLIMATE NORMAL PERIOD 1981 TO 2010
CLIMATE RECORD PERIOD 1893 TO 2015


WEATHER ITEM   OBSERVED TIME   RECORD YEAR NORMAL DEPARTURE LAST
                VALUE   (LST)  VALUE       VALUE  FROM      YEAR
                                                  NORMAL
..................................................................
TEMPERATURE (F)
 YESTERDAY
  MAXIMUM         82    301 PM  92    1971  77      5       89
                                      1909
  MINIMUM         53    640 AM  34    1931  55     -2       63
  AVERAGE         68                        66      2       76

PRECIPITATION (IN)
  YESTERDAY        0.00          1.60 1999   0.10  -0.10     0.00
  MONTH TO DATE    8.37                      2.51   5.86     1.62
  SINCE MAR 1      8.37                      2.51   5.86     1.62
  SINCE JAN 1     12.42                      7.11   5.31     3.28

SNOWFALL (IN)
  YESTERDAY        0.0
  MONTH TO DATE    0.0
  SINCE MAR 1      0.0
  SINCE JUL 1      0.0
  SNOW DEPTH       0

DEGREE DAYS
 HEATING
  YESTERDAY        0                         2     -2        0
  MONTH TO DATE  139                       119     20      204
  SINCE MAR 1    139                       119     20      204
  SINCE JUL 1   1219                      1212      7     1457

 COOLING
  YESTERDAY        3                         3      0       11
  MONTH TO DATE   44                        63    -19       44
  SINCE MAR 1     44                        63    -19       44
  SINCE JAN 1     59                       101    -42      102
..................................................................


WIND (MPH)
  HIGHEST WIND SPEED    23   HIGHEST WIND DIRECTION     S (180)
  HIGHEST GUST SPEED    29   HIGHEST GUST DIRECTION     S (190)
  AVERAGE WIND SPEED    11.8


SKY COVER
  POSSIBLE SUNSHINE  MM
  AVERAGE SKY COVER 0.0


WEATHER CONDITIONS
 THE FOLLOWING WEATHER WAS RECORDED YESTERDAY.
  NO SIGNIFICANT WEATHER WAS OBSERVED.


RELATIVE HUMIDITY (PERCENT)
 HIGHEST    93           300 AM
 LOWEST     26           400 PM
 AVERAGE    60

..........................................................


THE VICTORIA CLIMATE NORMALS FOR TODAY
                         NORMAL    RECORD    YEAR
 MAXIMUM TEMPERATURE (F)   77        93      1974
 MINIMUM TEMPERATURE (F)   55        37      2009
                                             2003


SUNRISE AND SUNSET
MARCH 29 2015.........SUNRISE   721 AM CDT   SUNSET   744 PM CDT
MARCH 30 2015.........SUNRISE   720 AM CDT   SUNSET   745 PM CDT


-  INDICATES NEGATIVE NUMBERS.
R  INDICATES RECORD WAS SET OR TIED.
MM INDICATES DATA IS MISSING.
T  INDICATES TRACE AMOUNT.




$$
