000
CDUS44 KCRP 250720 RRA
CLIVCT

CLIMATE REPORT
NATIONAL WEATHER SERVICE CORPUS CHRISTI TX
221 AM CDT WED MAY 25 2016


...THE VICTORIA CLIMATE SUMMARY FOR MAY 24 2016...

CLIMATE NORMAL PERIOD 1981 TO 2010
CLIMATE RECORD PERIOD 1893 TO 2016


WEATHER ITEM   OBSERVED TIME   RECORD YEAR NORMAL DEPARTURE LAST
                VALUE   (LST)  VALUE       VALUE  FROM      YEAR
                                                  NORMAL
..................................................................
TEMPERATURE (F)
 YESTERDAY
  MAXIMUM         88   1247 PM  98    1925  88      0       84
  MINIMUM         75    335 AM  55    1913  69      6       69
  AVERAGE         82                        79      3       77

PRECIPITATION (IN)
  YESTERDAY        T             3.11 1982   0.17  -0.17     1.65
  MONTH TO DATE    3.58                      4.00  -0.42     6.55
  SINCE MAR 1     12.49                      9.59   2.90    21.73
  SINCE JAN 1     17.43                     14.19   3.24    25.78

SNOWFALL (IN)
  YESTERDAY        0.0
  MONTH TO DATE    0.0
  SINCE MAR 1      0.0
  SINCE JUL 1      0.0
  SNOW DEPTH       0

DEGREE DAYS
 HEATING
  YESTERDAY        0                         0      0        0
  MONTH TO DATE    0                         0      0        0
  SINCE MAR 1     63                       155    -92      140
  SINCE JUL 1    913                      1248   -335     1220

 COOLING
  YESTERDAY       17                        14      3       12
  MONTH TO DATE  254                       269    -15      293
  SINCE MAR 1    570                       520     50      585
  SINCE JAN 1    605                       558     47      600
..................................................................


WIND (MPH)
  HIGHEST WIND SPEED    22   HIGHEST WIND DIRECTION    SE (130)
  HIGHEST GUST SPEED    26   HIGHEST GUST DIRECTION    SE (120)
  AVERAGE WIND SPEED    12.0


SKY COVER
  POSSIBLE SUNSHINE  MM
  AVERAGE SKY COVER 0.8


WEATHER CONDITIONS
 THE FOLLOWING WEATHER WAS RECORDED YESTERDAY.
  LIGHT RAIN
  FOG


RELATIVE HUMIDITY (PERCENT)
 HIGHEST   100           500 AM
 LOWEST     69           600 PM
 AVERAGE    85

..........................................................


THE VICTORIA CLIMATE NORMALS FOR TODAY
                         NORMAL    RECORD    YEAR
 MAXIMUM TEMPERATURE (F)   88        97      1928
                                             1912
 MINIMUM TEMPERATURE (F)   69        58      1910


SUNRISE AND SUNSET
MAY 25 2016...........SUNRISE   631 AM CDT   SUNSET   818 PM CDT
MAY 26 2016...........SUNRISE   631 AM CDT   SUNSET   819 PM CDT


-  INDICATES NEGATIVE NUMBERS.
R  INDICATES RECORD WAS SET OR TIED.
MM INDICATES DATA IS MISSING.
T  INDICATES TRACE AMOUNT.

$$

TMT
