000
CDUS44 KCRP 302136 RRA
CLIVCT

CLIMATE REPORT
NATIONAL WEATHER SERVICE CORPUS CHRISTI TX
434 PM CDT SAT JUL 30 2016

...................................

...THE VICTORIA CLIMATE SUMMARY FOR JULY 30 2016...
VALID AS OF 400 PM LOCAL TIME.

CLIMATE NORMAL PERIOD 1981 TO 2010
CLIMATE RECORD PERIOD 1893 TO 2016


WEATHER ITEM   OBSERVED TIME   RECORD YEAR NORMAL DEPARTURE LAST
                VALUE   (LST)  VALUE       VALUE  FROM      YEAR
                                                  NORMAL
..................................................................
TEMPERATURE (F)
 TODAY
  MAXIMUM         97    154 PM 104    1914  95      2      100
  MINIMUM         74    606 AM  69    1994  74      0       71
  AVERAGE         86                        84      2       86

PRECIPITATION (IN)
  TODAY            0.01          0.30 2015   0.11  -0.10     0.30
  MONTH TO DATE    0.66                      4.08  -3.42     0.48
  SINCE JUN 1      3.84                      8.54  -4.70     9.85
  SINCE JAN 1     24.06                     23.92   0.14    37.58

SNOWFALL (IN)
  TODAY            0.0
  MONTH TO DATE    0.0
  SINCE JUN 1      0.0
  SINCE JUL 1      0.0
  SNOW DEPTH       0

DEGREE DAYS
 HEATING
  TODAY            0                         0      0        0
  MONTH TO DATE    0                         0      0        0
  SINCE JUN 1      0                         0      0        0
  SINCE JUL 1      0                         0      0        0

 COOLING
  TODAY           21                        19      2       21
  MONTH TO DATE  633                       565     68      590
  SINCE JUN 1   1163                      1073     90     1087
  SINCE JAN 1   1876                      1732    144     1787
..................................................................


WIND (MPH)
  HIGHEST WIND SPEED    18   HIGHEST WIND DIRECTION    SE (140)
  HIGHEST GUST SPEED    22   HIGHEST GUST DIRECTION     S (200)


SKY COVER
  POSSIBLE SUNSHINE  MM
  AVERAGE SKY COVER 0.2


WEATHER CONDITIONS
 THE FOLLOWING WEATHER WAS RECORDED TODAY.
  LIGHT RAIN
  FOG


RELATIVE HUMIDITY (PERCENT)
 HIGHEST    94           200 AM
 LOWEST     43           200 PM
 AVERAGE    69

..........................................................


THE VICTORIA CLIMATE NORMALS FOR TOMORROW
                         NORMAL    RECORD    YEAR
 MAXIMUM TEMPERATURE (F)   95       103      1913
 MINIMUM TEMPERATURE (F)   74        69      1994
                                             1978


SUNRISE AND SUNSET
JULY 30 2016..........SUNRISE   648 AM CDT   SUNSET   820 PM CDT
JULY 31 2016..........SUNRISE   649 AM CDT   SUNSET   819 PM CDT


-  INDICATES NEGATIVE NUMBERS.
R  INDICATES RECORD WAS SET OR TIED.
MM INDICATES DATA IS MISSING.
T  INDICATES TRACE AMOUNT.




$$
