000
CDUS44 KCRP 230041
CLIVCT

CLIMATE REPORT
NATIONAL WEATHER SERVICE CORPUS CHRISTI TX
739 PM CDT WED OCT 22 2014


...................................

...THE VICTORIA CLIMATE SUMMARY FOR OCTOBER 22 2014...
VALID TODAY AS OF 0500 PM LOCAL TIME.

CLIMATE NORMAL PERIOD 1981 TO 2010
CLIMATE RECORD PERIOD 1893 TO 2014


WEATHER ITEM   OBSERVED TIME   RECORD YEAR NORMAL DEPARTURE LAST
                VALUE   (LST)  VALUE       VALUE  FROM      YEAR
                                                  NORMAL
..................................................................
TEMPERATURE (F)
 TODAY
  MAXIMUM         88    226 PM 101    1926  82      6       78
  MINIMUM         59    542 AM  40    1910  59      0       52
  AVERAGE         74                        71      3       65

PRECIPITATION (IN)
  TODAY            0.00          2.38 1954   0.16  -0.16     0.00
  MONTH TO DATE    1.84                      3.39  -1.55     3.03
  SINCE SEP 1      4.56                      7.55  -2.99     7.98
  SINCE JAN 1     23.45                     34.42 -10.97    22.90

SNOWFALL (IN)
  TODAY            0.0
  MONTH TO DATE    0.0
  SINCE SEP 1      0.0
  SINCE JUL 1      0.0
  SNOW DEPTH       0

DEGREE DAYS
 HEATING
  TODAY            0                         1     -1        0
  MONTH TO DATE    0                         7     -7        4
  SINCE SEP 1      0                         8     -8        4
  SINCE JUL 1      0                         8     -8        4

 COOLING
  TODAY            9                         7      2        0
  MONTH TO DATE  267                       193     74      209
  SINCE SEP 1    805                       638    167      745
  SINCE JAN 1   3371                      2991    380     3239
..................................................................


WIND (MPH)
  HIGHEST WIND SPEED    16   HIGHEST WIND DIRECTION     E (90)
  HIGHEST GUST SPEED    24   HIGHEST GUST DIRECTION    NE (50)
  AVERAGE WIND SPEED    MM


SKY COVER
  POSSIBLE SUNSHINE  MM
  AVERAGE SKY COVER 0.1


WEATHER CONDITIONS
 THE FOLLOWING WEATHER WAS RECORDED TODAY.
  FOG
  HAZE


RELATIVE HUMIDITY (PERCENT)
 HIGHEST    90           700 AM
 LOWEST     36           300 PM
 AVERAGE    63

..........................................................


THE VICTORIA CLIMATE NORMALS FOR TOMORROW
                         NORMAL    RECORD    YEAR
 MAXIMUM TEMPERATURE (F)   82        96      1926
 MINIMUM TEMPERATURE (F)   59        37      1945


SUNRISE AND SUNSET
OCTOBER 22 2014.......SUNRISE   733 AM CDT   SUNSET   651 PM CDT
OCTOBER 23 2014.......SUNRISE   734 AM CDT   SUNSET   650 PM CDT


-  INDICATES NEGATIVE NUMBERS.
R  INDICATES RECORD WAS SET OR TIED.
MM INDICATES DATA IS MISSING.
T  INDICATES TRACE AMOUNT.




$$
