000
CDUS44 KCRP 111044 RRA
CLIVCT

CLIMATE REPORT
NATIONAL WEATHER SERVICE CORPUS CHRISTI TX
425 AM CST SUN DEC 11 2016


...................................

...THE VICTORIA CLIMATE SUMMARY FOR DECEMBER 10 2016...

CLIMATE NORMAL PERIOD 1981 TO 2010
CLIMATE RECORD PERIOD 1893 TO 2016


WEATHER ITEM   OBSERVED TIME   RECORD YEAR NORMAL DEPARTURE LAST
                VALUE   (LST)  VALUE       VALUE  FROM      YEAR
                                                  NORMAL
..................................................................
TEMPERATURE (F)
 YESTERDAY
  MAXIMUM         61    438 PM  88    1939  67     -6       81
  MINIMUM         45    235 AM  22    1978  45      0       58
  AVERAGE         53                        56     -3       70

PRECIPITATION (IN)
  YESTERDAY        T             0.97 1964   0.07  -0.07     0.00
  MONTH TO DATE    2.64                      0.79   1.85     0.04
  SINCE DEC 1      2.64                      0.79   1.85     0.04
  SINCE JAN 1     38.88                     39.70  -0.82    52.12

SNOWFALL (IN)
  YESTERDAY        0.0
  MONTH TO DATE    0.0
  SINCE DEC 1      0.0
  SINCE JUL 1      0.0
  SNOW DEPTH       0

DEGREE DAYS
 HEATING
  YESTERDAY       12                        10      2        0
  MONTH TO DATE  114                        92     22       81
  SINCE DEC 1    114                        92     22       81
  SINCE JUL 1    164                       255    -91      179

 COOLING
  YESTERDAY        0                         1     -1        5
  MONTH TO DATE    0                        10    -10        5
  SINCE DEC 1      0                        10    -10        5
  SINCE JAN 1   3427                      3133    294     3285
..................................................................


WIND (MPH)
  HIGHEST WIND SPEED    17   HIGHEST WIND DIRECTION     E (100)
  HIGHEST GUST SPEED    23   HIGHEST GUST DIRECTION     E (110)
  AVERAGE WIND SPEED     8.9


SKY COVER
  POSSIBLE SUNSHINE  MM
  AVERAGE SKY COVER 1.0


WEATHER CONDITIONS
 THE FOLLOWING WEATHER WAS RECORDED YESTERDAY.
  FOG


RELATIVE HUMIDITY (PERCENT)
 HIGHEST    80           900 PM
 LOWEST     60           300 AM
 AVERAGE    70

..........................................................


THE VICTORIA CLIMATE NORMALS FOR TODAY
                         NORMAL    RECORD    YEAR
 MAXIMUM TEMPERATURE (F)   67        85      1987
                                             1910
 MINIMUM TEMPERATURE (F)   45        27      2008
                                             1966
                                             1957


SUNRISE AND SUNSET
DECEMBER 11 2016......SUNRISE   711 AM CST   SUNSET   531 PM CST
DECEMBER 12 2016......SUNRISE   712 AM CST   SUNSET   532 PM CST


-  INDICATES NEGATIVE NUMBERS.
R  INDICATES RECORD WAS SET OR TIED.
MM INDICATES DATA IS MISSING.
T  INDICATES TRACE AMOUNT.




$$
