000
CDUS44 KCRP 222150
CLIVCT

CLIMATE REPORT
NATIONAL WEATHER SERVICE CORPUS CHRISTI TX
448 PM CDT MON SEP 22 2014

...................................

...THE VICTORIA CLIMATE SUMMARY FOR SEPTEMBER 22 2014...
VALID TODAY AS OF 448 PM LOCAL TIME.

CLIMATE NORMAL PERIOD 1981 TO 2010
CLIMATE RECORD PERIOD 1893 TO 2014


WEATHER ITEM   OBSERVED TIME   RECORD YEAR NORMAL DEPARTURE LAST
                VALUE   (LST)  VALUE       VALUE  FROM      YEAR
                                                  NORMAL
..................................................................
TEMPERATURE (F)
 TODAY
  MAXIMUM         95    328 PM 103    1926  89      6       87
  MINIMUM         70    639 AM  51    1983  68      2       65
  AVERAGE         83                        78      5       76

PRECIPITATION (IN)
  TODAY            0.00          2.87 1958   0.13  -0.13     0.00
  MONTH TO DATE    2.33                      3.16  -0.83     4.89
  SINCE SEP 1      2.33                      3.16  -0.83     4.89
  SINCE JAN 1     21.22                     30.03  -8.81    19.81

SNOWFALL (IN)
  TODAY            0.0
  MONTH TO DATE    0.0
  SINCE SEP 1      0.0
  SINCE JUL 1      0.0
  SNOW DEPTH       0

DEGREE DAYS
 HEATING
  TODAY            0                         0      0        0
  MONTH TO DATE    0                         0      0        0
  SINCE SEP 1      0                         0      0        0
  SINCE JUL 1      0                         0      0        0

 COOLING
  TODAY           18                        13      5       11
  MONTH TO DATE  425                       348     77      410
  SINCE SEP 1    425                       348     77      410
  SINCE JAN 1   2991                      2701    290     2904
..................................................................


WIND (MPH)
  HIGHEST WIND SPEED    15   HIGHEST WIND DIRECTION     E (70)
  HIGHEST GUST SPEED    20   HIGHEST GUST DIRECTION     E (70)


SKY COVER
  POSSIBLE SUNSHINE  MM
  AVERAGE SKY COVER 0.1


WEATHER CONDITIONS
 THE FOLLOWING WEATHER WAS RECORDED TODAY.
  FOG


RELATIVE HUMIDITY (PERCENT)
 HIGHEST    93          1200 AM
 LOWEST     46           200 PM
 AVERAGE    70

..........................................................


THE VICTORIA CLIMATE NORMALS FOR TOMORROW
                         NORMAL    RECORD    YEAR
 MAXIMUM TEMPERATURE (F)   89       101      1925
 MINIMUM TEMPERATURE (F)   67        50      1999


SUNRISE AND SUNSET
SEPTEMBER 22 2014.....SUNRISE   716 AM CDT   SUNSET   724 PM CDT
SEPTEMBER 23 2014.....SUNRISE   717 AM CDT   SUNSET   723 PM CDT


-  INDICATES NEGATIVE NUMBERS.
R  INDICATES RECORD WAS SET OR TIED.
MM INDICATES DATA IS MISSING.
T  INDICATES TRACE AMOUNT.




$$
