348
CDUS44 KCRP 182142 RRA
CLIVCT

CLIMATE REPORT
NATIONAL WEATHER SERVICE CORPUS CHRISTI TX
340 PM CST MON DEC 18 2017


...................................

...THE VICTORIA CLIMATE SUMMARY FOR DECEMBER 18 2017...
VALID AS OF 300 PM LOCAL TIME.

CLIMATE NORMAL PERIOD 1981 TO 2010
CLIMATE RECORD PERIOD 1893 TO 2017


WEATHER ITEM   OBSERVED TIME   RECORD YEAR NORMAL DEPARTURE LAST
                VALUE   (LST)  VALUE       VALUE  FROM      YEAR
                                                  NORMAL
..................................................................
TEMPERATURE (F)
 TODAY
  MAXIMUM         63    330 PM  84    1924  66     -3       43
  MINIMUM         54   1216 AM  23    1996  44     10       32
  AVERAGE         59                        55      4       38

PRECIPITATION (IN)
  TODAY            0.08          1.65 1956   0.07   0.01      T
  MONTH TO DATE    1.85                      1.35   0.50     2.68
  SINCE DEC 1      1.85                      1.35   0.50     2.68
  SINCE JAN 1     46.43                     40.26   6.17    38.92

SNOWFALL (IN)
  TODAY            0.0
  MONTH TO DATE    2.0
  SINCE DEC 1      2.0
  SINCE JUL 1      2.0
  SNOW DEPTH       0

DEGREE DAYS
 HEATING
  TODAY            6                        11     -5       27
  MONTH TO DATE  195                       178     17      159
  SINCE DEC 1    195                       178     17      159
  SINCE JUL 1    313                       341    -28      209

 COOLING
  TODAY            0                         1     -1        0
  MONTH TO DATE   14                        18     -4        2
  SINCE DEC 1     14                        18     -4        2
  SINCE JAN 1   3695                      3141    554     3429
..................................................................


WIND (MPH)
  HIGHEST WIND SPEED    10   HIGHEST WIND DIRECTION     W (290)
  HIGHEST GUST SPEED    13   HIGHEST GUST DIRECTION     E (70)


SKY COVER
  POSSIBLE SUNSHINE  MM
  AVERAGE SKY COVER 1.0


WEATHER CONDITIONS
 THE FOLLOWING WEATHER WAS RECORDED TODAY.
  LIGHT RAIN
  FOG


RELATIVE HUMIDITY (PERCENT)
 HIGHEST    97           200 PM
 LOWEST     86          1200 AM
 AVERAGE    92

..........................................................


THE VICTORIA CLIMATE NORMALS FOR TOMORROW
                         NORMAL    RECORD    YEAR
 MAXIMUM TEMPERATURE (F)   65        81      1921
 MINIMUM TEMPERATURE (F)   44        20      1996


SUNRISE AND SUNSET
DECEMBER 18 2017......SUNRISE   715 AM CST   SUNSET   534 PM CST
DECEMBER 19 2017......SUNRISE   716 AM CST   SUNSET   534 PM CST


-  INDICATES NEGATIVE NUMBERS.
R  INDICATES RECORD WAS SET OR TIED.
MM INDICATES DATA IS MISSING.
T  INDICATES TRACE AMOUNT.




$$
