000
CDUS44 KCRP 280841
CLIVCT

CLIMATE REPORT
NATIONAL WEATHER SERVICE CORPUS CHRISTI TX
240 AM CST WED JAN 28 2015


...................................

...THE VICTORIA CLIMATE SUMMARY FOR JANUARY 27 2015...

CLIMATE NORMAL PERIOD 1981 TO 2010
CLIMATE RECORD PERIOD 1893 TO 2015


WEATHER ITEM   OBSERVED TIME   RECORD YEAR NORMAL DEPARTURE LAST
                VALUE   (LST)  VALUE       VALUE  FROM      YEAR
                                                  NORMAL
..................................................................
TEMPERATURE (F)
 YESTERDAY
  MAXIMUM         82    340 PM  83    1909  65     17       64
  MINIMUM         46    733 AM  22    1940  44      2       43
  AVERAGE         64                        54     10       54

PRECIPITATION (IN)
  YESTERDAY        0.00          1.25 2000   0.08  -0.08     0.00
  MONTH TO DATE    3.01                      2.22   0.79     1.11
  SINCE DEC 1      5.22                      4.53   0.69     1.56
  SINCE JAN 1      3.01                      2.22   0.79     1.11

SNOWFALL (IN)
  YESTERDAY        0.0
  MONTH TO DATE    0.0
  SINCE DEC 1      0.0
  SINCE JUL 1      0.0
  SNOW DEPTH       0

DEGREE DAYS
 HEATING
  YESTERDAY        1                        11    -10       11
  MONTH TO DATE  392                       316     76      316
  SINCE DEC 1    584                       647    -63      699
  SINCE JUL 1    775                       810    -35      896

 COOLING
  YESTERDAY        0                         0      0        0
  MONTH TO DATE    1                         7     -6        3
  SINCE DEC 1     27                        34     -7       35
  SINCE JAN 1      1                         7     -6        3
..................................................................


WIND (MPH)
  HIGHEST WIND SPEED    16   HIGHEST WIND DIRECTION     W (280)
  HIGHEST GUST SPEED    20   HIGHEST GUST DIRECTION     W (280)
  AVERAGE WIND SPEED     7.9


SKY COVER
  POSSIBLE SUNSHINE  MM
  AVERAGE SKY COVER 0.0


WEATHER CONDITIONS
 THE FOLLOWING WEATHER WAS RECORDED YESTERDAY.
  NO SIGNIFICANT WEATHER WAS OBSERVED.


RELATIVE HUMIDITY (PERCENT)
 HIGHEST    76           700 AM
 LOWEST     23           300 PM
 AVERAGE    50

..........................................................


THE VICTORIA CLIMATE NORMALS FOR TODAY
                         NORMAL    RECORD    YEAR
 MAXIMUM TEMPERATURE (F)   66        83      1911
 MINIMUM TEMPERATURE (F)   44        23      1948


SUNRISE AND SUNSET
JANUARY 28 2015.......SUNRISE   718 AM CST   SUNSET   603 PM CST
JANUARY 29 2015.......SUNRISE   718 AM CST   SUNSET   604 PM CST


-  INDICATES NEGATIVE NUMBERS.
R  INDICATES RECORD WAS SET OR TIED.
MM INDICATES DATA IS MISSING.
T  INDICATES TRACE AMOUNT.




$$
