000
CDUS44 KCRP 280037 RRA
CLIVCT

CLIMATE REPORT
NATIONAL WEATHER SERVICE CORPUS CHRISTI TX
734 PM CDT TUE SEP 27 2016


...................................

...THE VICTORIA CLIMATE SUMMARY FOR SEPTEMBER 27 2016...
VALID TODAY AS OF 700 PM LOCAL TIME.

CLIMATE NORMAL PERIOD 1981 TO 2010
CLIMATE RECORD PERIOD 1893 TO 2016


WEATHER ITEM   OBSERVED TIME   RECORD YEAR NORMAL DEPARTURE LAST
                VALUE   (LST)  VALUE       VALUE  FROM      YEAR
                                                  NORMAL
..................................................................
TEMPERATURE (F)
 TODAY
  MAXIMUM         83    115 PM 101    2005  88     -5       83
  MINIMUM         67    433 AM  45    1942  66      1       64
  AVERAGE         75                        77     -2       74

PRECIPITATION (IN)
  TODAY            0.00          0.58 1983   0.13  -0.13     0.00
  MONTH TO DATE    2.55                      3.78  -1.23     4.20
  SINCE SEP 1      2.55                      3.78  -1.23     4.20
  SINCE JAN 1     32.13                     30.65   1.48    44.48

SNOWFALL (IN)
  TODAY            0.0
  MONTH TO DATE    0.0
  SINCE SEP 1      0.0
  SINCE JUL 1      0.0
  SNOW DEPTH       0

DEGREE DAYS
 HEATING
  TODAY            0                         0      0        0
  MONTH TO DATE    0                         0      0        0
  SINCE SEP 1      0                         0      0        0
  SINCE JUL 1      0                         0      0        0

 COOLING
  TODAY           10                        12     -2        9
  MONTH TO DATE  473                       411     62      415
  SINCE SEP 1    473                       411     62      415
  SINCE JAN 1   2960                      2764    196     2837
..................................................................


WIND (MPH)
  HIGHEST WIND SPEED    14   HIGHEST WIND DIRECTION     N (10)
  HIGHEST GUST SPEED    18   HIGHEST GUST DIRECTION     N (350)


SKY COVER
  POSSIBLE SUNSHINE  MM
  AVERAGE SKY COVER 0.9


WEATHER CONDITIONS
 THE FOLLOWING WEATHER WAS RECORDED TODAY.
  FOG


RELATIVE HUMIDITY (PERCENT)
 HIGHEST    93           500 AM
 LOWEST     65           100 PM
 AVERAGE    79

..........................................................


THE VICTORIA CLIMATE NORMALS FOR TOMORROW
                         NORMAL    RECORD    YEAR
 MAXIMUM TEMPERATURE (F)   88       101      2005
 MINIMUM TEMPERATURE (F)   66        48      1942
                                             1909


SUNRISE AND SUNSET
SEPTEMBER 27 2016.....SUNRISE   719 AM CDT   SUNSET   717 PM CDT
SEPTEMBER 28 2016.....SUNRISE   719 AM CDT   SUNSET   716 PM CDT


-  INDICATES NEGATIVE NUMBERS.
R  INDICATES RECORD WAS SET OR TIED.
MM INDICATES DATA IS MISSING.
T  INDICATES TRACE AMOUNT.




$$
