681
CDUS44 KCRP 231224 RRA
CLIVCT

CLIMATE REPORT
NATIONAL WEATHER SERVICE CORPUS CHRISTI TX
622 AM CST THU FEB 23 2017


...................................

...THE VICTORIA CLIMATE SUMMARY FOR FEBRUARY 22 2017...

CLIMATE NORMAL PERIOD 1981 TO 2010
CLIMATE RECORD PERIOD 1893 TO 2017


WEATHER ITEM   OBSERVED TIME   RECORD YEAR NORMAL DEPARTURE LAST
                VALUE   (LST)  VALUE       VALUE  FROM      YEAR
                                                  NORMAL
..................................................................
TEMPERATURE (F)
 YESTERDAY
  MAXIMUM         86    308 PM  90    1927  69     17       76
  MINIMUM         48    554 AM  27    1939  48      0       63
  AVERAGE         67                        59      8       70

PRECIPITATION (IN)
  YESTERDAY        0.00          2.50 1958   0.07  -0.07     0.18
  MONTH TO DATE    4.83                      1.61   3.22     0.18
  SINCE DEC 1     11.60                      6.44   5.16     4.93
  SINCE JAN 1      8.59                      4.13   4.46     3.33

SNOWFALL (IN)
  YESTERDAY        0.0
  MONTH TO DATE    0.0
  SINCE DEC 1      0.0
  SINCE JUL 1      0.0
  SNOW DEPTH       0

DEGREE DAYS
 HEATING
  YESTERDAY        0                         7     -7        0
  MONTH TO DATE   42                       200   -158      131
  SINCE DEC 1    470                       889   -419      711
  SINCE JUL 1    520                      1052   -532      809

 COOLING
  YESTERDAY        2                         1      1        5
  MONTH TO DATE  102                        22     80       24
  SINCE DEC 1    230                        63    167       85
  SINCE JAN 1    173                        36    137       29
..................................................................


WIND (MPH)
  HIGHEST WIND SPEED    14   HIGHEST WIND DIRECTION    SE (150)
  HIGHEST GUST SPEED    16   HIGHEST GUST DIRECTION    SE (150)
  AVERAGE WIND SPEED     5.6


SKY COVER
  POSSIBLE SUNSHINE  MM
  AVERAGE SKY COVER 0.0


WEATHER CONDITIONS
 THE FOLLOWING WEATHER WAS RECORDED YESTERDAY.
  HAZE


RELATIVE HUMIDITY (PERCENT)
 HIGHEST    86           600 AM
 LOWEST     20           300 PM
 AVERAGE    53

..........................................................


THE VICTORIA CLIMATE NORMALS FOR TODAY
                         NORMAL    RECORD    YEAR
 MAXIMUM TEMPERATURE (F)   70        89      1920
                                             1917
 MINIMUM TEMPERATURE (F)   48        28      2009


SUNRISE AND SUNSET
FEBRUARY 23 2017......SUNRISE   659 AM CST   SUNSET   624 PM CST
FEBRUARY 24 2017......SUNRISE   658 AM CST   SUNSET   624 PM CST


-  INDICATES NEGATIVE NUMBERS.
R  INDICATES RECORD WAS SET OR TIED.
MM INDICATES DATA IS MISSING.
T  INDICATES TRACE AMOUNT.




$$
