000
CDUS45 KGJT 300855
CLIVEL


CLIMATE REPORT
NATIONAL WEATHER SERVICE GRAND JUNCTION CO
253 AM MDT SUN AUG 30 2015


...................................

...THE VERNAL UT CLIMATE SUMMARY FOR AUGUST 29 2015...

CLIMATE NORMAL PERIOD 1981 TO 2010
CLIMATE RECORD PERIOD 9999 TO 9999


WEATHER ITEM   OBSERVED TIME   RECORD YEAR NORMAL DEPARTURE LAST
                VALUE   (LST)  VALUE       VALUE  FROM      YEAR
                                                  NORMAL
..................................................................
TEMPERATURE (F)
 YESTERDAY
  MAXIMUM         90    309 PM  MM      MM  82      8       76
  MINIMUM         56    528 AM  MM      MM  52      4       51
  AVERAGE         73                        67      6       64

PRECIPITATION (IN)
  YESTERDAY        0.00         MM      MM   0.03  -0.03     0.00
  MONTH TO DATE    0.37                      0.70  -0.33     4.01
  SINCE JUN 1      1.49                      2.14  -0.65     4.76
  SINCE JAN 1      6.31                      5.55   0.76     6.74

SNOWFALL (IN)
  YESTERDAY       MM            MM      MM   0.0   MM       MM
  MONTH TO DATE   MM                         0.0   MM       MM
  SINCE JUN 1     MM                         0.0   MM       MM
  SINCE JUL 1     MM                         0.0   MM       MM
  SNOW DEPTH      MM

DEGREE DAYS
 HEATING
  YESTERDAY        0                         1     -1        1
  MONTH TO DATE    0                         5     -5       22
  SINCE JUN 1     14                        83    -69       55
  SINCE JUL 1      0                        11    -11       22

 COOLING
  YESTERDAY        8                         3      5        0
  MONTH TO DATE  207                       166     41      130
  SINCE JUN 1    634                       475    159      563
  SINCE JAN 1    638                       484    154      586
..................................................................


WIND (MPH)
  HIGHEST WIND SPEED    10   HIGHEST WIND DIRECTION     S (190)
  HIGHEST GUST SPEED    14   HIGHEST GUST DIRECTION    SW (230)
  AVERAGE WIND SPEED     4.2


SKY COVER
  POSSIBLE SUNSHINE  MM
  AVERAGE SKY COVER 0.1


WEATHER CONDITIONS
 THE FOLLOWING WEATHER WAS RECORDED YESTERDAY.
  NO SIGNIFICANT WEATHER WAS OBSERVED.


RELATIVE HUMIDITY (PERCENT)
 HIGHEST    53           500 AM
 LOWEST     14           300 PM
 AVERAGE    34

..........................................................


THE VERNAL UT CLIMATE NORMALS FOR TODAY
                         NORMAL    RECORD    YEAR
 MAXIMUM TEMPERATURE (F)   82        MM        MM
 MINIMUM TEMPERATURE (F)   52        MM        MM


SUNRISE AND SUNSET
AUGUST 30 2015........SUNRISE   643 AM MDT   SUNSET   753 PM MDT
AUGUST 31 2015........SUNRISE   644 AM MDT   SUNSET   752 PM MDT


-  INDICATES NEGATIVE NUMBERS.
R  INDICATES RECORD WAS SET OR TIED.
MM INDICATES DATA IS MISSING.
T  INDICATES TRACE AMOUNT.




$$
