000
CDUS45 KGJT 170857
CLIVEL


CLIMATE REPORT
NATIONAL WEATHER SERVICE GRAND JUNCTION CO
146 AM MST TUE JAN 17 2017


...................................

...THE VERNAL UT CLIMATE SUMMARY FOR JANUARY 16 2017...

CLIMATE NORMAL PERIOD 1981 TO 2010
CLIMATE RECORD PERIOD 9999 TO 9999


WEATHER ITEM   OBSERVED TIME   RECORD YEAR NORMAL DEPARTURE LAST
                VALUE   (LST)  VALUE       VALUE  FROM      YEAR
                                                  NORMAL
..................................................................
TEMPERATURE (F)
 YESTERDAY
  MAXIMUM         29    326 PM  MM      MM  28      1       28
  MINIMUM          8    931 PM  MM      MM   9     -1        6
  AVERAGE         19                        19      0       17

PRECIPITATION (IN)
  YESTERDAY        0.00         MM      MM   0.02  -0.02     0.00
  MONTH TO DATE    1.03                      0.29   0.74     0.01
  SINCE DEC 1      2.05                      0.93   1.12     0.47
  SINCE JAN 1      1.03                      0.29   0.74     0.01

SNOWFALL (IN)
  YESTERDAY       MM            MM      MM   0.2   MM       MM
  MONTH TO DATE   MM                         2.9   MM       MM
  SINCE DEC 1     MM                         8.8   MM       MM
  SINCE JUL 1     MM                        10.4   MM       MM
  SNOW DEPTH      MM

DEGREE DAYS
 HEATING
  YESTERDAY       46                        46      0       48
  MONTH TO DATE  716                       736    -20      815
  SINCE DEC 1   1948                      2076   -128     2286
  SINCE JUL 1   3305                      3707   -402     3578

 COOLING
  YESTERDAY        0                         0      0        0
  MONTH TO DATE    0                         0      0        0
  SINCE DEC 1      0                         0      0        0
  SINCE JAN 1      0                         0      0        0
..................................................................


WIND (MPH)
  HIGHEST WIND SPEED     7   HIGHEST WIND DIRECTION    NW (330)
  HIGHEST GUST SPEED     7   HIGHEST GUST DIRECTION    NW (330)
  AVERAGE WIND SPEED     2.3


SKY COVER
  POSSIBLE SUNSHINE  MM
  AVERAGE SKY COVER 0.6


WEATHER CONDITIONS
 THE FOLLOWING WEATHER WAS RECORDED YESTERDAY.
  FOG


RELATIVE HUMIDITY (PERCENT)
 HIGHEST    96          1200 AM
 LOWEST     75           400 PM
 AVERAGE    86

..........................................................


THE VERNAL UT CLIMATE NORMALS FOR TODAY
                         NORMAL    RECORD    YEAR
 MAXIMUM TEMPERATURE (F)   28        MM        MM
 MINIMUM TEMPERATURE (F)    9        MM        MM


SUNRISE AND SUNSET
JANUARY 17 2017.......SUNRISE   738 AM MST   SUNSET   519 PM MST
JANUARY 18 2017.......SUNRISE   738 AM MST   SUNSET   520 PM MST


-  INDICATES NEGATIVE NUMBERS.
R  INDICATES RECORD WAS SET OR TIED.
MM INDICATES DATA IS MISSING.
T  INDICATES TRACE AMOUNT.




$$
