000
CDUS43 KSGF 310647
CLIVIH


CLIMATE REPORT
NATIONAL WEATHER SERVICE SPRINGFIELD MO
146 AM CDT MON AUG 31 2015


...................................

...THE VICHY-ROLLA MO CLIMATE SUMMARY FOR AUGUST 30 2015...

CLIMATE NORMAL PERIOD 1981 TO 2010
CLIMATE RECORD PERIOD 1888 TO 2015


WEATHER ITEM   OBSERVED TIME   RECORD YEAR NORMAL DEPARTURE LAST
                VALUE   (LST)  VALUE       VALUE  FROM      YEAR
                                                  NORMAL
..................................................................
TEMPERATURE (F)
 YESTERDAY
  MAXIMUM         88    247 PM  99    2000  85      3       83
                                      1901
  MINIMUM         65    443 AM  50    2009  63      2       68
  AVERAGE         77                        74      3       76

PRECIPITATION (IN)
  YESTERDAY        0.00          1.07 2014   0.11  -0.11     1.07
  MONTH TO DATE    2.39                      3.54  -1.15     4.26
  SINCE JUN 1     15.24                     12.61   2.63     7.68
  SINCE JAN 1     29.26                     29.42  -0.16    17.30

DEGREE DAYS
 HEATING
  YESTERDAY        0                         0      0        0
  MONTH TO DATE    2                         0      2        0
  SINCE JUN 1     17                        15      2        4
  SINCE JUL 1      2                         1      1        3

 COOLING
  YESTERDAY       12                         9      3       11
  MONTH TO DATE  241                       345   -104      378
  SINCE JUN 1    892                       962    -70      877
  SINCE JAN 1    999                      1069    -70     1024
..................................................................


WIND (MPH)
  HIGHEST WIND SPEED    14   HIGHEST WIND DIRECTION     S (180)
  HIGHEST GUST SPEED    20   HIGHEST GUST DIRECTION     S (190)
  AVERAGE WIND SPEED     5.9


SKY COVER
  AVERAGE SKY COVER 0.2


WEATHER CONDITIONS
 THE FOLLOWING WEATHER WAS RECORDED YESTERDAY.
  NO SIGNIFICANT WEATHER WAS OBSERVED.


RELATIVE HUMIDITY (PERCENT)
 HIGHEST   100           100 AM
 LOWEST     50           200 PM
 AVERAGE    75

..........................................................


THE VICHY-ROLLA MO CLIMATE NORMALS FOR TODAY
                         NORMAL    RECORD    YEAR
 MAXIMUM TEMPERATURE (F)   85       100      2000
 MINIMUM TEMPERATURE (F)   62        46      1903


SUNRISE AND SUNSET
AUGUST 31 2015........SUNRISE   636 AM CDT   SUNSET   738 PM CDT
SEPTEMBER  1 2015.....SUNRISE   637 AM CDT   SUNSET   737 PM CDT


-  INDICATES NEGATIVE NUMBERS.
R  INDICATES RECORD WAS SET OR TIED.
MM INDICATES DATA IS MISSING.
T  INDICATES TRACE AMOUNT.




$$
