000
CDUS43 KSGF 062228
CLIVIH


CLIMATE REPORT
NATIONAL WEATHER SERVICE SPRINGFIELD MO
427 PM CST FRI MAR 6 2015


...................................

...THE VICHY-ROLLA MO CLIMATE SUMMARY FOR MARCH 6 2015...
VALID AS OF 0400 PM LOCAL TIME.

CLIMATE NORMAL PERIOD 1981 TO 2010
CLIMATE RECORD PERIOD 1888 TO 2015


WEATHER ITEM   OBSERVED TIME   RECORD YEAR NORMAL DEPARTURE LAST
                VALUE   (LST)  VALUE       VALUE  FROM      YEAR
                                                  NORMAL
..................................................................
TEMPERATURE (F)
 TODAY
  MAXIMUM         51    359 PM  84    1956  53     -2       50
  MINIMUM         16    229 AM  -1    1956  31    -15       23
  AVERAGE         34                        42     -8       37

PRECIPITATION (IN)
  TODAY            0.00          1.02 1961   0.09  -0.09     0.00
  MONTH TO DATE    0.16                      0.51  -0.35      T
  SINCE MAR 1      0.16                      0.51  -0.35      T
  SINCE JAN 1      2.44                      4.61  -2.17     1.46

DEGREE DAYS
 HEATING
  TODAY           31                        23      8       28
  MONTH TO DATE  225                       145     80      228
  SINCE MAR 1    225                       145     80      228
  SINCE JUL 1   4342                      3935    407     4534

 COOLING
  TODAY            0                         0      0        0
  MONTH TO DATE    0                         0      0        0
  SINCE MAR 1      0                         0      0        0
  SINCE JAN 1      0                         0      0        0
..................................................................


WIND (MPH)
  HIGHEST WIND SPEED    24   HIGHEST WIND DIRECTION    SW (220)
  HIGHEST GUST SPEED    29   HIGHEST GUST DIRECTION    SW (210)


SKY COVER
  AVERAGE SKY COVER 0.0


WEATHER CONDITIONS
 THE FOLLOWING WEATHER WAS RECORDED TODAY.
  NO SIGNIFICANT WEATHER WAS OBSERVED.


RELATIVE HUMIDITY (PERCENT)
 HIGHEST    67           200 AM
 LOWEST     38           400 PM
 AVERAGE    53

..........................................................


THE VICHY-ROLLA MO CLIMATE NORMALS FOR TOMORROW
                         NORMAL    RECORD    YEAR
 MAXIMUM TEMPERATURE (F)   53        83      1974
 MINIMUM TEMPERATURE (F)   32         0      1899


SUNRISE AND SUNSET
MARCH  6 2015.........SUNRISE   632 AM CST   SUNSET   605 PM CST
MARCH  7 2015.........SUNRISE   631 AM CST   SUNSET   606 PM CST


-  INDICATES NEGATIVE NUMBERS.
R  INDICATES RECORD WAS SET OR TIED.
MM INDICATES DATA IS MISSING.
T  INDICATES TRACE AMOUNT.




$$
