000
CDUS43 KSGF 260643
CLIVIH


CLIMATE REPORT
NATIONAL WEATHER SERVICE SPRINGFIELD MO
1243 AM CST SUN FEB 26 2017


...................................

...THE VICHY-ROLLA MO CLIMATE SUMMARY FOR FEBRUARY 25 2017...

CLIMATE NORMAL PERIOD 1981 TO 2010
CLIMATE RECORD PERIOD 1888 TO 2017


WEATHER ITEM   OBSERVED TIME   RECORD YEAR NORMAL DEPARTURE LAST
                VALUE   (LST)  VALUE       VALUE  FROM      YEAR
                                                  NORMAL
..................................................................
TEMPERATURE (F)
 YESTERDAY
  MAXIMUM         41    413 PM  76    1981  49     -8       40
  MINIMUM         23    939 PM   1    1965  28     -5       29
  AVERAGE         32                        39     -7       35

PRECIPITATION (IN)
  YESTERDAY        0.00          1.95 1899   0.07  -0.07      T
  MONTH TO DATE    0.45                      1.70  -1.25     1.38
  SINCE DEC 1      2.91                      6.51  -3.60    12.44
  SINCE JAN 1      2.05                      3.87  -1.82     2.12

DEGREE DAYS
 HEATING
  YESTERDAY       33                        26      7       30
  MONTH TO DATE  477                       745   -268      696
  SINCE DEC 1   2309                      2766   -457     2410
  SINCE JUL 1   2937                      3713   -776     3131

 COOLING
  YESTERDAY        0                         0      0        0
  MONTH TO DATE    1                         0      1        0
  SINCE DEC 1      1                         0      1        0
  SINCE JAN 1      1                         0      1        0
..................................................................


WIND (MPH)
  HIGHEST WIND SPEED    28   HIGHEST WIND DIRECTION     W (290)
  HIGHEST GUST SPEED    36   HIGHEST GUST DIRECTION     W (280)
  AVERAGE WIND SPEED    12.2


SKY COVER
  AVERAGE SKY COVER 0.3


WEATHER CONDITIONS
 THE FOLLOWING WEATHER WAS RECORDED YESTERDAY.
  NO SIGNIFICANT WEATHER WAS OBSERVED.


RELATIVE HUMIDITY (PERCENT)
 HIGHEST    68           400 AM
 LOWEST     29           200 PM
 AVERAGE    49

..........................................................


THE VICHY-ROLLA MO CLIMATE NORMALS FOR TODAY
                         NORMAL    RECORD    YEAR
 MAXIMUM TEMPERATURE (F)   49        75      1996
 MINIMUM TEMPERATURE (F)   29         4      1963


SUNRISE AND SUNSET
FEBRUARY 26 2017......SUNRISE   643 AM CST   SUNSET   558 PM CST
FEBRUARY 27 2017......SUNRISE   641 AM CST   SUNSET   559 PM CST


-  INDICATES NEGATIVE NUMBERS.
R  INDICATES RECORD WAS SET OR TIED.
MM INDICATES DATA IS MISSING.
T  INDICATES TRACE AMOUNT.




$$
