000
CDUS42 KTAE 030619
CLIVLD


CLIMATE REPORT
NATIONAL WEATHER SERVICE TALLAHASSEE FL
117 AM EST TUE MAR 3 2015

...................................

...THE VALDOSTA CLIMATE SUMMARY FOR MARCH 2 2015...

CLIMATE NORMAL PERIOD 1981 TO 2010
CLIMATE RECORD PERIOD 1948 TO 2015


WEATHER ITEM   OBSERVED TIME   NORMAL DEPARTURE LAST
                VALUE   (LST)  VALUE  FROM      YEAR
                                      NORMAL
......................................................
TEMPERATURE (F)
 YESTERDAY
  MAXIMUM         74    353 PM  70      4       80
  MINIMUM         52    542 AM  45      7       45
  AVERAGE         63            58      5       63

PRECIPITATION (IN)
  YESTERDAY        0.00          0.17  -0.17     0.00
  MONTH TO DATE    0.01          0.34  -0.33     0.00
  SINCE MAR 1      0.01          0.34  -0.33     0.00
  SINCE JAN 1      9.17          9.07   0.10     6.14

DEGREE DAYS
 HEATING
  YESTERDAY        2             8     -6        2
  MONTH TO DATE   15            16     -1        7
  SINCE MAR 1     15            16     -1        7
  SINCE JUL 1   1499          1396    103     1058

 COOLING
  YESTERDAY        0             1     -1        0
  MONTH TO DATE    0             2     -2        0
  SINCE MAR 1      0             2     -2        0
  SINCE JAN 1      4            12     -8       32
......................................................


WIND (MPH)
  HIGHEST WIND SPEED     9   HIGHEST WIND DIRECTION     N (360)
  HIGHEST GUST SPEED    12   HIGHEST GUST DIRECTION     N (360)
  AVERAGE WIND SPEED     2.0




RELATIVE HUMIDITY (PERCENT)
 HIGHEST   100
 LOWEST     68
 AVERAGE    84

..........................................................



SUNRISE AND SUNSET
MARCH  3 2015.........SUNRISE   658 AM EST   SUNSET   633 PM EST
MARCH  4 2015.........SUNRISE   656 AM EST   SUNSET   634 PM EST


-  INDICATES NEGATIVE NUMBERS.
R  INDICATES RECORD WAS SET OR TIED.
MM INDICATES DATA IS MISSING.
T  INDICATES TRACE AMOUNT.

$$
