000
CDUS42 KTAE 290640
CLIVLD


CLIMATE REPORT
NATIONAL WEATHER SERVICE TALLAHASSEE FL
240 AM EDT FRI APR 29 2016


...................................

...THE VALDOSTA CLIMATE SUMMARY FOR APRIL 28 2016...

CLIMATE NORMAL PERIOD 1981 TO 2010
CLIMATE RECORD PERIOD 1948 TO 2016


WEATHER ITEM   OBSERVED TIME   NORMAL DEPARTURE LAST
                VALUE   (LST)  VALUE  FROM      YEAR
                                      NORMAL
......................................................
TEMPERATURE (F)
 YESTERDAY
  MAXIMUM         87    130 PM  83      4       70
  MINIMUM         69    241 AM  56     13       63
  AVERAGE         78            69      9       67

PRECIPITATION (IN)
  YESTERDAY        0.00          0.06  -0.06      T
  MONTH TO DATE    4.97          2.75   2.22     4.82
  SINCE MAR 1     11.14          7.62   3.52     7.32
  SINCE JAN 1     20.00         16.35   3.65    16.48

DEGREE DAYS
 HEATING
  YESTERDAY        0             1     -1        0
  MONTH TO DATE   30            66    -36        0
  SINCE MAR 1    121           252   -131       96
  SINCE JUL 1   1063          1632   -569     1580

 COOLING
  YESTERDAY       13             5      8        2
  MONTH TO DATE   96            83     13      201
  SINCE MAR 1    185           116     69      293
  SINCE JAN 1    195           126     69      297
......................................................


WIND (MPH)
  HIGHEST WIND SPEED    12   HIGHEST WIND DIRECTION     S (180)
  HIGHEST GUST SPEED    15   HIGHEST GUST DIRECTION     S (180)
  AVERAGE WIND SPEED     4.6




RELATIVE HUMIDITY (PERCENT)
 HIGHEST   100
 LOWEST     55
 AVERAGE    78

..........................................................




SUNRISE AND SUNSET
APRIL 29 2016.........SUNRISE   650 AM EDT   SUNSET   811 PM EDT
APRIL 30 2016.........SUNRISE   650 AM EDT   SUNSET   811 PM EDT


-  INDICATES NEGATIVE NUMBERS.
R  INDICATES RECORD WAS SET OR TIED.
MM INDICATES DATA IS MISSING.
T  INDICATES TRACE AMOUNT.




$$
