000
CDUS42 KTAE 260639
CLIVLD


CLIMATE REPORT
NATIONAL WEATHER SERVICE TALLAHASSEE FL
238 AM EDT TUE MAY 26 2015


...................................

...THE VALDOSTA CLIMATE SUMMARY FOR MAY 25 2015...

CLIMATE NORMAL PERIOD 1981 TO 2010
CLIMATE RECORD PERIOD 1948 TO 2015


WEATHER ITEM   OBSERVED TIME   NORMAL DEPARTURE LAST
                VALUE   (LST)  VALUE  FROM      YEAR
                                      NORMAL
......................................................
TEMPERATURE (F)
 YESTERDAY
  MAXIMUM         93    427 PM  88      5       97
  MINIMUM         69    614 AM  64      5       71
  AVERAGE         81            76      5       84

PRECIPITATION (IN)
  YESTERDAY        T             0.10  -0.10     0.12
  MONTH TO DATE    0.40          1.70  -1.30     2.42
  SINCE MAR 1      7.74          9.44  -1.70    15.47
  SINCE JAN 1     16.90         18.17  -1.27    21.61

DEGREE DAYS
 COOLING
  YESTERDAY       16            11      5       19
  MONTH TO DATE  264           208     56      269
  SINCE MAR 1    561           333    228      475
  SINCE JAN 1    565           343    222      507
......................................................


WIND (MPH)
  HIGHEST WIND SPEED    14   HIGHEST WIND DIRECTION     E (100)
  HIGHEST GUST SPEED    20   HIGHEST GUST DIRECTION     S (190)
  AVERAGE WIND SPEED     7.0




RELATIVE HUMIDITY (PERCENT)
 HIGHEST    93
 LOWEST     41
 AVERAGE    67

..........................................................




SUNRISE AND SUNSET
MAY 26 2015...........SUNRISE   633 AM EDT   SUNSET   828 PM EDT
MAY 27 2015...........SUNRISE   632 AM EDT   SUNSET   828 PM EDT


-  INDICATES NEGATIVE NUMBERS.
R  INDICATES RECORD WAS SET OR TIED.
MM INDICATES DATA IS MISSING.
T  INDICATES TRACE AMOUNT.




$$
