000
CDUS42 KTAE 270640
CLIVLD


CLIMATE REPORT
NATIONAL WEATHER SERVICE TALLAHASSEE FL
240 AM EDT THU AUG 27 2015


...................................

...THE VALDOSTA CLIMATE SUMMARY FOR AUGUST 26 2015...

CLIMATE NORMAL PERIOD 1981 TO 2010
CLIMATE RECORD PERIOD 1948 TO 2015


WEATHER ITEM   OBSERVED TIME   NORMAL DEPARTURE LAST
                VALUE   (LST)  VALUE  FROM      YEAR
                                      NORMAL
......................................................
TEMPERATURE (F)
 YESTERDAY
  MAXIMUM         91    308 PM  91      0       90
  MINIMUM         68   1136 PM  71     -3       70
  AVERAGE         80            81     -1       80

PRECIPITATION (IN)
  YESTERDAY        0.00          0.15  -0.15     0.08
  MONTH TO DATE    4.47          4.56  -0.09     2.77
  SINCE JUN 1     17.68         17.25   0.43     8.85
  SINCE JAN 1     36.24         36.25  -0.01    32.12

DEGREE DAYS
 COOLING
  YESTERDAY       15            16     -1       15
  MONTH TO DATE  472           423     49      515
  SINCE JUN 1   1542          1363    179     1679
  SINCE JAN 1   2189          1775    414     2282
......................................................


WIND (MPH)
  HIGHEST WIND SPEED     8   HIGHEST WIND DIRECTION     N (10)
  HIGHEST GUST SPEED    11   HIGHEST GUST DIRECTION    NW (320)
  AVERAGE WIND SPEED     1.3




RELATIVE HUMIDITY (PERCENT)
 HIGHEST    84
 LOWEST     41
 AVERAGE    63

..........................................................




SUNRISE AND SUNSET
AUGUST 27 2015........SUNRISE   706 AM EDT   SUNSET   802 PM EDT
AUGUST 28 2015........SUNRISE   707 AM EDT   SUNSET   801 PM EDT


-  INDICATES NEGATIVE NUMBERS.
R  INDICATES RECORD WAS SET OR TIED.
MM INDICATES DATA IS MISSING.
T  INDICATES TRACE AMOUNT.




$$
