000
CDUS42 KTAE 290635
CLIVLD


CLIMATE REPORT
NATIONAL WEATHER SERVICE TALLAHASSEE FL
234 AM EDT SUN MAY 29 2016


...................................

...THE VALDOSTA CLIMATE SUMMARY FOR MAY 28 2016...

CLIMATE NORMAL PERIOD 1981 TO 2010
CLIMATE RECORD PERIOD 1948 TO 2016


WEATHER ITEM   OBSERVED TIME   NORMAL DEPARTURE LAST
                VALUE   (LST)  VALUE  FROM      YEAR
                                      NORMAL
......................................................
TEMPERATURE (F)
 YESTERDAY
  MAXIMUM         90    416 PM  88      2       89
  MINIMUM         64    600 AM  65     -1       66
  AVERAGE         77            77      0       78

PRECIPITATION (IN)
  YESTERDAY        0.00          0.14  -0.14     0.00
  MONTH TO DATE    3.45          2.05   1.40     2.01
  SINCE MAR 1     15.44          9.79   5.65     9.35
  SINCE JAN 1     24.30         18.52   5.78    18.51

DEGREE DAYS
 COOLING
  YESTERDAY       12            12      0       13
  MONTH TO DATE  243           242      1      308
  SINCE MAR 1    456           367     89      605
  SINCE JAN 1    466           377     89      609
......................................................


WIND (MPH)
  HIGHEST WIND SPEED    12   HIGHEST WIND DIRECTION    NE (60)
  HIGHEST GUST SPEED    14   HIGHEST GUST DIRECTION    NE (60)
  AVERAGE WIND SPEED     3.4




RELATIVE HUMIDITY (PERCENT)
 HIGHEST   100
 LOWEST     41
 AVERAGE    71

..........................................................




SUNRISE AND SUNSET
MAY 29 2016...........SUNRISE   631 AM EDT   SUNSET   830 PM EDT
MAY 30 2016...........SUNRISE   631 AM EDT   SUNSET   831 PM EDT


-  INDICATES NEGATIVE NUMBERS.
R  INDICATES RECORD WAS SET OR TIED.
MM INDICATES DATA IS MISSING.
T  INDICATES TRACE AMOUNT.




$$
