000
CDUS42 KTAE 070650
CLIVLD


CLIMATE REPORT
NATIONAL WEATHER SERVICE TALLAHASSEE FL
149 AM EST WED DEC 7 2016


...................................

...THE VALDOSTA CLIMATE SUMMARY FOR DECEMBER 6 2016...

CLIMATE NORMAL PERIOD 1981 TO 2010
CLIMATE RECORD PERIOD 1948 TO 2016


WEATHER ITEM   OBSERVED TIME   NORMAL DEPARTURE LAST
                VALUE   (LST)  VALUE  FROM      YEAR
                                      NORMAL
......................................................
TEMPERATURE (F)
 YESTERDAY
  MAXIMUM         82    127 PM  67     15       72
  MINIMUM         56   1159 PM  43     13       47
  AVERAGE         69            55     14       60

PRECIPITATION (IN)
  YESTERDAY       MM             0.11  MM        0.00
  MONTH TO DATE    1.29          0.66   0.63     0.24
  SINCE DEC 1      1.29          0.66   0.63     0.24
  SINCE JAN 1     51.69         48.09   3.60    46.67

DEGREE DAYS
 HEATING
  YESTERDAY        0            11    -11        5
  MONTH TO DATE   39            61    -22       29
  SINCE DEC 1     39            61    -22       29
  SINCE JUL 1    206           292    -86      105
......................................................


WIND (MPH)
  HIGHEST WIND SPEED    14   HIGHEST WIND DIRECTION     W (270)
  HIGHEST GUST SPEED    27   HIGHEST GUST DIRECTION     W (290)
  AVERAGE WIND SPEED     5.4




RELATIVE HUMIDITY (PERCENT)
 HIGHEST   100
 LOWEST     36
 AVERAGE    68

..........................................................




SUNRISE AND SUNSET
DECEMBER  7 2016......SUNRISE   718 AM EST   SUNSET   532 PM EST
DECEMBER  8 2016......SUNRISE   719 AM EST   SUNSET   532 PM EST


-  INDICATES NEGATIVE NUMBERS.
R  INDICATES RECORD WAS SET OR TIED.
MM INDICATES DATA IS MISSING.
T  INDICATES TRACE AMOUNT.




$$
