000
CDUS42 KTAE 010932
CLIVLD


CLIMATE REPORT
NATIONAL WEATHER SERVICE TALLAHASSEE FL
528 AM EDT FRI AUG 1 2014


...................................

...THE VALDOSTA CLIMATE SUMMARY FOR JULY 31 2014...

CLIMATE NORMAL PERIOD 1981 TO 2010
CLIMATE RECORD PERIOD 1948 TO 2014


WEATHER ITEM   OBSERVED TIME   NORMAL DEPARTURE LAST
                VALUE   (LST)  VALUE  FROM      YEAR
                                      NORMAL
......................................................
TEMPERATURE (F)
 YESTERDAY
  MAXIMUM         97    338 PM  92      5       95
  MINIMUM         66    614 AM  71     -5       73
  AVERAGE         82            82      0       84

PRECIPITATION (IN)
  YESTERDAY        0.00          0.21  -0.21     0.09
  MONTH TO DATE    3.84          6.63  -2.79     9.37
  SINCE JUN 1      6.08         12.69  -6.61    13.16
  SINCE JAN 1     29.35         31.69  -2.34    27.70

DEGREE DAYS
 COOLING
  YESTERDAY       17            17      0       19
  MONTH TO DATE  602           508     94      568
  SINCE JUN 1   1164           940    224     1121
  SINCE JAN 1   1767          1352    415     1683
......................................................


WIND (MPH)
  HIGHEST WIND SPEED     7   HIGHEST WIND DIRECTION     W (280)
  HIGHEST GUST SPEED    10   HIGHEST GUST DIRECTION     W (260)
  AVERAGE WIND SPEED     1.4




RELATIVE HUMIDITY (PERCENT)
 HIGHEST    87
 LOWEST     30
 AVERAGE    59

..........................................................




SUNRISE AND SUNSET
AUGUST  1 2014........SUNRISE   651 AM EDT   SUNSET   828 PM EDT
AUGUST  2 2014........SUNRISE   651 AM EDT   SUNSET   827 PM EDT


-  INDICATES NEGATIVE NUMBERS.
R  INDICATES RECORD WAS SET OR TIED.
MM INDICATES DATA IS MISSING.
T  INDICATES TRACE AMOUNT.




$$
