000
CDUS42 KTAE 280637
CLIVLD


CLIMATE REPORT
NATIONAL WEATHER SERVICE TALLAHASSEE FL
135 AM EST FRI NOV 28 2014


...................................

...THE VALDOSTA CLIMATE SUMMARY FOR NOVEMBER 27 2014...

CLIMATE NORMAL PERIOD 1981 TO 2010
CLIMATE RECORD PERIOD 1948 TO 2014


WEATHER ITEM   OBSERVED TIME   NORMAL DEPARTURE LAST
                VALUE   (LST)  VALUE  FROM      YEAR
                                      NORMAL
......................................................
TEMPERATURE (F)
 YESTERDAY
  MAXIMUM         59    217 PM  69    -10       72
  MINIMUM         38   1158 PM  45     -7       36
  AVERAGE         49            57     -8       54

PRECIPITATION (IN)
  YESTERDAY        0.00          0.11  -0.11     0.05
  MONTH TO DATE    4.48          2.25   2.23     3.90
  SINCE SEP 1     12.70         10.09   2.61     7.18
  SINCE JAN 1     48.13         47.12   1.01    41.34

DEGREE DAYS
 HEATING
  YESTERDAY       16             9      7       11
  MONTH TO DATE  284           160    124       98
  SINCE SEP 1    320           203    117      120
  SINCE JUL 1    320           203    117      120
......................................................


WIND (MPH)
  HIGHEST WIND SPEED    12   HIGHEST WIND DIRECTION     N (350)
  HIGHEST GUST SPEED    18   HIGHEST GUST DIRECTION     N (10)
  AVERAGE WIND SPEED     3.0




RELATIVE HUMIDITY (PERCENT)
 HIGHEST    92
 LOWEST     39
 AVERAGE    66

..........................................................




SUNRISE AND SUNSET
NOVEMBER 28 2014......SUNRISE   711 AM EST   SUNSET   531 PM EST
NOVEMBER 29 2014......SUNRISE   711 AM EST   SUNSET   531 PM EST


-  INDICATES NEGATIVE NUMBERS.
R  INDICATES RECORD WAS SET OR TIED.
MM INDICATES DATA IS MISSING.
T  INDICATES TRACE AMOUNT.




$$
