000
CDUS42 KTAE 020632
CLIVLD


CLIMATE REPORT
NATIONAL WEATHER SERVICE TALLAHASSEE FL
231 AM EDT SUN AUG 2 2015


...................................

...THE VALDOSTA CLIMATE SUMMARY FOR AUGUST 1 2015...

CLIMATE NORMAL PERIOD 1981 TO 2010
CLIMATE RECORD PERIOD 1948 TO 2015


WEATHER ITEM   OBSERVED TIME   NORMAL DEPARTURE LAST
                VALUE   (LST)  VALUE  FROM      YEAR
                                      NORMAL
......................................................
TEMPERATURE (F)
 YESTERDAY
  MAXIMUM         91    304 PM  92     -1       98
  MINIMUM         76    642 AM  71      5       71
  AVERAGE         84            82      2       85

PRECIPITATION (IN)
  YESTERDAY        0.74          0.22   0.52     0.79
  MONTH TO DATE    0.74          0.22   0.52     0.79
  SINCE JUN 1     13.94         12.91   1.03     6.87
  SINCE JAN 1     32.50         31.91   0.59    30.14

DEGREE DAYS
 COOLING
  YESTERDAY       19            17      2       20
  MONTH TO DATE   19            17      2       20
  SINCE JUN 1   1067           957    110     1184
  SINCE JAN 1   1714          1369    345     1787
......................................................


WIND (MPH)
  HIGHEST WIND SPEED    15   HIGHEST WIND DIRECTION     S (160)
  HIGHEST GUST SPEED    22   HIGHEST GUST DIRECTION     S (180)
  AVERAGE WIND SPEED     4.6




RELATIVE HUMIDITY (PERCENT)
 HIGHEST   100
 LOWEST     64
 AVERAGE    82

..........................................................




SUNRISE AND SUNSET
AUGUST  2 2015........SUNRISE   651 AM EDT   SUNSET   827 PM EDT
AUGUST  3 2015........SUNRISE   652 AM EDT   SUNSET   826 PM EDT


-  INDICATES NEGATIVE NUMBERS.
R  INDICATES RECORD WAS SET OR TIED.
MM INDICATES DATA IS MISSING.
T  INDICATES TRACE AMOUNT.




$$
