000
CDUS42 KTAE 250632
CLIVLD


CLIMATE REPORT
NATIONAL WEATHER SERVICE TALLAHASSEE FL
131 AM EST SUN JAN 25 2015


...................................

...THE VALDOSTA CLIMATE SUMMARY FOR JANUARY 24 2015...

CLIMATE NORMAL PERIOD 1981 TO 2010
CLIMATE RECORD PERIOD 1948 TO 2015


WEATHER ITEM   OBSERVED TIME   NORMAL DEPARTURE LAST
                VALUE   (LST)  VALUE  FROM      YEAR
                                      NORMAL
......................................................
TEMPERATURE (F)
 YESTERDAY
  MAXIMUM         67    147 AM  62      5       46
  MINIMUM         37   1159 PM  39     -2       32
  AVERAGE         52            50      2       39

PRECIPITATION (IN)
  YESTERDAY        0.07          0.16  -0.09     0.00
  MONTH TO DATE    4.56          3.57   0.99     1.48
  SINCE DEC 1      8.66          6.74   1.92     6.02
  SINCE JAN 1      4.56          3.57   0.99     1.48

DEGREE DAYS
 HEATING
  YESTERDAY       13            15     -2       26
  MONTH TO DATE  301           360    -59      375
  SINCE DEC 1    573           742   -169      573
  SINCE JUL 1    940           973    -33      739
......................................................


WIND (MPH)
  HIGHEST WIND SPEED    12   HIGHEST WIND DIRECTION     W (290)
  HIGHEST GUST SPEED    25   HIGHEST GUST DIRECTION    NW (310)
  AVERAGE WIND SPEED     4.4




RELATIVE HUMIDITY (PERCENT)
 HIGHEST   100
 LOWEST     50
 AVERAGE    75

..........................................................




SUNRISE AND SUNSET
JANUARY 25 2015.......SUNRISE   728 AM EST   SUNSET   603 PM EST
JANUARY 26 2015.......SUNRISE   728 AM EST   SUNSET   604 PM EST


-  INDICATES NEGATIVE NUMBERS.
R  INDICATES RECORD WAS SET OR TIED.
MM INDICATES DATA IS MISSING.
T  INDICATES TRACE AMOUNT.




$$
