000
CDUS42 KTAE 260639
CLIVLD


CLIMATE REPORT
NATIONAL WEATHER SERVICE TALLAHASSEE FL
139 AM EST FRI DEC 26 2014


...................................

...THE VALDOSTA CLIMATE SUMMARY FOR DECEMBER 25 2014...

CLIMATE NORMAL PERIOD 1981 TO 2010
CLIMATE RECORD PERIOD 1948 TO 2014


WEATHER ITEM   OBSERVED TIME   NORMAL DEPARTURE LAST
                VALUE   (LST)  VALUE  FROM      YEAR
                                      NORMAL
......................................................
TEMPERATURE (F)
 YESTERDAY
  MAXIMUM         59    358 PM  63     -4       59
  MINIMUM         40   1159 PM  40      0       35
  AVERAGE         50            52     -2       47

PRECIPITATION (IN)
  YESTERDAY        T             0.08  -0.08     0.00
  MONTH TO DATE    4.10          2.72   1.38     3.41
  SINCE DEC 1      4.10          2.72   1.38     3.41
  SINCE JAN 1     52.23         50.15   2.08    44.75

DEGREE DAYS
 HEATING
  YESTERDAY       15            14      1       18
  MONTH TO DATE  237           297    -60      149
  SINCE DEC 1    237           297    -60      149
  SINCE JUL 1    604           528     76      315
......................................................


WIND (MPH)
  HIGHEST WIND SPEED    10   HIGHEST WIND DIRECTION     N (10)
  HIGHEST GUST SPEED    16   HIGHEST GUST DIRECTION     N (360)
  AVERAGE WIND SPEED     2.9




RELATIVE HUMIDITY (PERCENT)
 HIGHEST    96
 LOWEST     44
 AVERAGE    70

..........................................................




SUNRISE AND SUNSET
DECEMBER 26 2014......SUNRISE   729 AM EST   SUNSET   539 PM EST
DECEMBER 27 2014......SUNRISE   729 AM EST   SUNSET   539 PM EST


-  INDICATES NEGATIVE NUMBERS.
R  INDICATES RECORD WAS SET OR TIED.
MM INDICATES DATA IS MISSING.
T  INDICATES TRACE AMOUNT.




$$
