000
CDUS42 KFFC 030825
CLIVPC


CLIMATE REPORT
NATIONAL WEATHER SERVICE PEACHTREE CITY GA
424 AM EDT FRI JUL 3 2015


...................................

...THE CARTERSVILLE CLIMATE SUMMARY FOR JULY 2 2015...

CLIMATE NORMAL PERIOD 1981 TO 2010
CLIMATE RECORD PERIOD 9999 TO 9999


WEATHER ITEM   OBSERVED TIME   RECORD YEAR NORMAL DEPARTURE LAST
                VALUE   (LST)  VALUE       VALUE  FROM      YEAR
                                                  NORMAL
..................................................................
TEMPERATURE (F)
 YESTERDAY
  MAXIMUM         85    139 PM  MM      MM  89     -4       93
  MINIMUM         65    612 AM  MM      MM  66     -1       70
  AVERAGE         75                        78     -3       82

PRECIPITATION (IN)
  YESTERDAY        0.07         MM      MM   0.19  -0.12     0.00
  MONTH TO DATE    0.71                      0.37   0.34     0.00
  SINCE JUN 1      3.18                      4.21  -1.03     4.24
  SINCE JAN 1     21.28                     26.37  -5.09    25.01

DEGREE DAYS
 COOLING
  YESTERDAY       10                        12     -2       17
  MONTH TO DATE   19                        24     -5       30
  SINCE JUN 1    389                       319     70      372
  SINCE JAN 1    607                       468    139      554
..................................................................


WIND (MPH)
  RESULTANT WIND SPEED   1   RESULTANT WIND DIRECTION  SE (130)
  HIGHEST WIND SPEED    16   HIGHEST WIND DIRECTION     N (20)
  HIGHEST GUST SPEED    20   HIGHEST GUST DIRECTION     N (20)
  AVERAGE WIND SPEED     3.3


SKY COVER
  AVERAGE SKY COVER 0.4


WEATHER CONDITIONS
 THE FOLLOWING WEATHER WAS RECORDED YESTERDAY.
  THUNDERSTORM
  LIGHT RAIN
  FOG
  HAZE


RELATIVE HUMIDITY (PERCENT)
 HIGHEST   100           500 AM
 LOWEST     69          1200 PM
 AVERAGE    85

..........................................................


THE CARTERSVILLE CLIMATE NORMALS FOR TODAY
                         NORMAL    RECORD    YEAR
 MAXIMUM TEMPERATURE (F)   89        MM        MM
 MINIMUM TEMPERATURE (F)   66        MM        MM


SUNRISE AND SUNSET
JULY  3 2015..........SUNRISE   632 AM EDT   SUNSET   855 PM EDT
JULY  4 2015..........SUNRISE   633 AM EDT   SUNSET   855 PM EDT


-  INDICATES NEGATIVE NUMBERS.
R  INDICATES RECORD WAS SET OR TIED.
MM INDICATES DATA IS MISSING.
T  INDICATES TRACE AMOUNT.




$$
