000
CDUS42 KFFC 130931
CLIVPC


CLIMATE REPORT
NATIONAL WEATHER SERVICE PEACHTREE CITY GA
430 AM EST SAT FEB 13 2016


...................................

...THE CARTERSVILLE CLIMATE SUMMARY FOR FEBRUARY 12 2016...

CLIMATE NORMAL PERIOD 1981 TO 2010
CLIMATE RECORD PERIOD 9999 TO 9999


WEATHER ITEM   OBSERVED TIME   RECORD YEAR NORMAL DEPARTURE LAST
                VALUE   (LST)  VALUE       VALUE  FROM      YEAR
                                                  NORMAL
..................................................................
TEMPERATURE (F)
 YESTERDAY
  MAXIMUM         59    414 PM  MM      MM  55      4       46
  MINIMUM         29   1247 AM  MM      MM  33     -4       26
  AVERAGE         44                        44      0       36

PRECIPITATION (IN)
  YESTERDAY        0.00         MM      MM   0.18  -0.18     0.00
  MONTH TO DATE    1.13                      1.96  -0.83     0.92
  SINCE DEC 1     14.74                     10.80   3.94    10.32
  SINCE JAN 1      5.02                      6.56  -1.54     5.95

SNOWFALL (IN)
  YESTERDAY       MM            MM      MM  MM     MM       MM
  MONTH TO DATE    T                        MM     MM        0.0
  SINCE DEC 1      T                        MM     MM        0.0
  SINCE JUL 1      T                        MM     MM        0.0
  SNOW DEPTH      MM

DEGREE DAYS
 HEATING
  YESTERDAY       21                        21      0       29
  MONTH TO DATE  253                       264    -11      280
  SINCE DEC 1   1382                      1696   -314     1637
  SINCE JUL 1   1820                      2305   -485     2356
..................................................................


WIND (MPH)
  RESULTANT WIND SPEED   2   RESULTANT WIND DIRECTION  NE (50)
  HIGHEST WIND SPEED    14   HIGHEST WIND DIRECTION     N (360)
  HIGHEST GUST SPEED    20   HIGHEST GUST DIRECTION    SW (230)
  AVERAGE WIND SPEED     2.7


SKY COVER
  AVERAGE SKY COVER 0.0


WEATHER CONDITIONS
 THE FOLLOWING WEATHER WAS RECORDED YESTERDAY.
  NO SIGNIFICANT WEATHER WAS OBSERVED.


RELATIVE HUMIDITY (PERCENT)
 HIGHEST    92           800 AM
 LOWEST     33           300 PM
 AVERAGE    63

..........................................................


THE CARTERSVILLE CLIMATE NORMALS FOR TODAY
                         NORMAL    RECORD    YEAR
 MAXIMUM TEMPERATURE (F)   55        MM        MM
 MINIMUM TEMPERATURE (F)   33        MM        MM


SUNRISE AND SUNSET
FEBRUARY 13 2016......SUNRISE   727 AM EST   SUNSET   621 PM EST
FEBRUARY 14 2016......SUNRISE   726 AM EST   SUNSET   622 PM EST


-  INDICATES NEGATIVE NUMBERS.
R  INDICATES RECORD WAS SET OR TIED.
MM INDICATES DATA IS MISSING.
T  INDICATES TRACE AMOUNT.




$$
