000
CDUS43 KLOT 240635
CLIVPZ


CLIMATE REPORT
NATIONAL WEATHER SERVICE CHICAGO IL
132 AM CDT SUN SEP 24 2017


...................................

...THE VALPARAISO CLIMATE SUMMARY FOR SEPTEMBER 23 2017...

CLIMATE NORMAL PERIOD 1981 TO 2010
CLIMATE RECORD PERIOD 1998 TO 2017


WEATHER ITEM   OBSERVED TIME   RECORD YEAR NORMAL DEPARTURE LAST
                VALUE   (LST)  VALUE       VALUE  FROM      YEAR
                                                  NORMAL
..................................................................
TEMPERATURE (F)
 YESTERDAY
  MAXIMUM         95R   310 PM  90    2010  72     23       80
  MINIMUM         65    516 AM  39    2012  50     15       65
  AVERAGE         80                        61     19       73

PRECIPITATION (IN)
  YESTERDAY        0.00          0.31 2000   0.10  -0.10     0.00
  MONTH TO DATE    1.39                      2.46  -1.07     0.72
  SINCE SEP 1      1.39                      2.46  -1.07     0.72
  SINCE JAN 1     25.44                     28.00  -2.56    23.56

DEGREE DAYS
 HEATING
  YESTERDAY        0                         6     -6        0
  MONTH TO DATE   46                        64    -18        0
  SINCE SEP 1     46                        64    -18        0
  SINCE JUL 1     52                        81    -29        8

 COOLING
  YESTERDAY       15                         1     14        8
  MONTH TO DATE  116                        58     58      127
  SINCE SEP 1    116                        58     58      127
  SINCE JAN 1    880                       694    186      976
..................................................................


WIND (MPH)
  RESULTANT WIND SPEED   3   RESULTANT WIND DIRECTION   E (90)
  HIGHEST WIND SPEED    10   HIGHEST WIND DIRECTION     E (90)
  HIGHEST GUST SPEED    15   HIGHEST GUST DIRECTION    SE (120)
  AVERAGE WIND SPEED     3.6



WEATHER CONDITIONS
 THE FOLLOWING WEATHER WAS RECORDED YESTERDAY.
  FOG
  HAZE


..........................................................


THE VALPARAISO CLIMATE NORMALS FOR TODAY
                         NORMAL    RECORD    YEAR
 MAXIMUM TEMPERATURE (F)   71        92      2007
 MINIMUM TEMPERATURE (F)   49        36      2012


SUNRISE AND SUNSET
SEPTEMBER 24 2017.....SUNRISE   638 AM CDT   SUNSET   641 PM CDT
SEPTEMBER 25 2017.....SUNRISE   639 AM CDT   SUNSET   640 PM CDT


-  INDICATES NEGATIVE NUMBERS.
R  INDICATES RECORD WAS SET OR TIED.
MM INDICATES DATA IS MISSING.
T  INDICATES TRACE AMOUNT.




$$
