000
CDUS43 KLOT 010637
CLIVPZ


CLIMATE REPORT
NATIONAL WEATHER SERVICE CHICAGO IL
136 AM CDT TUE SEP 1 2015


...................................

...THE VALPARAISO CLIMATE SUMMARY FOR AUGUST 31 2015...

CLIMATE NORMAL PERIOD 1981 TO 2010
CLIMATE RECORD PERIOD 1998 TO 2015


WEATHER ITEM   OBSERVED TIME   RECORD YEAR NORMAL DEPARTURE LAST
                VALUE   (LST)  VALUE       VALUE  FROM      YEAR
                                                  NORMAL
..................................................................
TEMPERATURE (F)
 YESTERDAY
  MAXIMUM         86    354 PM  92    2010  79      7       84
  MINIMUM         61    231 AM  43    2009  58      3       66
  AVERAGE         74                        69      5       75

PRECIPITATION (IN)
  YESTERDAY        0.00          0.54 2003   0.13  -0.13     0.00
  MONTH TO DATE    4.38                      4.31   0.07    10.49
  SINCE JUN 1     14.91                     12.56   2.35    20.43
  SINCE JAN 1     23.70                     25.54  -1.84    29.36

DEGREE DAYS
 HEATING
  YESTERDAY        0                         1     -1        0
  MONTH TO DATE    5                         7     -2       15
  SINCE JUN 1     38                        58    -20       60
  SINCE JUL 1     11                        17     -6       40

 COOLING
  YESTERDAY        9                         4      5       10
  MONTH TO DATE  177                       185     -8      203
  SINCE JUN 1    511                       589    -78      474
  SINCE JAN 1    587                       636    -49      547
..................................................................


WIND (MPH)
  RESULTANT WIND SPEED   1   RESULTANT WIND DIRECTION   E (80)
  HIGHEST WIND SPEED     9   HIGHEST WIND DIRECTION    SW (230)
  HIGHEST GUST SPEED    12   HIGHEST GUST DIRECTION     W (270)
  AVERAGE WIND SPEED     1.9



WEATHER CONDITIONS
 THE FOLLOWING WEATHER WAS RECORDED YESTERDAY.
  FOG
  FOG W/VISIBILITY <= 1/4 MILE


..........................................................


THE VALPARAISO CLIMATE NORMALS FOR TODAY
                         NORMAL    RECORD    YEAR
 MAXIMUM TEMPERATURE (F)   79        95      2011
 MINIMUM TEMPERATURE (F)   58        46      2009


SUNRISE AND SUNSET
SEPTEMBER  1 2015.....SUNRISE   614 AM CDT   SUNSET   721 PM CDT
SEPTEMBER  2 2015.....SUNRISE   615 AM CDT   SUNSET   720 PM CDT


-  INDICATES NEGATIVE NUMBERS.
R  INDICATES RECORD WAS SET OR TIED.
MM INDICATES DATA IS MISSING.
T  INDICATES TRACE AMOUNT.




$$
