000
CDUS43 KLOT 301147
CLIVPZ


CLIMATE REPORT
NATIONAL WEATHER SERVICE CHICAGO IL
646 AM CDT SAT APR 30 2016


...................................

...THE VALPARAISO CLIMATE SUMMARY FOR APRIL 29 2016...

CLIMATE NORMAL PERIOD 1981 TO 2010
CLIMATE RECORD PERIOD 1998 TO 2016


WEATHER ITEM   OBSERVED TIME   RECORD YEAR NORMAL DEPARTURE LAST
                VALUE   (LST)  VALUE       VALUE  FROM      YEAR
                                                  NORMAL
..................................................................
TEMPERATURE (F)
 YESTERDAY
  MAXIMUM         50    323 PM  80    2007  65    -15       62
  MINIMUM         40   1159 PM  32    2008  43     -3       36
  AVERAGE         45                        54     -9       49

PRECIPITATION (IN)
  YESTERDAY        T             0.40 1998   0.16  -0.16     0.00
  MONTH TO DATE    2.10                      3.35  -1.25     2.15
  SINCE MAR 1      5.15                      5.83  -0.68     2.77
  SINCE JAN 1      6.48                      9.00  -2.52     4.38

DEGREE DAYS
 HEATING
  YESTERDAY       20                        11      9       16
  MONTH TO DATE  481                       470     11      425
  SINCE MAR 1   1122                      1315   -193     1388
  SINCE JUL 1   4980                      6047  -1067     6646

 COOLING
  YESTERDAY        0                         0      0        0
  MONTH TO DATE    6                         0      6        0
  SINCE MAR 1      6                         0      6        0
  SINCE JAN 1      6                         0      6        0
..................................................................


WIND (MPH)
  RESULTANT WIND SPEED   6   RESULTANT WIND DIRECTION   N (340)
  HIGHEST WIND SPEED    15   HIGHEST WIND DIRECTION     N (350)
  HIGHEST GUST SPEED    22   HIGHEST GUST DIRECTION     N (10)
  AVERAGE WIND SPEED     6.7



WEATHER CONDITIONS
 THE FOLLOWING WEATHER WAS RECORDED YESTERDAY.
  LIGHT RAIN
  FOG
  HAZE


..........................................................


THE VALPARAISO CLIMATE NORMALS FOR TODAY
                         NORMAL    RECORD    YEAR
 MAXIMUM TEMPERATURE (F)   65        85      2001
 MINIMUM TEMPERATURE (F)   43        30      2008


SUNRISE AND SUNSET
APRIL 30 2016.........SUNRISE   546 AM CDT   SUNSET   745 PM CDT
MAY  1 2016...........SUNRISE   544 AM CDT   SUNSET   746 PM CDT


-  INDICATES NEGATIVE NUMBERS.
R  INDICATES RECORD WAS SET OR TIED.
MM INDICATES DATA IS MISSING.
T  INDICATES TRACE AMOUNT.




$$
