000
CDUS43 KLOT 040649
CLIVPZ


CLIMATE REPORT
NATIONAL WEATHER SERVICE CHICAGO IL
1249 AM CST WED MAR 4 2015


...................................

...THE VALPARAISO CLIMATE SUMMARY FOR MARCH 3 2015...

CLIMATE NORMAL PERIOD 1981 TO 2010
CLIMATE RECORD PERIOD 1998 TO 2015


WEATHER ITEM   OBSERVED TIME   RECORD YEAR NORMAL DEPARTURE LAST
                VALUE   (LST)  VALUE       VALUE  FROM      YEAR
                                                  NORMAL
..................................................................
TEMPERATURE (F)
 YESTERDAY
  MAXIMUM         36    304 PM  73    1974  41     -5       13
  MINIMUM         24    309 AM  -4    2014  25     -1       -4
                                      1943
  AVERAGE         30                        33     -3        5

PRECIPITATION (IN)
  YESTERDAY        0.03          0.65 1976   0.08  -0.05     0.00
  MONTH TO DATE    0.08                      0.24  -0.16     0.06
  SINCE MAR 1      0.08                      0.24  -0.16     0.06
  SINCE JAN 1      1.69                      3.41  -1.72     2.69

DEGREE DAYS
 HEATING
  YESTERDAY       35                        32      3       60
  MONTH TO DATE  127                        97     30      157
  SINCE MAR 1    127                        97     30      157
  SINCE JUL 1   5385                      4829    556     5606

 COOLING
  YESTERDAY        0                         0      0        0
  MONTH TO DATE    0                         0      0        0
  SINCE MAR 1      0                         0      0        0
  SINCE JAN 1      0                         0      0        0
..................................................................


WIND (MPH)
  RESULTANT WIND SPEED   8   RESULTANT WIND DIRECTION  SW (220)
  HIGHEST WIND SPEED    25   HIGHEST WIND DIRECTION     W (250)
  HIGHEST GUST SPEED    31   HIGHEST GUST DIRECTION     W (250)
  AVERAGE WIND SPEED    13.4



WEATHER CONDITIONS
 THE FOLLOWING WEATHER WAS RECORDED YESTERDAY.
  LT FREEZING RAIN
  LIGHT SNOW
  FOG


..........................................................


THE VALPARAISO CLIMATE NORMALS FOR TODAY
                         NORMAL    RECORD    YEAR
 MAXIMUM TEMPERATURE (F)   42        75      1983
 MINIMUM TEMPERATURE (F)   25        -5      2002


SUNRISE AND SUNSET
MARCH  4 2015.........SUNRISE   618 AM CST   SUNSET   542 PM CST
MARCH  5 2015.........SUNRISE   617 AM CST   SUNSET   543 PM CST


-  INDICATES NEGATIVE NUMBERS.
R  INDICATES RECORD WAS SET OR TIED.
MM INDICATES DATA IS MISSING.
T  INDICATES TRACE AMOUNT.




$$
