000
CDUS43 KLOT 050653
CLIVPZ


CLIMATE REPORT
NATIONAL WEATHER SERVICE CHICAGO IL
1252 AM CST MON DEC 5 2016


...................................

...THE VALPARAISO CLIMATE SUMMARY FOR DECEMBER 4 2016...

CLIMATE NORMAL PERIOD 1981 TO 2010
CLIMATE RECORD PERIOD 1998 TO 2016


WEATHER ITEM   OBSERVED TIME   RECORD YEAR NORMAL DEPARTURE LAST
                VALUE   (LST)  VALUE       VALUE  FROM      YEAR
                                                  NORMAL
..................................................................
TEMPERATURE (F)
 YESTERDAY
  MAXIMUM         35   1126 AM  64    2012  39     -4       39
  MINIMUM         30    220 AM   9    2005  25      5       32
  AVERAGE         33                        32      1       36

PRECIPITATION (IN)
  YESTERDAY        0.39          0.56 2012   0.09   0.30     0.00
  MONTH TO DATE    0.39                      0.35   0.04     0.04
  SINCE DEC 1      0.39                      0.35   0.04     0.04
  SINCE JAN 1     31.65                     35.68  -4.03    28.44

DEGREE DAYS
 HEATING
  YESTERDAY       32                        33     -1       29
  MONTH TO DATE  114                       130    -16      118
  SINCE DEC 1    114                       130    -16      118
  SINCE JUL 1    927                      1388   -461     1094

 COOLING
  YESTERDAY        0                         0      0        0
  MONTH TO DATE    0                         0      0        0
  SINCE DEC 1      0                         0      0        0
  SINCE JAN 1   1017                       713    304      738
..................................................................


WIND (MPH)
  RESULTANT WIND SPEED   4   RESULTANT WIND DIRECTION   E (100)
  HIGHEST WIND SPEED    12   HIGHEST WIND DIRECTION     E (100)
  HIGHEST GUST SPEED    14   HIGHEST GUST DIRECTION     E (100)
  AVERAGE WIND SPEED     6.6



WEATHER CONDITIONS
 THE FOLLOWING WEATHER WAS RECORDED YESTERDAY.
  HEAVY SNOW
  SNOW
  LIGHT SNOW
  FOG
  FOG W/VISIBILITY <= 1/4 MILE


..........................................................


THE VALPARAISO CLIMATE NORMALS FOR TODAY
                         NORMAL    RECORD    YEAR
 MAXIMUM TEMPERATURE (F)   38        69      2001
 MINIMUM TEMPERATURE (F)   25         7      2008


SUNRISE AND SUNSET
DECEMBER  5 2016......SUNRISE   659 AM CST   SUNSET   418 PM CST
DECEMBER  6 2016......SUNRISE   700 AM CST   SUNSET   418 PM CST


-  INDICATES NEGATIVE NUMBERS.
R  INDICATES RECORD WAS SET OR TIED.
MM INDICATES DATA IS MISSING.
T  INDICATES TRACE AMOUNT.




$$
