000
CDUS43 KLOT 280635
CLIVPZ


CLIMATE REPORT
NATIONAL WEATHER SERVICE CHICAGO IL
1235 AM CST FRI NOV 28 2014


...................................

...THE VALPARAISO CLIMATE SUMMARY FOR NOVEMBER 27 2014...

CLIMATE NORMAL PERIOD 1981 TO 2010
CLIMATE RECORD PERIOD 1998 TO 2014


WEATHER ITEM   OBSERVED TIME   RECORD YEAR NORMAL DEPARTURE LAST
                VALUE   (LST)  VALUE       VALUE  FROM      YEAR
                                                  NORMAL
..................................................................
TEMPERATURE (F)
 YESTERDAY
  MAXIMUM         29    441 AM  63    1998  42    -13       26
  MINIMUM         19   1128 PM  18    2013  28     -9       18
                                      2002
  AVERAGE         24                        35    -11       22

PRECIPITATION (IN)
  YESTERDAY        T             0.71 2004   0.10  -0.10      T
  MONTH TO DATE    1.86                      3.02  -1.16     2.08
  SINCE SEP 1      8.46                      9.48  -1.02     8.87
  SINCE JAN 1     37.82                     35.02   2.80    34.55

DEGREE DAYS
 HEATING
  YESTERDAY       41                        30     11       43
  MONTH TO DATE  841                       635    206      743
  SINCE SEP 1   1375                      1148    227     1254
  SINCE JUL 1   1415                      1165    250     1282

 COOLING
  YESTERDAY        0                         0      0        0
  MONTH TO DATE    0                         0      0        0
  SINCE SEP 1     64                        77    -13      143
  SINCE JAN 1    611                       713   -102      810
..................................................................


WIND (MPH)
  RESULTANT WIND SPEED   9   RESULTANT WIND DIRECTION   W (290)
  HIGHEST WIND SPEED    17   HIGHEST WIND DIRECTION     W (280)
  HIGHEST GUST SPEED    21   HIGHEST GUST DIRECTION     W (290)
  AVERAGE WIND SPEED     9.7



WEATHER CONDITIONS
 THE FOLLOWING WEATHER WAS RECORDED YESTERDAY.
  LIGHT SNOW
  FOG


..........................................................


THE VALPARAISO CLIMATE NORMALS FOR TODAY
                         NORMAL    RECORD    YEAR
 MAXIMUM TEMPERATURE (F)   42        67      1998
 MINIMUM TEMPERATURE (F)   28        17      2002


SUNRISE AND SUNSET
NOVEMBER 28 2014......SUNRISE   652 AM CST   SUNSET   420 PM CST
NOVEMBER 29 2014......SUNRISE   653 AM CST   SUNSET   420 PM CST


-  INDICATES NEGATIVE NUMBERS.
R  INDICATES RECORD WAS SET OR TIED.
MM INDICATES DATA IS MISSING.
T  INDICATES TRACE AMOUNT.




$$
