000
CDUS41 KBTV 240526
CLIVSF


CLIMATE REPORT
NATIONAL WEATHER SERVICE BURLINGTON VT
123 AM EDT THU AUG 24 2017


...................................

...THE SPRINGFIELD VT CLIMATE SUMMARY FOR AUGUST 23 2017...

CLIMATE NORMAL PERIOD 1981 TO 2010
CLIMATE RECORD PERIOD 9999 TO 9999


WEATHER ITEM   OBSERVED TIME   NORMAL DEPARTURE LAST
                VALUE   (LST)  VALUE  FROM      YEAR
                                      NORMAL
......................................................
TEMPERATURE (F)
 YESTERDAY
  MAXIMUM         76    313 PM  79     -3       78
  MINIMUM         53   1159 PM  55     -2       45
  AVERAGE         65            66     -1       62

PRECIPITATION (IN)
  YESTERDAY        0.00          0.12  -0.12     0.00
  MONTH TO DATE    2.99          2.87   0.12     2.48
  SINCE JUN 1     10.70         11.19  -0.49     8.34
  SINCE JAN 1     28.29         27.46   0.83    18.76

DEGREE DAYS
 HEATING
  YESTERDAY        0             1     -1        3
  MONTH TO DATE    5            23    -18        8
  SINCE JUN 1    122           136    -14       94
  SINCE JUL 1     24            40    -16       22

 COOLING
  YESTERDAY        0             3     -3        0
  MONTH TO DATE   75            85    -10      139
  SINCE JUN 1    286           288     -2      362
  SINCE JAN 1    300           300      0      403
......................................................


WIND (MPH)
  HIGHEST WIND SPEED    20   HIGHEST WIND DIRECTION     W (250)
  HIGHEST GUST SPEED    25   HIGHEST GUST DIRECTION     W (260)
  AVERAGE WIND SPEED     5.7


SKY COVER
  AVERAGE SKY COVER 0.3


WEATHER CONDITIONS
 THE FOLLOWING WEATHER WAS RECORDED YESTERDAY.
  FOG
  HAZE


RELATIVE HUMIDITY (PERCENT)
 HIGHEST   100           400 AM
 LOWEST     38           100 PM
 AVERAGE    69

..........................................................


THE SPRINGFIELD VT CLIMATE NORMALS FOR TODAY
                         NORMAL    RECORD    YEAR
 MAXIMUM TEMPERATURE (F)   78        87      2012
 MINIMUM TEMPERATURE (F)   55        44      2013


SUNRISE AND SUNSET
AUGUST 24 2017........SUNRISE   605 AM EDT   SUNSET   738 PM EDT
AUGUST 25 2017........SUNRISE   607 AM EDT   SUNSET   737 PM EDT


-  INDICATES NEGATIVE NUMBERS.
R  INDICATES RECORD WAS SET OR TIED.
MM INDICATES DATA IS MISSING.
T  INDICATES TRACE AMOUNT.




$$
