000
CDUS41 KBTV 200534
CLIVSF


CLIMATE REPORT
NATIONAL WEATHER SERVICE BURLINGTON VT
132 AM EDT FRI OCT 20 2017


...................................

...THE SPRINGFIELD VT CLIMATE SUMMARY FOR OCTOBER 19 2017...

CLIMATE NORMAL PERIOD 1981 TO 2010
CLIMATE RECORD PERIOD 9999 TO 9999


WEATHER ITEM   OBSERVED TIME   NORMAL DEPARTURE LAST
                VALUE   (LST)  VALUE  FROM      YEAR
                                      NORMAL
......................................................
TEMPERATURE (F)
 YESTERDAY
  MAXIMUM         74    240 PM  57     17       72
  MINIMUM         33    639 AM  35     -2       43
  AVERAGE         54            46      8       58

PRECIPITATION (IN)
  YESTERDAY        0.00          0.15  -0.15      T
  MONTH TO DATE    0.97          2.92  -1.95     0.38
  SINCE SEP 1      3.40          6.68  -3.28     1.44
  SINCE JAN 1     31.69         35.05  -3.36    20.32

DEGREE DAYS
 HEATING
  YESTERDAY       11            19     -8        7
  MONTH TO DATE  177           306   -129      233
  SINCE SEP 1    297           503   -206      374
  SINCE JUL 1    362           558   -196      396

 COOLING
  YESTERDAY        0             0      0        0
  MONTH TO DATE    5             0      5        0
  SINCE SEP 1     86            23     63       44
  SINCE JAN 1    386           344     42      481
......................................................


WIND (MPH)
  HIGHEST WIND SPEED    14   HIGHEST WIND DIRECTION    SE (150)
  HIGHEST GUST SPEED    24   HIGHEST GUST DIRECTION     S (200)
  AVERAGE WIND SPEED     3.0


SKY COVER
  AVERAGE SKY COVER 0.0


WEATHER CONDITIONS
 THE FOLLOWING WEATHER WAS RECORDED YESTERDAY.
  FOG


RELATIVE HUMIDITY (PERCENT)
 HIGHEST   100           400 AM
 LOWEST     32           500 PM
 AVERAGE    66

..........................................................


THE SPRINGFIELD VT CLIMATE NORMALS FOR TODAY
                         NORMAL    RECORD    YEAR
 MAXIMUM TEMPERATURE (F)   57        73      2012
 MINIMUM TEMPERATURE (F)   34        22      2008


SUNRISE AND SUNSET
OCTOBER 20 2017.......SUNRISE   710 AM EDT   SUNSET   559 PM EDT
OCTOBER 21 2017.......SUNRISE   712 AM EDT   SUNSET   557 PM EDT


-  INDICATES NEGATIVE NUMBERS.
R  INDICATES RECORD WAS SET OR TIED.
MM INDICATES DATA IS MISSING.
T  INDICATES TRACE AMOUNT.




$$
