451
CDUS41 KBTV 260643
CLIVSF

CLIMATE REPORT
NATIONAL WEATHER SERVICE BURLINGTON VT
238 AM EDT THU MAY 26 2016

...................................

...THE SPRINGFIELD VT CLIMATE SUMMARY FOR MAY 25 2016...

CLIMATE NORMAL PERIOD 1981 TO 2010
CLIMATE RECORD PERIOD 9999 TO 9999


WEATHER ITEM   OBSERVED TIME   NORMAL DEPARTURE LAST
                VALUE   (LST)  VALUE  FROM      YEAR
                                      NORMAL
......................................................
TEMPERATURE (F)
 YESTERDAY
  MAXIMUM         85    302 PM  70     15       76
  MINIMUM         53    639 AM  45      8       49
  AVERAGE         69            58     11       63

PRECIPITATION (IN)
  YESTERDAY        0.00          0.14  -0.14      T
  MONTH TO DATE    2.04          2.81  -0.77     0.60
  SINCE MAR 1      5.15          9.73  -4.58     3.69
  SINCE JAN 1     10.37         15.34  -4.97     7.84

DEGREE DAYS
 HEATING
  YESTERDAY        0             8     -8        2
  MONTH TO DATE  292           274     18      170
  SINCE MAR 1   1791          1935   -144     2029
  SINCE JUL 1   6447          7380   -933     7581

 COOLING
  YESTERDAY        4             0      4        0
  MONTH TO DATE    4             0      4       15
  SINCE MAR 1      4             2      2       15
  SINCE JAN 1      4             2      2       15
......................................................


WIND (MPH)
  HIGHEST WIND SPEED    18   HIGHEST WIND DIRECTION     W (250)
  HIGHEST GUST SPEED    25   HIGHEST GUST DIRECTION     W (270)
  AVERAGE WIND SPEED     3.7


SKY COVER
  AVERAGE SKY COVER  MM


WEATHER CONDITIONS
 THE FOLLOWING WEATHER WAS RECORDED YESTERDAY.
  FOG W/VISIBILITY <= 1/4 MILE


RELATIVE HUMIDITY (PERCENT)
 HIGHEST    MM
 LOWEST     MM
 AVERAGE    MM

..........................................................


THE SPRINGFIELD VT CLIMATE NORMALS FOR TODAY
                         NORMAL    RECORD    YEAR
 MAXIMUM TEMPERATURE (F)   70        94      2010
 MINIMUM TEMPERATURE (F)   46        33      2009


SUNRISE AND SUNSET
MAY 26 2016...........SUNRISE   516 AM EDT   SUNSET   819 PM EDT
MAY 27 2016...........SUNRISE   515 AM EDT   SUNSET   820 PM EDT


-  INDICATES NEGATIVE NUMBERS.
R  INDICATES RECORD WAS SET OR TIED.
MM INDICATES DATA IS MISSING.
T  INDICATES TRACE AMOUNT.

$$
