000
CDUS41 KBTV 010524
CLIVSF


CLIMATE REPORT
NATIONAL WEATHER SERVICE BURLINGTON VT
123 AM EDT SAT OCT 1 2016


...................................

...THE SPRINGFIELD VT CLIMATE SUMMARY FOR SEPTEMBER 30 2016...

CLIMATE NORMAL PERIOD 1981 TO 2010
CLIMATE RECORD PERIOD 9999 TO 9999


WEATHER ITEM   OBSERVED TIME   NORMAL DEPARTURE LAST
                VALUE   (LST)  VALUE  FROM      YEAR
                                      NORMAL
......................................................
TEMPERATURE (F)
 YESTERDAY
  MAXIMUM         63    158 PM  65     -2       68
  MINIMUM         41    611 AM  41      0       49
  AVERAGE         52            53     -1       59

PRECIPITATION (IN)
  YESTERDAY        T             0.16  -0.16     2.47
  MONTH TO DATE    1.06          3.76  -2.70     6.45
  SINCE SEP 1      1.06          3.76  -2.70     6.45
  SINCE JAN 1     19.94         32.13 -12.19    24.95

DEGREE DAYS
 HEATING
  YESTERDAY       13            12      1        6
  MONTH TO DATE  141           197    -56      106
  SINCE SEP 1    141           197    -56      106
  SINCE JUL 1    163           252    -89      129

 COOLING
  YESTERDAY        0             0      0        0
  MONTH TO DATE   44            23     21       71
  SINCE SEP 1     44            23     21       71
  SINCE JAN 1    481           344    137      460
......................................................


WIND (MPH)
  HIGHEST WIND SPEED    13   HIGHEST WIND DIRECTION     E (70)
  HIGHEST GUST SPEED    18   HIGHEST GUST DIRECTION    NE (60)
  AVERAGE WIND SPEED     2.8


SKY COVER
  AVERAGE SKY COVER 0.2


WEATHER CONDITIONS
 THE FOLLOWING WEATHER WAS RECORDED YESTERDAY.
  LIGHT RAIN
  FOG


RELATIVE HUMIDITY (PERCENT)
 HIGHEST    96          1200 AM
 LOWEST     42           100 PM
 AVERAGE    69

..........................................................


THE SPRINGFIELD VT CLIMATE NORMALS FOR TODAY
                         NORMAL    RECORD    YEAR
 MAXIMUM TEMPERATURE (F)   64        82      2002
 MINIMUM TEMPERATURE (F)   41        32      2000


SUNRISE AND SUNSET
OCTOBER  1 2016.......SUNRISE   648 AM EDT   SUNSET   630 PM EDT
OCTOBER  2 2016.......SUNRISE   649 AM EDT   SUNSET   629 PM EDT


-  INDICATES NEGATIVE NUMBERS.
R  INDICATES RECORD WAS SET OR TIED.
MM INDICATES DATA IS MISSING.
T  INDICATES TRACE AMOUNT.




$$
