000
CDUS41 KBTV 140523
CLIVSF


CLIMATE REPORT
NATIONAL WEATHER SERVICE BURLINGTON VT
121 AM EDT MON JUL 14 2014


...................................

...THE SPRINGFIELD VT CLIMATE SUMMARY FOR JULY 13 2014...

CLIMATE NORMAL PERIOD 1981 TO 2010
CLIMATE RECORD PERIOD 9999 TO 9999


WEATHER ITEM   OBSERVED TIME   NORMAL DEPARTURE LAST
                VALUE   (LST)  VALUE  FROM      YEAR
                                      NORMAL
......................................................
TEMPERATURE (F)
 YESTERDAY
  MAXIMUM         83   1240 PM  81      2       78
  MINIMUM         61    511 AM  57      4       58
  AVERAGE         72            69      3       68

PRECIPITATION (IN)
  YESTERDAY        0.15          0.15   0.00      T
  MONTH TO DATE    1.60          1.76  -0.16     2.57
  SINCE JUN 1      5.78          5.65   0.13     8.97
  SINCE JAN 1     19.31         21.92  -2.61    20.68

DEGREE DAYS
 COOLING
  YESTERDAY        7             5      2        3
  MONTH TO DATE   66            58      8      130
  SINCE JUN 1    125           122      3      219
  SINCE JAN 1    130           134     -4      243
......................................................


WIND (MPH)
  HIGHEST WIND SPEED    21   HIGHEST WIND DIRECTION     S (170)
  HIGHEST GUST SPEED    27   HIGHEST GUST DIRECTION     S (170)
  AVERAGE WIND SPEED     4.3


SKY COVER
  AVERAGE SKY COVER 0.5


WEATHER CONDITIONS
 THE FOLLOWING WEATHER WAS RECORDED YESTERDAY.
  LIGHT RAIN
  FOG


RELATIVE HUMIDITY (PERCENT)
 HIGHEST    93          1200 AM
 LOWEST     63           100 PM
 AVERAGE    78

..........................................................


THE SPRINGFIELD VT CLIMATE NORMALS FOR TODAY
                         NORMAL    RECORD    YEAR
 MAXIMUM TEMPERATURE (F)   81        MM        MM
 MINIMUM TEMPERATURE (F)   57        MM        MM


SUNRISE AND SUNSET
JULY 14 2014..........SUNRISE   523 AM EDT   SUNSET   829 PM EDT
JULY 15 2014..........SUNRISE   523 AM EDT   SUNSET   828 PM EDT


-  INDICATES NEGATIVE NUMBERS.
R  INDICATES RECORD WAS SET OR TIED.
MM INDICATES DATA IS MISSING.
T  INDICATES TRACE AMOUNT.




$$
