087
CDUS41 KBTV 230520
CLIVSF


CLIMATE REPORT
NATIONAL WEATHER SERVICE BURLINGTON VT
118 AM EDT SUN APR 23 2017


...................................

...THE SPRINGFIELD VT CLIMATE SUMMARY FOR APRIL 22 2017...

CLIMATE NORMAL PERIOD 1981 TO 2010
CLIMATE RECORD PERIOD 9999 TO 9999


WEATHER ITEM   OBSERVED TIME   NORMAL DEPARTURE LAST
                VALUE   (LST)  VALUE  FROM      YEAR
                                      NORMAL
......................................................
TEMPERATURE (F)
 YESTERDAY
  MAXIMUM         47    434 PM  59    -12       73
  MINIMUM         37   1159 PM  35      2       48
  AVERAGE         42            47     -5       61

PRECIPITATION (IN)
  YESTERDAY        0.04          0.09  -0.05      T
  MONTH TO DATE    3.39          2.80   0.59     1.17
  SINCE MAR 1      6.28          6.10   0.18     2.85
  SINCE JAN 1      9.83         11.71  -1.88     8.07

DEGREE DAYS
 HEATING
  YESTERDAY       23            18      5        4
  MONTH TO DATE  402           496    -94      520
  SINCE MAR 1   1525          1531     -6     1333
  SINCE JUL 1   6402          6976   -574     5989

 COOLING
  YESTERDAY        0             0      0        0
  MONTH TO DATE    0             0      0        0
  SINCE MAR 1      0             0      0        0
  SINCE JAN 1      0             0      0        0
......................................................


WIND (MPH)
  HIGHEST WIND SPEED     6   HIGHEST WIND DIRECTION     N (360)
  HIGHEST GUST SPEED    10   HIGHEST GUST DIRECTION     N (10)
  AVERAGE WIND SPEED     0.8


SKY COVER
  AVERAGE SKY COVER 1.0


WEATHER CONDITIONS
 THE FOLLOWING WEATHER WAS RECORDED YESTERDAY.
  RAIN
  LIGHT RAIN
  FOG


RELATIVE HUMIDITY (PERCENT)
 HIGHEST    93           100 AM
 LOWEST     79          1100 PM
 AVERAGE    86

..........................................................


THE SPRINGFIELD VT CLIMATE NORMALS FOR TODAY
                         NORMAL    RECORD    YEAR
 MAXIMUM TEMPERATURE (F)   60        83      2007
 MINIMUM TEMPERATURE (F)   36        27      2013


SUNRISE AND SUNSET
APRIL 23 2017.........SUNRISE   555 AM EDT   SUNSET   743 PM EDT
APRIL 24 2017.........SUNRISE   553 AM EDT   SUNSET   744 PM EDT


-  INDICATES NEGATIVE NUMBERS.
R  INDICATES RECORD WAS SET OR TIED.
MM INDICATES DATA IS MISSING.
T  INDICATES TRACE AMOUNT.




$$
