000
CDUS41 KBTV 130607
CLIVSF

CLIMATE REPORT
NATIONAL WEATHER SERVICE BURLINGTON VT
1258 AM EST WED DEC 13 2017

...................................

...THE SPRINGFIELD VT CLIMATE SUMMARY FOR DECEMBER 12 2017...

CLIMATE NORMAL PERIOD 1981 TO 2010
CLIMATE RECORD PERIOD 9999 TO 9999


WEATHER ITEM   OBSERVED TIME   NORMAL DEPARTURE LAST
                VALUE   (LST)  VALUE  FROM      YEAR
                                      NORMAL
......................................................
TEMPERATURE (F)
 YESTERDAY
  MAXIMUM         31    924 PM  35     -4       37
  MINIMUM         23    500 AM  18      5       24
  AVERAGE         27            27      0       31

PRECIPITATION (IN)
  YESTERDAY        0.71          0.11   0.60     0.35
  MONTH TO DATE    1.80          1.37   0.43     1.07
  SINCE DEC 1      1.80          1.37   0.43     1.07
  SINCE JAN 1     39.15         41.95  -2.80    26.03

DEGREE DAYS
 HEATING
  YESTERDAY       38            38      0       34
  MONTH TO DATE  402           432    -30      431
  SINCE DEC 1    402           432    -30      431
  SINCE JUL 1   1794          2075   -281     1887

 COOLING
  YESTERDAY        0             0      0        0
  MONTH TO DATE    0             0      0        0
  SINCE DEC 1      0             0      0        0
  SINCE JAN 1    386           345     41      481
......................................................


WIND (MPH)
  HIGHEST WIND SPEED    16   HIGHEST WIND DIRECTION     W (260)
  HIGHEST GUST SPEED    24   HIGHEST GUST DIRECTION     W (250)
  AVERAGE WIND SPEED     1.4


SKY COVER
  AVERAGE SKY COVER 1.0


WEATHER CONDITIONS
 THE FOLLOWING WEATHER WAS RECORDED YESTERDAY.
  HEAVY SNOW
  SNOW
  LIGHT SNOW
  FOG
  FOG W/VISIBILITY <= 1/4 MILE


RELATIVE HUMIDITY (PERCENT)
 HIGHEST   100           700 AM
 LOWEST     72          1000 PM
 AVERAGE    86

..........................................................


THE SPRINGFIELD VT CLIMATE NORMALS FOR TODAY
                         NORMAL    RECORD    YEAR
 MAXIMUM TEMPERATURE (F)   35        49      2010
 MINIMUM TEMPERATURE (F)   18        -1      2005


SUNRISE AND SUNSET
DECEMBER 13 2017......SUNRISE   714 AM EST   SUNSET   415 PM EST
DECEMBER 14 2017......SUNRISE   715 AM EST   SUNSET   415 PM EST


-  INDICATES NEGATIVE NUMBERS.
R  INDICATES RECORD WAS SET OR TIED.
MM INDICATES DATA IS MISSING.
T  INDICATES TRACE AMOUNT.

$$
