000
CDUS41 KBTV 280527
CLIVSF


CLIMATE REPORT
NATIONAL WEATHER SERVICE BURLINGTON VT
125 AM EDT SUN AUG 28 2016


...................................

...THE SPRINGFIELD VT CLIMATE SUMMARY FOR AUGUST 27 2016...

CLIMATE NORMAL PERIOD 1981 TO 2010
CLIMATE RECORD PERIOD 9999 TO 9999


WEATHER ITEM   OBSERVED TIME   NORMAL DEPARTURE LAST
                VALUE   (LST)  VALUE  FROM      YEAR
                                      NORMAL
......................................................
TEMPERATURE (F)
 YESTERDAY
  MAXIMUM         84    246 PM  78      6       76
  MINIMUM         57    557 AM  54      3       53
  AVERAGE         71            66      5       65

PRECIPITATION (IN)
  YESTERDAY        0.00          0.12  -0.12     0.00
  MONTH TO DATE    2.60          3.37  -0.77     3.52
  SINCE JUN 1      8.46         11.69  -3.23    10.00
  SINCE JAN 1     18.88         27.96  -9.08    18.50

DEGREE DAYS
 HEATING
  YESTERDAY        0             2     -2        0
  MONTH TO DATE    8            30    -22        5
  SINCE JUN 1     94           143    -49      128
  SINCE JUL 1     22            47    -25       21

 COOLING
  YESTERDAY        6             3      3        0
  MONTH TO DATE  161            97     64      145
  SINCE JUN 1    384           300     84      330
  SINCE JAN 1    425           312    113      379
......................................................


WIND (MPH)
  HIGHEST WIND SPEED     8   HIGHEST WIND DIRECTION    NE (60)
  HIGHEST GUST SPEED    11   HIGHEST GUST DIRECTION    NE (60)
  AVERAGE WIND SPEED     1.6


SKY COVER
  AVERAGE SKY COVER 0.4


WEATHER CONDITIONS
 THE FOLLOWING WEATHER WAS RECORDED YESTERDAY.
  FOG
  FOG W/VISIBILITY <= 1/4 MILE


RELATIVE HUMIDITY (PERCENT)
 HIGHEST   100           400 AM
 LOWEST     44           200 PM
 AVERAGE    72

..........................................................


THE SPRINGFIELD VT CLIMATE NORMALS FOR TODAY
                         NORMAL    RECORD    YEAR
 MAXIMUM TEMPERATURE (F)   77        88      2004
 MINIMUM TEMPERATURE (F)   54        46      2010


SUNRISE AND SUNSET
AUGUST 28 2016........SUNRISE   610 AM EDT   SUNSET   731 PM EDT
AUGUST 29 2016........SUNRISE   611 AM EDT   SUNSET   730 PM EDT


-  INDICATES NEGATIVE NUMBERS.
R  INDICATES RECORD WAS SET OR TIED.
MM INDICATES DATA IS MISSING.
T  INDICATES TRACE AMOUNT.




$$
