000
CDUS41 KBTV 240537
CLIVSF


CLIMATE REPORT
NATIONAL WEATHER SERVICE BURLINGTON VT
136 AM EDT SUN JUL 24 2016


...................................

...THE SPRINGFIELD VT CLIMATE SUMMARY FOR JULY 23 2016...

CLIMATE NORMAL PERIOD 1981 TO 2010
CLIMATE RECORD PERIOD 9999 TO 9999


WEATHER ITEM   OBSERVED TIME   NORMAL DEPARTURE LAST
                VALUE   (LST)  VALUE  FROM      YEAR
                                      NORMAL
......................................................
TEMPERATURE (F)
 YESTERDAY
  MAXIMUM         89    124 PM  81      8       78
  MINIMUM         58   1131 PM  57      1       55
  AVERAGE         74            69      5       67

PRECIPITATION (IN)
  YESTERDAY        0.59          0.16   0.43     0.01
  MONTH TO DATE    3.17          3.31  -0.14     1.02
  SINCE JUN 1      5.45          7.20  -1.75     6.22
  SINCE JAN 1     15.87         23.47  -7.60    14.72

DEGREE DAYS
 HEATING
  YESTERDAY        0             0      0        0
  MONTH TO DATE   14             9      5       16
  SINCE JUN 1     86           105    -19      123
  SINCE JUL 1     14             9      5       16

 COOLING
  YESTERDAY        9             5      4        2
  MONTH TO DATE  113           108      5       79
  SINCE JUN 1    170           172     -2      122
  SINCE JAN 1    211           184     27      171
......................................................


WIND (MPH)
  HIGHEST WIND SPEED    24   HIGHEST WIND DIRECTION    NW (300)
  HIGHEST GUST SPEED    37   HIGHEST GUST DIRECTION     W (290)
  AVERAGE WIND SPEED     4.3


SKY COVER
  AVERAGE SKY COVER 0.1


WEATHER CONDITIONS
 THE FOLLOWING WEATHER WAS RECORDED YESTERDAY.
  HEAVY RAIN
  LIGHT RAIN
  FOG


RELATIVE HUMIDITY (PERCENT)
 HIGHEST    93           500 AM
 LOWEST     36          1200 PM
 AVERAGE    65

..........................................................


THE SPRINGFIELD VT CLIMATE NORMALS FOR TODAY
                         NORMAL    RECORD    YEAR
 MAXIMUM TEMPERATURE (F)   81        92      2001
 MINIMUM TEMPERATURE (F)   57        49      1997


SUNRISE AND SUNSET
JULY 24 2016..........SUNRISE   532 AM EDT   SUNSET   820 PM EDT
JULY 25 2016..........SUNRISE   533 AM EDT   SUNSET   819 PM EDT


-  INDICATES NEGATIVE NUMBERS.
R  INDICATES RECORD WAS SET OR TIED.
MM INDICATES DATA IS MISSING.
T  INDICATES TRACE AMOUNT.




$$
