000
CDUS43 KLBF 061026
CLIVTN


CLIMATE REPORT
NATIONAL WEATHER SERVICE NORTH PLATTE
425 AM CST SAT FEB 6 2016


...................................

...THE VALENTINE NE CLIMATE SUMMARY FOR FEBRUARY 5 2016...

CLIMATE NORMAL PERIOD 1981 TO 2010
CLIMATE RECORD PERIOD 1885 TO 2016


WEATHER ITEM   OBSERVED TIME   RECORD YEAR NORMAL DEPARTURE LAST
                VALUE   (LST)  VALUE       VALUE  FROM      YEAR
                                                  NORMAL
..................................................................
TEMPERATURE (F)
 YESTERDAY
  MAXIMUM         35    432 PM  68    1963  38     -3       45
  MINIMUM         20   1047 PM -31    1899  12      8       10
  AVERAGE         28                        25      3       28

PRECIPITATION (IN)
  YESTERDAY        T             0.40 1911   0.01  -0.01     0.00
  MONTH TO DATE    0.05                      0.06  -0.01     0.16
  SINCE DEC 1      1.61                      0.69   0.92     1.37
  SINCE JAN 1      0.57                      0.32   0.25     0.47

SNOWFALL (IN)
  YESTERDAY        T             4.0  1911   0.2   -0.2      0.0
  MONTH TO DATE    1.0                       0.8    0.2      1.5
  SINCE DEC 1     21.1                       9.7   11.4     13.7
  SINCE JUL 1     31.2                      17.3   13.9     20.1
  SNOW DEPTH       1

DEGREE DAYS
 HEATING
  YESTERDAY       37                        40     -3       37
  MONTH TO DATE  199                       200     -1      241
  SINCE DEC 1   2736                      2760    -24     2674
  SINCE JUL 1   4029                      4378   -349     4278

 COOLING
  YESTERDAY        0                         0      0        0
  MONTH TO DATE    0                         0      0        0
  SINCE DEC 1      0                         0      0        0
  SINCE JAN 1      0                         0      0        0
..................................................................


WIND (MPH)
  HIGHEST WIND SPEED    24   HIGHEST WIND DIRECTION    NW (320)
  HIGHEST GUST SPEED    31   HIGHEST GUST DIRECTION    NW (320)
  AVERAGE WIND SPEED     9.7


SKY COVER
  POSSIBLE SUNSHINE  MM
  AVERAGE SKY COVER 0.7


WEATHER CONDITIONS
 THE FOLLOWING WEATHER WAS RECORDED YESTERDAY.
  NO SIGNIFICANT WEATHER WAS OBSERVED.


RELATIVE HUMIDITY (PERCENT)
 HIGHEST    92           900 PM
 LOWEST     69          1000 AM
 AVERAGE    81

..........................................................


THE VALENTINE NE CLIMATE NORMALS FOR TODAY
                         NORMAL    RECORD    YEAR
 MAXIMUM TEMPERATURE (F)   38        64      2015
                                             2009
 MINIMUM TEMPERATURE (F)   13       -32      1936
                                             1905


SUNRISE AND SUNSET
FEBRUARY  6 2016......SUNRISE   752 AM CST   SUNSET   601 PM CST
FEBRUARY  7 2016......SUNRISE   751 AM CST   SUNSET   603 PM CST


-  INDICATES NEGATIVE NUMBERS.
R  INDICATES RECORD WAS SET OR TIED.
MM INDICATES DATA IS MISSING.
T  INDICATES TRACE AMOUNT.

$$
