000
CDUS43 KLBF 302218
CLIVTN

CLIMATE REPORT
NATIONAL WEATHER SERVICE NORTH PLATTE
516 PM CDT SAT MAY 30 2015


...................................

...THE VALENTINE NE CLIMATE SUMMARY FOR MAY 30 2015...
VALID TODAY AS OF 0500 PM LOCAL TIME.

CLIMATE NORMAL PERIOD 1981 TO 2010
CLIMATE RECORD PERIOD 1885 TO 2015


WEATHER ITEM   OBSERVED TIME   RECORD YEAR NORMAL DEPARTURE LAST
                VALUE   (LST)  VALUE       VALUE  FROM      YEAR
                                                  NORMAL
..................................................................
TEMPERATURE (F)
 TODAY
  MAXIMUM         63    411 PM  98    1934  75    -12       92
  MINIMUM         34    448 AM  32    1947  49    -15       60
  AVERAGE         49                        62    -13       76

PRECIPITATION (IN)
  TODAY            0.00          1.39 1938   0.12  -0.12     0.68
  MONTH TO DATE    7.10                      3.00   4.10     2.58
  SINCE MAR 1      8.75                      6.29   2.46     6.12
  SINCE JAN 1      9.37                      7.03   2.34     6.78

SNOWFALL (IN)
  TODAY            0.0           0.0    MM   0.0    0.0      0.0
  MONTH TO DATE    0.0                       0.1   -0.1      1.0
  SINCE MAR 1      0.8                      11.2  -10.4      9.3
  SINCE JUL 1     22.5                      33.3  -10.8     35.8
  SNOW DEPTH       0

DEGREE DAYS
 HEATING
  TODAY           16                         5     11        0
  MONTH TO DATE  304                       257     47      271
  SINCE MAR 1   1439                      1704   -265     1766
  SINCE JUL 1   6565                      6940   -375     7244

 COOLING
  TODAY            0                         2     -2       11
  MONTH TO DATE    4                        29    -25       55
  SINCE MAR 1      6                        33    -27       55
  SINCE JAN 1      6                        33    -27       55
..................................................................


WIND (MPH)
  HIGHEST WIND SPEED    14   HIGHEST WIND DIRECTION     E (90)
  HIGHEST GUST SPEED    19   HIGHEST GUST DIRECTION    NE (50)
  AVERAGE WIND SPEED     7.4


SKY COVER
  POSSIBLE SUNSHINE  MM
  AVERAGE SKY COVER 0.2


WEATHER CONDITIONS
 THE FOLLOWING WEATHER WAS RECORDED TODAY.
  NO SIGNIFICANT WEATHER WAS OBSERVED.


RELATIVE HUMIDITY (PERCENT)
 HIGHEST    92           400 AM
 LOWEST     32           400 PM
 AVERAGE    62

..........................................................


THE VALENTINE NE CLIMATE NORMALS FOR TOMORROW
                         NORMAL    RECORD    YEAR
 MAXIMUM TEMPERATURE (F)   75        95      1984
 MINIMUM TEMPERATURE (F)   49        31      1964


SUNRISE AND SUNSET
MAY 30 2015...........SUNRISE   607 AM CDT   SUNSET   912 PM CDT
MAY 31 2015...........SUNRISE   607 AM CDT   SUNSET   913 PM CDT


-  INDICATES NEGATIVE NUMBERS.
R  INDICATES RECORD WAS SET OR TIED.
MM INDICATES DATA IS MISSING.
T  INDICATES TRACE AMOUNT.

$$
