000
CDUS43 KLBF 300921
CLIVTN


CLIMATE REPORT
NATIONAL WEATHER SERVICE NORTH PLATTE
420 AM CDT THU MAR 30 2017


...................................

...THE VALENTINE NE CLIMATE SUMMARY FOR MARCH 29 2017...

CLIMATE NORMAL PERIOD 1981 TO 2010
CLIMATE RECORD PERIOD 1885 TO 2017


WEATHER ITEM   OBSERVED TIME   RECORD YEAR NORMAL DEPARTURE LAST
                VALUE   (LST)  VALUE       VALUE  FROM      YEAR
                                                  NORMAL
..................................................................
TEMPERATURE (F)
 YESTERDAY
  MAXIMUM         53    109 PM  87    1943  54     -1       61
  MINIMUM         39    820 PM   5    1969  27     12       44
  AVERAGE         46                        40      6       53

PRECIPITATION (IN)
  YESTERDAY        0.05          0.92 2007   0.04   0.01     0.06
  MONTH TO DATE    0.72                      0.97  -0.25     0.58
  SINCE MAR 1      0.72                      0.97  -0.25     0.58
  SINCE JAN 1      2.79                      1.71   1.08     1.26

SNOWFALL (IN)
  YESTERDAY        0.0           5.5  1934   0.2   -0.2      0.0
  MONTH TO DATE    2.0                       6.1   -4.1      5.5
  SINCE MAR 1      2.0                       6.1   -4.1      5.5
  SINCE JUL 1     43.8                      28.2   15.6     36.7
  SNOW DEPTH       0

DEGREE DAYS
 HEATING
  YESTERDAY       19                        25     -6       12
  MONTH TO DATE  714                       844   -130      661
  SINCE MAR 1    714                       844   -130      661
  SINCE JUL 1   5473                      6080   -607     5347

 COOLING
  YESTERDAY        0                         0      0        0
  MONTH TO DATE    0                         0      0        0
  SINCE MAR 1      0                         0      0        0
  SINCE JAN 1      0                         0      0        0
..................................................................


WIND (MPH)
  HIGHEST WIND SPEED    18   HIGHEST WIND DIRECTION    NE (60)
  HIGHEST GUST SPEED    22   HIGHEST GUST DIRECTION     E (80)
  AVERAGE WIND SPEED     8.6


SKY COVER
  POSSIBLE SUNSHINE  MM
  AVERAGE SKY COVER 0.8


WEATHER CONDITIONS
 THE FOLLOWING WEATHER WAS RECORDED YESTERDAY.
  LIGHT RAIN
  FOG


RELATIVE HUMIDITY (PERCENT)
 HIGHEST    93           700 AM
 LOWEST     56           500 PM
 AVERAGE    75

..........................................................


THE VALENTINE NE CLIMATE NORMALS FOR TODAY
                         NORMAL    RECORD    YEAR
 MAXIMUM TEMPERATURE (F)   54        85      1978
 MINIMUM TEMPERATURE (F)   27         0      1975


SUNRISE AND SUNSET
MARCH 30 2017.........SUNRISE   727 AM CDT   SUNSET   806 PM CDT
MARCH 31 2017.........SUNRISE   726 AM CDT   SUNSET   808 PM CDT


-  INDICATES NEGATIVE NUMBERS.
R  INDICATES RECORD WAS SET OR TIED.
MM INDICATES DATA IS MISSING.
T  INDICATES TRACE AMOUNT.




$$
