000
CDUS43 KLBF 240937 RRA
CLIVTN

CLIMATE REPORT
NATIONAL WEATHER SERVICE NORTH PLATTE
435 AM CDT THU AUG 24 2017


...................................

...THE VALENTINE NE CLIMATE SUMMARY FOR AUGUST 23 2017...

CLIMATE NORMAL PERIOD 1981 TO 2010
CLIMATE RECORD PERIOD 1885 TO 2017


WEATHER ITEM   OBSERVED TIME   RECORD YEAR NORMAL DEPARTURE LAST
                VALUE   (LST)  VALUE       VALUE  FROM      YEAR
                                                  NORMAL
..................................................................
TEMPERATURE (F)
 YESTERDAY
  MAXIMUM         91    518 PM 103    2006  86      5       87
                                      2003
  MINIMUM         58    604 AM  39    1891  57      1       54
  AVERAGE         75                        72      3       71

PRECIPITATION (IN)
  YESTERDAY        0.00          0.76 1906   0.06  -0.06     0.00
  MONTH TO DATE    2.10                      1.77   0.33     0.72
  SINCE JUN 1      3.36                      8.54  -5.18     7.99
  SINCE JAN 1     12.96                     15.70  -2.74    21.31

SNOWFALL (IN)
  YESTERDAY        0.0           0.0    MM   0.0    0.0      0.0
  MONTH TO DATE    0.0                       0.0    0.0      0.0
  SINCE JUN 1      0.0                       0.0    0.0      0.0
  SINCE JUL 1      0.0                       0.0    0.0      0.0
  SNOW DEPTH       0

DEGREE DAYS
 HEATING
  YESTERDAY        0                         1     -1        0
  MONTH TO DATE    7                         4      3        6
  SINCE JUN 1     23                        73    -50       22
  SINCE JUL 1      7                        12     -5       11

 COOLING
  YESTERDAY       10                         7      3        6
  MONTH TO DATE  132                       207    -75      204
  SINCE JUN 1    840                       648    192      735
  SINCE JAN 1    863                       682    181      753
..................................................................


WIND (MPH)
  HIGHEST WIND SPEED    28   HIGHEST WIND DIRECTION    SW (210)
  HIGHEST GUST SPEED    34   HIGHEST GUST DIRECTION    SW (210)
  AVERAGE WIND SPEED    12.3


SKY COVER
  POSSIBLE SUNSHINE  MM
  AVERAGE SKY COVER 0.1


WEATHER CONDITIONS
 THE FOLLOWING WEATHER WAS RECORDED YESTERDAY.
  NO SIGNIFICANT WEATHER WAS OBSERVED.


RELATIVE HUMIDITY (PERCENT)
 HIGHEST    77           600 AM
 LOWEST     32           500 PM
 AVERAGE    55

..........................................................


THE VALENTINE NE CLIMATE NORMALS FOR TODAY
                         NORMAL    RECORD    YEAR
 MAXIMUM TEMPERATURE (F)   86       107      1936
 MINIMUM TEMPERATURE (F)   57        38      2015


SUNRISE AND SUNSET
AUGUST 24 2017........SUNRISE   658 AM CDT   SUNSET   830 PM CDT
AUGUST 25 2017........SUNRISE   700 AM CDT   SUNSET   828 PM CDT


-  INDICATES NEGATIVE NUMBERS.
R  INDICATES RECORD WAS SET OR TIED.
MM INDICATES DATA IS MISSING.
T  INDICATES TRACE AMOUNT.




$$
