000
CDUS43 KLBF 292334
CLIVTN

CLIMATE REPORT
NATIONAL WEATHER SERVICE NORTH PLATTE
633 PM CDT FRI AUG 29 2014


...................................

...THE VALENTINE NE CLIMATE SUMMARY FOR AUGUST 29 2014...
VALID TODAY AS OF 0500 PM LOCAL TIME.

CLIMATE NORMAL PERIOD 1981 TO 2010
CLIMATE RECORD PERIOD 1885 TO 2014


WEATHER ITEM   OBSERVED TIME   RECORD YEAR NORMAL DEPARTURE LAST
                VALUE   (LST)  VALUE       VALUE  FROM      YEAR
                                                  NORMAL
..................................................................
TEMPERATURE (F)
 TODAY
  MAXIMUM         84    238 PM 108    2012  85     -1      102
  MINIMUM         56    645 AM  39    1988  55      1       60
  AVERAGE         70                        70      0       81

PRECIPITATION (IN)
  TODAY            0.00          3.23 1971   0.06  -0.06     0.00
  MONTH TO DATE    2.41                      2.09   0.32     2.00
  SINCE JUN 1     11.62                      8.86   2.76     8.23
  SINCE JAN 1     18.83                     16.02   2.81    17.63

SNOWFALL (IN)
  TODAY            0.0           0.0    MM   0.0    0.0      0.0
  MONTH TO DATE    0.0                       0.0    0.0      0.0
  SINCE JUN 1      0.0                       0.0    0.0      0.0
  SINCE JUL 1      0.0                       0.0    0.0      0.0
  SNOW DEPTH       0

DEGREE DAYS
 HEATING
  TODAY            0                         1     -1        0
  MONTH TO DATE    2                        10     -8        0
  SINCE JUN 1     75                        79     -4       57
  SINCE JUL 1     21                        18      3        3

 COOLING
  TODAY            5                         6     -1       16
  MONTH TO DATE  228                       248    -20      286
  SINCE JUN 1    569                       689   -120      724
  SINCE JAN 1    630                       723    -93      763
..................................................................


WIND (MPH)
  HIGHEST WIND SPEED    24   HIGHEST WIND DIRECTION     N (340)
  HIGHEST GUST SPEED    31   HIGHEST GUST DIRECTION    NW (320)
  AVERAGE WIND SPEED    10.0


SKY COVER
  POSSIBLE SUNSHINE  MM
  AVERAGE SKY COVER 0.1


WEATHER CONDITIONS
 THE FOLLOWING WEATHER WAS RECORDED TODAY.
  NO SIGNIFICANT WEATHER WAS OBSERVED.


RELATIVE HUMIDITY (PERCENT)
 HIGHEST   100          1200 AM
 LOWEST     44           200 PM
 AVERAGE    72

..........................................................


THE VALENTINE NE CLIMATE NORMALS FOR TOMORROW
                         NORMAL    RECORD    YEAR
 MAXIMUM TEMPERATURE (F)   84       102      2000
                                             1981
                                             1948
 MINIMUM TEMPERATURE (F)   55        34      1935


SUNRISE AND SUNSET
AUGUST 29 2014........SUNRISE   704 AM CDT   SUNSET   822 PM CDT
AUGUST 30 2014........SUNRISE   705 AM CDT   SUNSET   820 PM CDT


-  INDICATES NEGATIVE NUMBERS.
R  INDICATES RECORD WAS SET OR TIED.
MM INDICATES DATA IS MISSING.
T  INDICATES TRACE AMOUNT.

$$
