000
CDUS43 KLBF 230933
CLIVTN

CLIMATE REPORT
NATIONAL WEATHER SERVICE NORTH PLATTE
432 AM CDT TUE SEP 23 2014


...................................

...THE VALENTINE NE CLIMATE SUMMARY FOR SEPTEMBER 22 2014...

CLIMATE NORMAL PERIOD 1981 TO 2010
CLIMATE RECORD PERIOD 1885 TO 2014


WEATHER ITEM   OBSERVED TIME   RECORD YEAR NORMAL DEPARTURE LAST
                VALUE   (LST)  VALUE       VALUE  FROM      YEAR
                                                  NORMAL
..................................................................
TEMPERATURE (F)
 YESTERDAY
  MAXIMUM         73   1246 PM  95    1922  74     -1       88
  MINIMUM         43   1214 AM  23    1995  44     -1       56
  AVERAGE         58                        59     -1       72

PRECIPITATION (IN)
  YESTERDAY        0.02          0.97 1960   0.06  -0.04     0.00
  MONTH TO DATE    0.67                      1.20  -0.53     0.65
  SINCE SEP 1      0.67                      1.20  -0.53     0.65
  SINCE JAN 1     19.71                     17.31   2.40    18.29

SNOWFALL (IN)
  YESTERDAY        0.0           0.0    MM   0.0    0.0      0.0
  MONTH TO DATE    0.0                       0.3   -0.3      0.0
  SINCE SEP 1      0.0                       0.3   -0.3      0.0
  SINCE JUL 1      0.0                       0.3   -0.3      0.0
  SNOW DEPTH       0

DEGREE DAYS
 HEATING
  YESTERDAY        7                         7      0        0
  MONTH TO DATE  127                        89     38       34
  SINCE SEP 1    127                        89     38       34
  SINCE JUL 1    148                       114     34       37

 COOLING
  YESTERDAY        0                         1     -1        7
  MONTH TO DATE   58                        74    -16      161
  SINCE SEP 1     58                        74    -16      161
  SINCE JAN 1    693                       810   -117      954
..................................................................


WIND (MPH)
  HIGHEST WIND SPEED    28   HIGHEST WIND DIRECTION     S (190)
  HIGHEST GUST SPEED    34   HIGHEST GUST DIRECTION     S (190)
  AVERAGE WIND SPEED    14.0


SKY COVER
  POSSIBLE SUNSHINE  MM
  AVERAGE SKY COVER 0.5


WEATHER CONDITIONS
 THE FOLLOWING WEATHER WAS RECORDED YESTERDAY.
  LIGHT RAIN


RELATIVE HUMIDITY (PERCENT)
 HIGHEST    80           600 AM
 LOWEST     35           100 PM
 AVERAGE    58

..........................................................


THE VALENTINE NE CLIMATE NORMALS FOR TODAY
                         NORMAL    RECORD    YEAR
 MAXIMUM TEMPERATURE (F)   74        96      1905
 MINIMUM TEMPERATURE (F)   44        23      1989


SUNRISE AND SUNSET
SEPTEMBER 23 2014.....SUNRISE   731 AM CDT   SUNSET   738 PM CDT
SEPTEMBER 24 2014.....SUNRISE   732 AM CDT   SUNSET   736 PM CDT


-  INDICATES NEGATIVE NUMBERS.
R  INDICATES RECORD WAS SET OR TIED.
MM INDICATES DATA IS MISSING.
T  INDICATES TRACE AMOUNT.

$$
