210
CDUS46 KPQR 201144
CLIVUO


CLIMATE REPORT
NATIONAL WEATHER SERVICE PORTLAND OREGON
343 AM PST FRI JAN 20 2017


...................................

...THE VANCOUVER WA CLIMATE SUMMARY FOR JANUARY 19 2017...

CLIMATE NORMAL PERIOD 1981 TO 2010
CLIMATE RECORD PERIOD 1891 TO 2017


WEATHER ITEM   OBSERVED TIME   RECORD YEAR NORMAL DEPARTURE LAST
                VALUE   (LST)  VALUE       VALUE  FROM      YEAR
                                                  NORMAL
..................................................................
TEMPERATURE (F)
 YESTERDAY
  MAXIMUM         52    301 PM  60    2010  48      4       48
  MINIMUM         37   1131 PM   6    1916  36      1       42
  AVERAGE         45                        42      3       45

PRECIPITATION (IN)
  YESTERDAY        T                         0.18  -0.18     0.58
  MONTH TO DATE    3.51                      3.58  -0.07     4.82
  SINCE OCT 1     23.37                     19.33   4.04    28.67
  SINCE JAN 1      3.51                      3.58  -0.07     4.82

DEGREE DAYS
 HEATING
  YESTERDAY       20                                        20
  MONTH TO DATE  668                                       502
  SINCE JUL 1   2323                                      2111

 COOLING
  YESTERDAY        0                                         0
  MONTH TO DATE    0                                         0
  SINCE JAN 1      0                                         0
..................................................................


WIND (MPH)
  HIGHEST WIND SPEED    14   HIGHEST WIND DIRECTION     S (190)
  HIGHEST GUST SPEED    22   HIGHEST GUST DIRECTION     S (180)
  AVERAGE WIND SPEED     8.0


SKY COVER
  POSSIBLE SUNSHINE  MM
  AVERAGE SKY COVER 0.8


WEATHER CONDITIONS
 THE FOLLOWING WEATHER WAS RECORDED YESTERDAY.
  NO SIGNIFICANT WEATHER WAS OBSERVED.


RELATIVE HUMIDITY (PERCENT)
 HIGHEST    92          1000 PM
 LOWEST     63          1200 PM
 AVERAGE    78

..........................................................




SUNRISE AND SUNSET
JANUARY 20 2017.......SUNRISE   743 AM PST   SUNSET   500 PM PST
JANUARY 21 2017.......SUNRISE   743 AM PST   SUNSET   502 PM PST


-  INDICATES NEGATIVE NUMBERS.
R  INDICATES RECORD WAS SET OR TIED.
MM INDICATES DATA IS MISSING.
T  INDICATES TRACE AMOUNT.




$$
