000
CDUS46 KPQR 211241
CLIVUO


CLIMATE REPORT
NATIONAL WEATHER SERVICE PORTLAND OREGON
440 AM PST FRI NOV 21 2014


...................................

...THE VANCOUVER WA CLIMATE SUMMARY FOR NOVEMBER 20 2014...

CLIMATE NORMAL PERIOD 1981 TO 2010
CLIMATE RECORD PERIOD 1891 TO 2014


WEATHER ITEM   OBSERVED TIME   RECORD YEAR NORMAL DEPARTURE LAST
                VALUE   (LST)  VALUE       VALUE  FROM      YEAR
                                                  NORMAL
..................................................................
TEMPERATURE (F)
 YESTERDAY
  MAXIMUM         45    338 PM  64    2002  52     -7       47
  MINIMUM         37    251 AM  13    1900  39     -2       26
  AVERAGE         41                        46     -5       37

PRECIPITATION (IN)
  YESTERDAY        0.01                      0.21  -0.20     0.00
  MONTH TO DATE    0.97                      3.73  -2.76     2.68
  SINCE OCT 1      7.00                      6.80   0.20     3.80
  SINCE JAN 1     30.44                     30.19   0.25    24.87

DEGREE DAYS
 HEATING
  YESTERDAY       24                                        28
  MONTH TO DATE  427                                       341
  SINCE JUL 1    644                                       835

 COOLING
  YESTERDAY        0                                         0
  MONTH TO DATE    0                                         0
  SINCE JAN 1    531                                       450
..................................................................


WIND (MPH)
  HIGHEST WIND SPEED    12   HIGHEST WIND DIRECTION    SE (130)
  HIGHEST GUST SPEED    16   HIGHEST GUST DIRECTION    SE (120)
  AVERAGE WIND SPEED     4.6


SKY COVER
  POSSIBLE SUNSHINE  MM
  AVERAGE SKY COVER 0.8


WEATHER CONDITIONS
 THE FOLLOWING WEATHER WAS RECORDED YESTERDAY.
  LIGHT RAIN
  FOG
  HAZE


RELATIVE HUMIDITY (PERCENT)
 HIGHEST    85           300 AM
 LOWEST     70          1200 PM
 AVERAGE    78

..........................................................




SUNRISE AND SUNSET
NOVEMBER 21 2014......SUNRISE   718 AM PST   SUNSET   434 PM PST
NOVEMBER 22 2014......SUNRISE   720 AM PST   SUNSET   434 PM PST


-  INDICATES NEGATIVE NUMBERS.
R  INDICATES RECORD WAS SET OR TIED.
MM INDICATES DATA IS MISSING.
T  INDICATES TRACE AMOUNT.




$$
