000
CDUS46 KPQR 290228
CLIVUO


CLIMATE REPORT
NATIONAL WEATHER SERVICE PORTLAND OREGON
628 PM PST FRI NOV 28 2014


...................................

...THE VANCOUVER WA CLIMATE SUMMARY FOR NOVEMBER 28 2014...
VALID TODAY AS OF 0600 PM LOCAL TIME.

CLIMATE NORMAL PERIOD 1981 TO 2010
CLIMATE RECORD PERIOD 1891 TO 2014


WEATHER ITEM   OBSERVED TIME   RECORD YEAR NORMAL DEPARTURE LAST
                VALUE   (LST)  VALUE       VALUE  FROM      YEAR
                                                  NORMAL
..................................................................
TEMPERATURE (F)
 TODAY
  MAXIMUM         56    441 PM  59    1907  50      6       52
  MINIMUM         47    559 PM   6    1896  37     10       26
  AVERAGE         52                        44      8       39

PRECIPITATION (IN)
  TODAY            0.48                      0.22   0.26     0.00
  MONTH TO DATE    2.66                      5.43  -2.77     2.68
  SINCE OCT 1      8.69                      8.50   0.19     3.80
  SINCE JAN 1     32.13                     31.89   0.24    24.87

DEGREE DAYS
 HEATING
  TODAY           13                                        26
  MONTH TO DATE  526                                       557
  SINCE SEP 1    740                                      1038
  SINCE JUL 1    743                                      1051

 COOLING
  TODAY            0                                         0
  MONTH TO DATE    0                                         0
  SINCE SEP 1     79                                        74
  SINCE JAN 1    531                                       450
..................................................................


WIND (MPH)
  HIGHEST WIND SPEED    20   HIGHEST WIND DIRECTION     S (190)
  HIGHEST GUST SPEED    31   HIGHEST GUST DIRECTION     S (180)
  AVERAGE WIND SPEED     9.7


SKY COVER
  POSSIBLE SUNSHINE  MM
  AVERAGE SKY COVER 1.0


WEATHER CONDITIONS
 THE FOLLOWING WEATHER WAS RECORDED TODAY.
  HEAVY RAIN
  RAIN
  LIGHT RAIN
  FOG


RELATIVE HUMIDITY (PERCENT)
 HIGHEST    89           900 AM
 LOWEST     77          1200 AM
 AVERAGE    83

..........................................................


THE VANCOUVER WA CLIMATE NORMALS FOR TOMORROW
                         NORMAL    RECORD    YEAR
 MAXIMUM TEMPERATURE (F)   49        61      1909
 MINIMUM TEMPERATURE (F)   37         7      1896


SUNRISE AND SUNSET
NOVEMBER 28 2014......SUNRISE   727 AM PST   SUNSET   430 PM PST
NOVEMBER 29 2014......SUNRISE   728 AM PST   SUNSET   429 PM PST


-  INDICATES NEGATIVE NUMBERS.
R  INDICATES RECORD WAS SET OR TIED.
MM INDICATES DATA IS MISSING.
T  INDICATES TRACE AMOUNT.




$$
