000
CDUS46 KPQR 220312
CLIVUO


CLIMATE REPORT
NATIONAL WEATHER SERVICE PORTLAND OREGON
812 PM PDT SAT OCT 21 2017


...................................

...THE VANCOUVER WA CLIMATE SUMMARY FOR OCTOBER 21 2017...
VALID TODAY AS OF 0800 PM LOCAL TIME.

CLIMATE NORMAL PERIOD 1981 TO 2010
CLIMATE RECORD PERIOD 1891 TO 2017


WEATHER ITEM   OBSERVED TIME   RECORD YEAR NORMAL DEPARTURE LAST
                VALUE   (LST)  VALUE       VALUE  FROM      YEAR
                                                  NORMAL
..................................................................
TEMPERATURE (F)
 TODAY
  MAXIMUM         60    559 PM  81    2003  61     -1       62
  MINIMUM         47    418 AM  28    1976  43      4       52
  AVERAGE         54                        52      2       57

PRECIPITATION (IN)
  TODAY            1.10                      0.11   0.99     0.18
  MONTH TO DATE    3.28                      1.95   1.33     6.64
  SINCE OCT 1      3.28                      1.95   1.33     6.64
  SINCE JAN 1     34.96                     25.34   9.62    29.37

DEGREE DAYS
 HEATING
  TODAY           11                                         8
  MONTH TO DATE  245                                       174
  SINCE SEP 1    324                                       279
  SINCE JUL 1    327                                       301

 COOLING
  TODAY            0                                         0
  MONTH TO DATE    0                                         0
  SINCE SEP 1    120                                        18
  SINCE JAN 1    639                                       407
..................................................................


WIND (MPH)
  HIGHEST WIND SPEED    17   HIGHEST WIND DIRECTION     E (110)
  HIGHEST GUST SPEED    23   HIGHEST GUST DIRECTION    SW (210)
  AVERAGE WIND SPEED     8.9


SKY COVER
  POSSIBLE SUNSHINE  MM
  AVERAGE SKY COVER 1.0


WEATHER CONDITIONS
 THE FOLLOWING WEATHER WAS RECORDED TODAY.
  RAIN
  LIGHT RAIN
  FOG


RELATIVE HUMIDITY (PERCENT)
 HIGHEST   100           800 AM
 LOWEST     86           400 AM
 AVERAGE    93

..........................................................


THE VANCOUVER WA CLIMATE NORMALS FOR TOMORROW
                         NORMAL    RECORD    YEAR
 MAXIMUM TEMPERATURE (F)   61        80      1929
 MINIMUM TEMPERATURE (F)   43        25      1980


SUNRISE AND SUNSET
OCTOBER 21 2017.......SUNRISE   736 AM PDT   SUNSET   614 PM PDT
OCTOBER 22 2017.......SUNRISE   737 AM PDT   SUNSET   612 PM PDT


-  INDICATES NEGATIVE NUMBERS.
R  INDICATES RECORD WAS SET OR TIED.
MM INDICATES DATA IS MISSING.
T  INDICATES TRACE AMOUNT.




$$
