000
CDUS46 KPQR 290021
CLIVUO


CLIMATE REPORT
NATIONAL WEATHER SERVICE PORTLAND OREGON
420 PM PST SUN DEC 28 2014


...................................

...THE VANCOUVER WA CLIMATE SUMMARY FOR DECEMBER 28 2014...
VALID TODAY AS OF 0400 PM LOCAL TIME.

CLIMATE NORMAL PERIOD 1981 TO 2010
CLIMATE RECORD PERIOD 1891 TO 2014


WEATHER ITEM   OBSERVED TIME   RECORD YEAR NORMAL DEPARTURE LAST
                VALUE   (LST)  VALUE       VALUE  FROM      YEAR
                                                  NORMAL
..................................................................
TEMPERATURE (F)
 TODAY
  MAXIMUM         47    231 PM  60    1917  46      1       46
  MINIMUM         40    637 AM  23    1930  34      6       37
  AVERAGE         44                        40      4       42

PRECIPITATION (IN)
  TODAY            0.16                      0.21  -0.05     0.00
  MONTH TO DATE    5.82                      6.15  -0.33     1.51
  SINCE OCT 1     14.77                     15.13  -0.36     5.46
  SINCE JAN 1     38.21                     38.52  -0.31    26.53

DEGREE DAYS
 HEATING
  TODAY           21                                        23
  MONTH TO DATE  563                                       819
  SINCE DEC 1    563                                       819
  SINCE JUL 1   1371                                      1920

 COOLING
  TODAY            0                                         0
  MONTH TO DATE    0                                         0
  SINCE DEC 1      0                                         0
  SINCE JAN 1    531                                       450
..................................................................


WIND (MPH)
  HIGHEST WIND SPEED    10   HIGHEST WIND DIRECTION     W (290)
  HIGHEST GUST SPEED    14   HIGHEST GUST DIRECTION    NW (300)
  AVERAGE WIND SPEED     1.3


SKY COVER
  POSSIBLE SUNSHINE  MM
  AVERAGE SKY COVER 0.8


WEATHER CONDITIONS
 THE FOLLOWING WEATHER WAS RECORDED TODAY.
  LIGHT RAIN
  FOG


RELATIVE HUMIDITY (PERCENT)
 HIGHEST    89           300 AM
 LOWEST     76           500 AM
 AVERAGE    83

..........................................................


THE VANCOUVER WA CLIMATE NORMALS FOR TOMORROW
                         NORMAL    RECORD    YEAR
 MAXIMUM TEMPERATURE (F)   46        62      1917
 MINIMUM TEMPERATURE (F)   34        16      1916


SUNRISE AND SUNSET
DECEMBER 28 2014......SUNRISE   751 AM PST   SUNSET   434 PM PST
DECEMBER 29 2014......SUNRISE   751 AM PST   SUNSET   435 PM PST


-  INDICATES NEGATIVE NUMBERS.
R  INDICATES RECORD WAS SET OR TIED.
MM INDICATES DATA IS MISSING.
T  INDICATES TRACE AMOUNT.




$$
