000
CDUS46 KPQR 291143
CLIVUO


CLIMATE REPORT
NATIONAL WEATHER SERVICE PORTLAND OREGON
442 AM PDT FRI MAY 29 2015


...................................

...THE VANCOUVER WA CLIMATE SUMMARY FOR MAY 28 2015...

CLIMATE NORMAL PERIOD 1981 TO 2010
CLIMATE RECORD PERIOD 1891 TO 2015


WEATHER ITEM   OBSERVED TIME   RECORD YEAR NORMAL DEPARTURE LAST
                VALUE   (LST)  VALUE       VALUE  FROM      YEAR
                                                  NORMAL
..................................................................
TEMPERATURE (F)
 YESTERDAY
  MAXIMUM         84    544 PM  99    1983  70     14       64
  MINIMUM         53    449 AM  33    1976  51      2       48
  AVERAGE         69                        61      8       56

PRECIPITATION (IN)
  YESTERDAY        0.00                      0.07  -0.07     0.33
  MONTH TO DATE    0.68                      2.29  -1.61     2.68
  SINCE OCT 1     29.56                     34.15  -4.59    24.70
  SINCE JAN 1     14.67                     18.40  -3.73    19.23

DEGREE DAYS
 HEATING
  YESTERDAY        0                                         9
  MONTH TO DATE  157                                       149
  SINCE JUL 1   3647                                      4495

 COOLING
  YESTERDAY        4                                         0
  MONTH TO DATE    7                                        15
  SINCE JAN 1      7                                        15
..................................................................


WIND (MPH)
  HIGHEST WIND SPEED    10   HIGHEST WIND DIRECTION    NW (320)
  HIGHEST GUST SPEED    16   HIGHEST GUST DIRECTION    NW (330)
  AVERAGE WIND SPEED     4.1


SKY COVER
  POSSIBLE SUNSHINE  MM
  AVERAGE SKY COVER 0.2


WEATHER CONDITIONS
 THE FOLLOWING WEATHER WAS RECORDED YESTERDAY.
  FOG


RELATIVE HUMIDITY (PERCENT)
 HIGHEST    93           500 AM
 LOWEST     25           400 PM
 AVERAGE    59

..........................................................




SUNRISE AND SUNSET
MAY 29 2015...........SUNRISE   527 AM PDT   SUNSET   850 PM PDT
MAY 30 2015...........SUNRISE   526 AM PDT   SUNSET   851 PM PDT


-  INDICATES NEGATIVE NUMBERS.
R  INDICATES RECORD WAS SET OR TIED.
MM INDICATES DATA IS MISSING.
T  INDICATES TRACE AMOUNT.




$$
