000
CDUS46 KPQR 261147
CLIVUO


CLIMATE REPORT
NATIONAL WEATHER SERVICE PORTLAND OREGON
347 AM PST THU FEB 26 2015


...................................

...THE VANCOUVER WA CLIMATE SUMMARY FOR FEBRUARY 25 2015...

CLIMATE NORMAL PERIOD 1981 TO 2010
CLIMATE RECORD PERIOD 1891 TO 2015


WEATHER ITEM   OBSERVED TIME   RECORD YEAR NORMAL DEPARTURE LAST
                VALUE   (LST)  VALUE       VALUE  FROM      YEAR
                                                  NORMAL
..................................................................
TEMPERATURE (F)
 YESTERDAY
  MAXIMUM         52    358 PM  69    1992  54     -2       52
  MINIMUM         44    708 AM  20    1993  36      8       35
  AVERAGE         48                        45      3       44

PRECIPITATION (IN)
  YESTERDAY        0.02                      0.14  -0.12      T
  MONTH TO DATE    3.58                      3.55   0.03     4.18
  SINCE OCT 1     21.82                     24.80  -2.98    12.19
  SINCE JAN 1      6.93                      9.05  -2.12     6.72

DEGREE DAYS
 HEATING
  YESTERDAY       17                                        21
  MONTH TO DATE  426                                       650
  SINCE JUL 1   2605                                      3399

 COOLING
  YESTERDAY        0                                         0
  MONTH TO DATE    0                                         0
  SINCE JAN 1      0                                         0
..................................................................


WIND (MPH)
  HIGHEST WIND SPEED     9   HIGHEST WIND DIRECTION    SE (120)
  HIGHEST GUST SPEED    12   HIGHEST GUST DIRECTION    SE (120)
  AVERAGE WIND SPEED     2.9


SKY COVER
  POSSIBLE SUNSHINE  MM
  AVERAGE SKY COVER 1.0


WEATHER CONDITIONS
 THE FOLLOWING WEATHER WAS RECORDED YESTERDAY.
  LIGHT RAIN
  FOG


RELATIVE HUMIDITY (PERCENT)
 HIGHEST    93           700 PM
 LOWEST     63           200 PM
 AVERAGE    78

..........................................................




SUNRISE AND SUNSET
FEBRUARY 26 2015......SUNRISE   655 AM PST   SUNSET   553 PM PST
FEBRUARY 27 2015......SUNRISE   653 AM PST   SUNSET   554 PM PST


-  INDICATES NEGATIVE NUMBERS.
R  INDICATES RECORD WAS SET OR TIED.
MM INDICATES DATA IS MISSING.
T  INDICATES TRACE AMOUNT.




$$
