000
CDUS46 KPQR 291148
CLIVUO


CLIMATE REPORT
NATIONAL WEATHER SERVICE PORTLAND OREGON
448 AM PDT THU JUN 29 2017


...................................

...THE VANCOUVER WA CLIMATE SUMMARY FOR JUNE 28 2017...

CLIMATE NORMAL PERIOD 1981 TO 2010
CLIMATE RECORD PERIOD 1891 TO 2017


WEATHER ITEM   OBSERVED TIME   RECORD YEAR NORMAL DEPARTURE LAST
                VALUE   (LST)  VALUE       VALUE  FROM      YEAR
                                                  NORMAL
..................................................................
TEMPERATURE (F)
 YESTERDAY
  MAXIMUM         72    510 PM 101    2008  76     -4       79
  MINIMUM         56    302 AM  40    1985  55      1       56
  AVERAGE         64                        65     -1       68

PRECIPITATION (IN)
  YESTERDAY        0.00                      0.04  -0.04     0.00
  MONTH TO DATE    1.24                      1.71  -0.47     1.45
  SINCE OCT 1     48.88                     36.04  12.84    44.80
  SINCE JAN 1     29.02                     20.29   8.73    20.95

DEGREE DAYS
 HEATING
  YESTERDAY        1                                         0
  MONTH TO DATE   70                                        86
  SINCE JUL 1   4500                                      3822

 COOLING
  YESTERDAY        0                                         3
  MONTH TO DATE   66                                        79
  SINCE JAN 1    106                                       103
..................................................................


WIND (MPH)
  HIGHEST WIND SPEED    13   HIGHEST WIND DIRECTION    NW (300)
  HIGHEST GUST SPEED    18   HIGHEST GUST DIRECTION    NW (330)
  AVERAGE WIND SPEED     3.8


SKY COVER
  POSSIBLE SUNSHINE  MM
  AVERAGE SKY COVER 0.6


WEATHER CONDITIONS
 THE FOLLOWING WEATHER WAS RECORDED YESTERDAY.
  NO SIGNIFICANT WEATHER WAS OBSERVED.


RELATIVE HUMIDITY (PERCENT)
 HIGHEST    83           200 AM
 LOWEST     49           400 PM
 AVERAGE    66

..........................................................




SUNRISE AND SUNSET
JUNE 29 2017..........SUNRISE   524 AM PDT   SUNSET   904 PM PDT
JUNE 30 2017..........SUNRISE   525 AM PDT   SUNSET   904 PM PDT


-  INDICATES NEGATIVE NUMBERS.
R  INDICATES RECORD WAS SET OR TIED.
MM INDICATES DATA IS MISSING.
T  INDICATES TRACE AMOUNT.




$$
