000
CDUS46 KPQR 031144
CLIVUO


CLIMATE REPORT
NATIONAL WEATHER SERVICE PORTLAND OREGON
343 AM PST SAT DEC 3 2016


...................................

...THE VANCOUVER WA CLIMATE SUMMARY FOR DECEMBER 2 2016...

CLIMATE NORMAL PERIOD 1981 TO 2010
CLIMATE RECORD PERIOD 1891 TO 2016


WEATHER ITEM   OBSERVED TIME   RECORD YEAR NORMAL DEPARTURE LAST
                VALUE   (LST)  VALUE       VALUE  FROM      YEAR
                                                  NORMAL
..................................................................
TEMPERATURE (F)
 YESTERDAY
  MAXIMUM         47   1159 PM  62    1958  49     -2       42
  MINIMUM         44    825 AM  20    2014  36      8       34
  AVERAGE         46                        42      4       38

PRECIPITATION (IN)
  YESTERDAY        0.09                      0.21  -0.12     0.36
  MONTH TO DATE    0.13                      0.41  -0.28     0.91
  SINCE OCT 1     15.23                      9.39   5.84     8.73
  SINCE JAN 1     37.96                     32.78   5.18    25.84

DEGREE DAYS
 HEATING
  YESTERDAY       19                                        27
  MONTH TO DATE   42                                        54
  SINCE JUL 1    830                                       986

 COOLING
  YESTERDAY        0                                         0
  MONTH TO DATE    0                                         0
  SINCE JAN 1    407                                       660
..................................................................


WIND (MPH)
  HIGHEST WIND SPEED    10   HIGHEST WIND DIRECTION     S (180)
  HIGHEST GUST SPEED    17   HIGHEST GUST DIRECTION    SE (150)
  AVERAGE WIND SPEED     3.8


SKY COVER
  POSSIBLE SUNSHINE  MM
  AVERAGE SKY COVER 1.0


WEATHER CONDITIONS
 THE FOLLOWING WEATHER WAS RECORDED YESTERDAY.
  LIGHT RAIN
  FOG
  HAZE


RELATIVE HUMIDITY (PERCENT)
 HIGHEST    93          1000 PM
 LOWEST     76           300 PM
 AVERAGE    85

..........................................................




SUNRISE AND SUNSET
DECEMBER  3 2016......SUNRISE   734 AM PST   SUNSET   428 PM PST
DECEMBER  4 2016......SUNRISE   735 AM PST   SUNSET   427 PM PST


-  INDICATES NEGATIVE NUMBERS.
R  INDICATES RECORD WAS SET OR TIED.
MM INDICATES DATA IS MISSING.
T  INDICATES TRACE AMOUNT.




$$
