000
CDUS46 KPQR 202326
CLIVUO


CLIMATE REPORT
NATIONAL WEATHER SERVICE PORTLAND OREGON
425 PM PDT SUN APR 20 2014


...................................

...THE VANCOUVER WA CLIMATE SUMMARY FOR APRIL 20 2014...
VALID TODAY AS OF 0400 PM LOCAL TIME.

CLIMATE NORMAL PERIOD 1981 TO 2010
CLIMATE RECORD PERIOD 1891 TO 2014


WEATHER ITEM   OBSERVED TIME   RECORD YEAR NORMAL DEPARTURE LAST
                VALUE   (LST)  VALUE       VALUE  FROM      YEAR
                                                  NORMAL
..................................................................
TEMPERATURE (F)
 TODAY
  MAXIMUM         64    253 PM  90    1906  62      2       59
  MINIMUM         41    536 AM  29    1927  43     -2       49
  AVERAGE         53                        52      1       54

PRECIPITATION (IN)
  TODAY            0.00                      0.11  -0.11     0.05
  MONTH TO DATE    1.31                      2.07  -0.76     2.10
  SINCE OCT 1     20.19                     30.92 -10.73    27.50
  SINCE JAN 1     14.72                     15.17  -0.45     8.24

DEGREE DAYS
 HEATING
  TODAY           12                                        11
  MONTH TO DATE  245                                       285
  SINCE MAR 1    764                                       816
  SINCE JUL 1   4227                                      3848

 COOLING
  TODAY            0                                         0
  MONTH TO DATE    0                                         0
  SINCE MAR 1      0                                         0
  SINCE JAN 1      0                                         0
..................................................................


WIND (MPH)
  HIGHEST WIND SPEED     7   HIGHEST WIND DIRECTION     E (100)
  HIGHEST GUST SPEED    10   HIGHEST GUST DIRECTION     S (190)
  AVERAGE WIND SPEED     1.6


SKY COVER
  POSSIBLE SUNSHINE  MM
  AVERAGE SKY COVER 0.5


WEATHER CONDITIONS
 THE FOLLOWING WEATHER WAS RECORDED TODAY.
  HAZE


RELATIVE HUMIDITY (PERCENT)
 HIGHEST    89           300 AM
 LOWEST     44           300 PM
 AVERAGE    67

..........................................................


THE VANCOUVER WA CLIMATE NORMALS FOR TOMORROW
                         NORMAL    RECORD    YEAR
 MAXIMUM TEMPERATURE (F)   62        88      1947
 MINIMUM TEMPERATURE (F)   43        32      1950


SUNRISE AND SUNSET
APRIL 20 2014.........SUNRISE   616 AM PDT   SUNSET   804 PM PDT
APRIL 21 2014.........SUNRISE   614 AM PDT   SUNSET   805 PM PDT


-  INDICATES NEGATIVE NUMBERS.
R  INDICATES RECORD WAS SET OR TIED.
MM INDICATES DATA IS MISSING.
T  INDICATES TRACE AMOUNT.




$$
