000
CDUS46 KPQR 300228
CLIVUO


CLIMATE REPORT
NATIONAL WEATHER SERVICE PORTLAND OREGON
728 PM PDT FRI APR 29 2016


...................................

...THE VANCOUVER WA CLIMATE SUMMARY FOR APRIL 29 2016...
VALID TODAY AS OF 0700 PM LOCAL TIME.

CLIMATE NORMAL PERIOD 1981 TO 2010
CLIMATE RECORD PERIOD 1891 TO 2016


WEATHER ITEM   OBSERVED TIME   RECORD YEAR NORMAL DEPARTURE LAST
                VALUE   (LST)  VALUE       VALUE  FROM      YEAR
                                                  NORMAL
..................................................................
TEMPERATURE (F)
 TODAY
  MAXIMUM         58    456 PM  87    1957  64     -6       63
  MINIMUM         49    958 AM  30    1975  44      5       39
  AVERAGE         54                        54      0       51

PRECIPITATION (IN)
  TODAY            0.18                      0.09   0.09      T
  MONTH TO DATE    1.77                      2.93  -1.16     1.79
  SINCE OCT 1     41.72                     31.78   9.94    28.88
  SINCE JAN 1     17.87                     16.03   1.84    13.99

DEGREE DAYS
 HEATING
  TODAY           11                                        14
  MONTH TO DATE  262                                       397
  SINCE MAR 1    750                                       829
  SINCE JUL 1   3580                                      3481

 COOLING
  TODAY            0                                         0
  MONTH TO DATE    6                                         0
  SINCE MAR 1      6                                         0
  SINCE JAN 1      6                                         0
..................................................................


WIND (MPH)
  HIGHEST WIND SPEED    10   HIGHEST WIND DIRECTION     W (270)
  HIGHEST GUST SPEED    14   HIGHEST GUST DIRECTION    NW (330)
  AVERAGE WIND SPEED     3.5


SKY COVER
  POSSIBLE SUNSHINE  MM
  AVERAGE SKY COVER 1.0


WEATHER CONDITIONS
 THE FOLLOWING WEATHER WAS RECORDED TODAY.
  RAIN
  LIGHT RAIN
  FOG


RELATIVE HUMIDITY (PERCENT)
 HIGHEST    83          1100 AM
 LOWEST     66          1200 AM
 AVERAGE    75

..........................................................


THE VANCOUVER WA CLIMATE NORMALS FOR TOMORROW
                         NORMAL    RECORD    YEAR
 MAXIMUM TEMPERATURE (F)   65        90      1998
 MINIMUM TEMPERATURE (F)   44        29      1972


SUNRISE AND SUNSET
APRIL 29 2016.........SUNRISE   601 AM PDT   SUNSET   816 PM PDT
APRIL 30 2016.........SUNRISE   559 AM PDT   SUNSET   817 PM PDT


-  INDICATES NEGATIVE NUMBERS.
R  INDICATES RECORD WAS SET OR TIED.
MM INDICATES DATA IS MISSING.
T  INDICATES TRACE AMOUNT.




$$
