000
CDUS41 KAKQ 280953
CLIWAL


CLIMATE REPORT
NATIONAL WEATHER SERVICE WAKEFIELD, VA
453 AM EST WED JAN 28 2015


...................................

...THE WALLOPS ISLAND VA CLIMATE SUMMARY FOR JANUARY 27 2015...

CLIMATE NORMAL PERIOD 1981 TO 2010
CLIMATE RECORD PERIOD 1963 TO 2015


WEATHER ITEM   OBSERVED TIME   RECORD YEAR NORMAL DEPARTURE
                VALUE   (LST)  VALUE       VALUE  FROM
                                                  NORMAL
...............................................................
TEMPERATURE (F)
 YESTERDAY
  MAXIMUM         34    457 PM  72    1974  45    -11
  MINIMUM         28    842 AM  11    2003  28      0
  AVERAGE         31                        37     -6

PRECIPITATION (IN)
  YESTERDAY        0.01          0.79        0.09  -0.08
  MONTH TO DATE    4.71                      2.64   2.07
  SINCE DEC 1      7.93                      6.07   1.86
  SINCE JAN 1      4.71                      2.64   2.07

SNOWFALL (IN)
  YESTERDAY        T             7.2  1965   0.1   -0.1
  MONTH TO DATE    T                         1.7   -1.7
  SINCE NOV 1      T                         3.7   -3.7
  SINCE JUL 1      T                         3.7   -3.7

DEGREE DAYS
 HEATING
  YESTERDAY       34                                6
  MONTH TO DATE  775                                3
  SINCE DEC 1   1453                              -77
  SINCE JUL 1   2147                              -87

 COOLING
  YESTERDAY        0                                0
  MONTH TO DATE    0                                0
  SINCE DEC 1      0                                0
  SINCE JAN 1      0                                0
...............................................................


WIND (MPH)
  HIGHEST WIND SPEED    18   HIGHEST WIND DIRECTION    NW (330)
  HIGHEST GUST SPEED    27   HIGHEST GUST DIRECTION     N (350)
  AVERAGE WIND SPEED    11.8




RELATIVE HUMIDITY (PERCENT)
 HIGHEST    92
 LOWEST     63
 AVERAGE    78

..........................................................


THE WALLOPS ISLAND VA CLIMATE NORMALS FOR TODAY
                         NORMAL    RECORD    YEAR
 MAXIMUM TEMPERATURE (F)   45        69      1999
 MINIMUM TEMPERATURE (F)   28         8      1987


SUNRISE AND SUNSET
JANUARY 28 2015.......SUNRISE   710 AM EST   SUNSET   520 PM EST
JANUARY 29 2015.......SUNRISE   709 AM EST   SUNSET   522 PM EST


-  INDICATES NEGATIVE NUMBERS.
R  INDICATES RECORD WAS SET OR TIED.
MM INDICATES DATA IS MISSING.
T  INDICATES TRACE AMOUNT.




$$
