000
CDUS41 KAKQ 210645
CLIWAL


CLIMATE REPORT
NATIONAL WEATHER SERVICE WAKEFIELD, VA
145 AM EST TUE FEB 21 2017


...................................

...THE WALLOPS ISLAND VA CLIMATE SUMMARY FOR FEBRUARY 20 2017...

CLIMATE NORMAL PERIOD 1981 TO 2010
CLIMATE RECORD PERIOD 1963 TO 2017


WEATHER ITEM   OBSERVED TIME   RECORD YEAR NORMAL DEPARTURE
                VALUE   (LST)  VALUE       VALUE  FROM
                                                  NORMAL
...............................................................
TEMPERATURE (F)
 YESTERDAY
  MAXIMUM         64   1242 PM  69    1991  48     16
  MINIMUM         39   1145 PM  -1    2015  31      8
  AVERAGE         52                        40     12

PRECIPITATION (IN)
  YESTERDAY        0.00          0.60        0.11  -0.11
  MONTH TO DATE    1.19                      1.92  -0.73
  SINCE DEC 1      9.95                      8.39   1.56
  SINCE JAN 1      5.98                      4.96   1.02

SNOWFALL (IN)
  YESTERDAY        0.0           1.8  1969   0.1   -0.1
  MONTH TO DATE    T                         2.5   -2.5
  SINCE NOV 1     10.1                       6.5    3.6
  SINCE JUL 1     10.1                       6.5    3.6

DEGREE DAYS
 HEATING
  YESTERDAY       13                              -13
  MONTH TO DATE  437                             -103
  SINCE DEC 1   1880                             -300
  SINCE JUL 1   2466                             -418

 COOLING
  YESTERDAY        0                                0
  MONTH TO DATE    0                                0
  SINCE DEC 1      0                                0
  SINCE JAN 1      0                                0
...............................................................


WIND (MPH)
  HIGHEST WIND SPEED    14   HIGHEST WIND DIRECTION    NE (60)
  HIGHEST GUST SPEED    20   HIGHEST GUST DIRECTION    NW (330)
  AVERAGE WIND SPEED     6.1




RELATIVE HUMIDITY (PERCENT)
 HIGHEST    89
 LOWEST     36
 AVERAGE    63

..........................................................


THE WALLOPS ISLAND VA CLIMATE NORMALS FOR TODAY
                         NORMAL    RECORD    YEAR
 MAXIMUM TEMPERATURE (F)   48        69      2002
 MINIMUM TEMPERATURE (F)   31         1      2015


SUNRISE AND SUNSET
FEBRUARY 21 2017......SUNRISE   644 AM EST   SUNSET   547 PM EST
FEBRUARY 22 2017......SUNRISE   643 AM EST   SUNSET   548 PM EST


-  INDICATES NEGATIVE NUMBERS.
R  INDICATES RECORD WAS SET OR TIED.
MM INDICATES DATA IS MISSING.
T  INDICATES TRACE AMOUNT.




$$
