000
CDUS41 KAKQ 240545
CLIWAL


CLIMATE REPORT
NATIONAL WEATHER SERVICE WAKEFIELD, VA
145 AM EDT TUE OCT 24 2017


...................................

...THE WALLOPS ISLAND VA CLIMATE SUMMARY FOR OCTOBER 23 2017...

CLIMATE NORMAL PERIOD 1981 TO 2010
CLIMATE RECORD PERIOD 1963 TO 2017


WEATHER ITEM   OBSERVED TIME   RECORD YEAR NORMAL DEPARTURE
                VALUE   (LST)  VALUE       VALUE  FROM
                                                  NORMAL
...............................................................
TEMPERATURE (F)
 YESTERDAY
  MAXIMUM         75    119 PM  79    2007  66      9
  MINIMUM         65    200 AM  33    2003  48     17
                                      1997
                                      1976
  AVERAGE         70                        57     13

PRECIPITATION (IN)
  YESTERDAY        0.01          1.70        0.10  -0.09
  MONTH TO DATE    5.10                      2.32   2.78
  SINCE SEP 1      6.94                      6.30   0.64
  SINCE JAN 1     42.46                     33.69   8.77

SNOWFALL (IN)
  YESTERDAY        0.0           0.0    MM   0.0    0.0
  MONTH TO DATE    0.0                       0.0    0.0
  SINCE NOV 1     10.1                       7.9    2.2
  SINCE JUL 1      0.0                       0.0    0.0

DEGREE DAYS
 HEATING
  YESTERDAY        0                               -9
  MONTH TO DATE   63                              -71
  SINCE SEP 1     72                              -92
  SINCE JUL 1     72                              -93

 COOLING
  YESTERDAY        5                                5
  MONTH TO DATE   87                               59
  SINCE SEP 1    270                               78
  SINCE JAN 1   1421                              229
...............................................................


WIND (MPH)
  HIGHEST WIND SPEED    22   HIGHEST WIND DIRECTION    SE (150)
  HIGHEST GUST SPEED    29   HIGHEST GUST DIRECTION    SE (150)
  AVERAGE WIND SPEED     9.9




RELATIVE HUMIDITY (PERCENT)
 HIGHEST   100
 LOWEST     79
 AVERAGE    90

..........................................................


THE WALLOPS ISLAND VA CLIMATE NORMALS FOR TODAY
                         NORMAL    RECORD    YEAR
 MAXIMUM TEMPERATURE (F)   66        81      2007
 MINIMUM TEMPERATURE (F)   47        30      1969


SUNRISE AND SUNSET
OCTOBER 24 2017.......SUNRISE   719 AM EDT   SUNSET   612 PM EDT
OCTOBER 25 2017.......SUNRISE   720 AM EDT   SUNSET   611 PM EDT


-  INDICATES NEGATIVE NUMBERS.
R  INDICATES RECORD WAS SET OR TIED.
MM INDICATES DATA IS MISSING.
T  INDICATES TRACE AMOUNT.




$$
