000
CDUS41 KAKQ 302145
CLIWAL


CLIMATE REPORT
NATIONAL WEATHER SERVICE WAKEFIELD, VA
545 PM EDT THU MAR 30 2017


...................................

...THE WALLOPS ISLAND VA CLIMATE SUMMARY FOR MARCH 30 2017...
VALID TODAY AS OF 0500 PM LOCAL TIME.

CLIMATE NORMAL PERIOD 1981 TO 2010
CLIMATE RECORD PERIOD 1963 TO 2017


WEATHER ITEM   OBSERVED TIME   RECORD YEAR NORMAL DEPARTURE
                VALUE   (LST)  VALUE       VALUE  FROM
                                                  NORMAL
...............................................................
TEMPERATURE (F)
 TODAY
  MAXIMUM         50    125 PM  81    1998  58     -8
  MINIMUM         45    712 AM  30    1983  40      5
  AVERAGE         48

PRECIPITATION (IN)
  TODAY            0.00          1.23 1975   0.13  -0.13
  MONTH TO DATE    1.79                      3.87  -2.08
  SINCE MAR 1      1.79                      3.87  -2.08
  SINCE JAN 1      7.99                      9.67  -1.68

SNOWFALL (IN)
  TODAY            0.0           3.2  1964
  MONTH TO DATE    T
  SINCE NOV 1     10.1
  SINCE JUL 1     10.1
  SNOW DEPTH       0

DEGREE DAYS
 HEATING
  TODAY           17

 COOLING
  TODAY            0
...............................................................


WIND (MPH)
  HIGHEST WIND SPEED    21   HIGHEST WIND DIRECTION    NE (50)
  HIGHEST GUST SPEED    27   HIGHEST GUST DIRECTION    NE (40)




RELATIVE HUMIDITY (PERCENT)
 HIGHEST    83
 LOWEST     61
 AVERAGE    72

..........................................................


THE WALLOPS ISLAND VA CLIMATE NORMALS FOR TOMORROW
                         NORMAL    RECORD    YEAR
 MAXIMUM TEMPERATURE (F)   58        81      1979
 MINIMUM TEMPERATURE (F)   40        28      1969


SUNRISE AND SUNSET
MARCH 30 2017.........SUNRISE   650 AM EDT   SUNSET   723 PM EDT
MARCH 31 2017.........SUNRISE   648 AM EDT   SUNSET   724 PM EDT


-  INDICATES NEGATIVE NUMBERS.
R  INDICATES RECORD WAS SET OR TIED.
MM INDICATES DATA IS MISSING.
T  INDICATES TRACE AMOUNT.




$$
