000
CDUS41 KAKQ 212245
CLIWAL


CLIMATE REPORT
NATIONAL WEATHER SERVICE WAKEFIELD, VA
545 PM EST FRI NOV 21 2014


...................................

...THE WALLOPS ISLAND VA CLIMATE SUMMARY FOR NOVEMBER 21 2014...
VALID TODAY AS OF 0500 PM LOCAL TIME.

CLIMATE NORMAL PERIOD 1981 TO 2010
CLIMATE RECORD PERIOD 1963 TO 2014


WEATHER ITEM   OBSERVED TIME   RECORD YEAR NORMAL DEPARTURE
                VALUE   (LST)  VALUE       VALUE  FROM
                                                  NORMAL
...............................................................
TEMPERATURE (F)
 TODAY
  MAXIMUM         38   1111 AM  75    1991  57    -19
  MINIMUM         28    723 AM  22    1984  39    -11
  AVERAGE         33

PRECIPITATION (IN)
  TODAY            0.00          1.48 2005   0.09  -0.09
  MONTH TO DATE    0.95                      1.98  -1.03
  SINCE SEP 1      6.99                      9.13  -2.14
  SINCE JAN 1     32.58                     36.52  -3.94

SNOWFALL (IN)
  TODAY            0.0           T    1988
                                      1996
  MONTH TO DATE    0.0
  SINCE NOV 1      0.0
  SINCE JUL 1      0.0
  SNOW DEPTH       0

DEGREE DAYS
 HEATING
  TODAY           32

 COOLING
  TODAY            0
...............................................................


WIND (MPH)
  HIGHEST WIND SPEED    26   HIGHEST WIND DIRECTION    NW (330)
  HIGHEST GUST SPEED    33   HIGHEST GUST DIRECTION     N (340)




RELATIVE HUMIDITY (PERCENT)
 HIGHEST    53
 LOWEST     27
 AVERAGE    40

..........................................................


THE WALLOPS ISLAND VA CLIMATE NORMALS FOR TOMORROW
                         NORMAL    RECORD    YEAR
 MAXIMUM TEMPERATURE (F)   56        74      2007
 MINIMUM TEMPERATURE (F)   39        24      1995
                                             1987
                                             1969


SUNRISE AND SUNSET
NOVEMBER 21 2014......SUNRISE   649 AM EST   SUNSET   446 PM EST
NOVEMBER 22 2014......SUNRISE   650 AM EST   SUNSET   446 PM EST


-  INDICATES NEGATIVE NUMBERS.
R  INDICATES RECORD WAS SET OR TIED.
MM INDICATES DATA IS MISSING.
T  INDICATES TRACE AMOUNT.




$$
