000
CDUS41 KAKQ 090627
CLIWAL


CLIMATE REPORT
NATIONAL WEATHER SERVICE WAKEFIELD, VA
126 AM EST TUE FEB 9 2016


...................................

...THE WALLOPS ISLAND VA CLIMATE SUMMARY FOR FEBRUARY 8 2016...

CLIMATE NORMAL PERIOD 1981 TO 2010
CLIMATE RECORD PERIOD 1963 TO 2016


WEATHER ITEM   OBSERVED TIME   RECORD YEAR NORMAL DEPARTURE
                VALUE   (LST)  VALUE       VALUE  FROM
                                                  NORMAL
...............................................................
TEMPERATURE (F)
 YESTERDAY
  MAXIMUM         44    104 PM  69    2009  46     -2
  MINIMUM         39   1141 PM  12    2007  29     10
  AVERAGE         42                        38      4

PRECIPITATION (IN)
  YESTERDAY        T             2.25        0.10  -0.10
  MONTH TO DATE    2.29                      0.75   1.54
  SINCE DEC 1      9.19                      7.22   1.97
  SINCE JAN 1      4.91                      3.79   1.12

SNOWFALL (IN)
  YESTERDAY        0.0           1.2  1974   0.1   -0.1
  MONTH TO DATE    1.0                       0.9    0.1
  SINCE NOV 1      8.3                       4.9    3.4
  SINCE JUL 1      8.3                       4.9    3.4

DEGREE DAYS
 HEATING
  YESTERDAY       23                               -4
  MONTH TO DATE  163                              -59
  SINCE DEC 1   1365                             -497
  SINCE JUL 1   1887                             -679

 COOLING
  YESTERDAY        0                                0
  MONTH TO DATE    0                                0
  SINCE DEC 1      7                                7
  SINCE JAN 1      0                                0
...............................................................


WIND (MPH)
  HIGHEST WIND SPEED    22   HIGHEST WIND DIRECTION     N (360)
  HIGHEST GUST SPEED    30   HIGHEST GUST DIRECTION     N (10)
  AVERAGE WIND SPEED    10.4




RELATIVE HUMIDITY (PERCENT)
 HIGHEST    85
 LOWEST     60
 AVERAGE    73

..........................................................


THE WALLOPS ISLAND VA CLIMATE NORMALS FOR TODAY
                         NORMAL    RECORD    YEAR
 MAXIMUM TEMPERATURE (F)   46        63      1990
 MINIMUM TEMPERATURE (F)   30        10      1979


SUNRISE AND SUNSET
FEBRUARY  9 2016......SUNRISE   659 AM EST   SUNSET   534 PM EST
FEBRUARY 10 2016......SUNRISE   658 AM EST   SUNSET   535 PM EST


-  INDICATES NEGATIVE NUMBERS.
R  INDICATES RECORD WAS SET OR TIED.
MM INDICATES DATA IS MISSING.
T  INDICATES TRACE AMOUNT.




$$
