000
CDUS41 KAKQ 170645
CLIWAL


CLIMATE REPORT
NATIONAL WEATHER SERVICE WAKEFIELD, VA
145 AM EST WED JAN 17 2018


...................................

...THE WALLOPS ISLAND VA CLIMATE SUMMARY FOR JANUARY 16 2018...

CLIMATE NORMAL PERIOD 1981 TO 2010
CLIMATE RECORD PERIOD 1963 TO 2018


WEATHER ITEM   OBSERVED TIME   RECORD YEAR NORMAL DEPARTURE
                VALUE   (LST)  VALUE       VALUE  FROM
                                                  NORMAL
...............................................................
TEMPERATURE (F)
 YESTERDAY
  MAXIMUM         49    317 PM  67    2007  45      4
  MINIMUM         29    758 AM   6    1994  28      1
  AVERAGE         39                        36      3

PRECIPITATION (IN)
  YESTERDAY        0.00          0.49        0.10  -0.10
  MONTH TO DATE    1.32                      1.59  -0.27
  SINCE DEC 1      3.21                      5.02  -1.81
  SINCE JAN 1      1.32                      1.59  -0.27

SNOWFALL (IN)
  YESTERDAY        0.0           6.0  1965   0.1   -0.1
  MONTH TO DATE    9.5                       0.9    8.6
  SINCE NOV 1     10.8                       2.9    7.9
  SINCE JUL 1     10.8                       2.9    7.9

DEGREE DAYS
 HEATING
  YESTERDAY       26                               -3
  MONTH TO DATE  557                              102
  SINCE DEC 1   1348                              135
  SINCE JUL 1   1951                               34

 COOLING
  YESTERDAY        0                                0
  MONTH TO DATE    0                                0
  SINCE DEC 1      0                                0
  SINCE JAN 1      0                                0
...............................................................


WIND (MPH)
  HIGHEST WIND SPEED    12   HIGHEST WIND DIRECTION    NE (60)
  HIGHEST GUST SPEED    15   HIGHEST GUST DIRECTION    NW (320)
  AVERAGE WIND SPEED     7.4




RELATIVE HUMIDITY (PERCENT)
 HIGHEST   100
 LOWEST     66
 AVERAGE    83

..........................................................


THE WALLOPS ISLAND VA CLIMATE NORMALS FOR TODAY
                         NORMAL    RECORD    YEAR
 MAXIMUM TEMPERATURE (F)   45        64      2012
 MINIMUM TEMPERATURE (F)   28         0      1982


SUNRISE AND SUNSET
JANUARY 17 2018.......SUNRISE   716 AM EST   SUNSET   509 PM EST
JANUARY 18 2018.......SUNRISE   715 AM EST   SUNSET   510 PM EST


-  INDICATES NEGATIVE NUMBERS.
R  INDICATES RECORD WAS SET OR TIED.
MM INDICATES DATA IS MISSING.
T  INDICATES TRACE AMOUNT.




$$
