824
CDUS46 KLOX 270901
CLIWJF


CLIMATE REPORT
NATIONAL WEATHER SERVICE LOS ANGELES/OXNARD CA
201 AM PDT TUE SEP 27 2016


...................................

...THE LANCASTER FOX FIELD CA CLIMATE SUMMARY FOR SEPTEMBER 26 2016...

CLIMATE NORMAL PERIOD 1981 TO 2010
CLIMATE RECORD PERIOD 1948 TO 2016


WEATHER ITEM   OBSERVED TIME   RECORD YEAR NORMAL DEPARTURE
                VALUE   (LST)  VALUE       VALUE  FROM
                                                  NORMAL
...............................................................
TEMPERATURE (F)
 YESTERDAY
  MAXIMUM         94    225 PM 101    2010  87      7
                                      2009
  MINIMUM         51    454 AM  27    1948  53     -2
  AVERAGE         73                        70      3

PRECIPITATION (IN)
  YESTERDAY        0.00          0.03 1983   0.00   0.00
  MONTH TO DATE    0.00                      0.12  -0.12
  SINCE OCT 1      3.82                      7.35  -3.53
  SINCE JAN 1      2.53                      5.22  -2.69

SNOWFALL (IN)
  YESTERDAY        0.0           0.0    MM
  MONTH TO DATE    0.0
  SINCE SEP 1      0.0
  SINCE JUL 1      0.0
  SNOW DEPTH       0

DEGREE DAYS
 HEATING
  YESTERDAY        0                               -1
  MONTH TO DATE    2                               -3
  SINCE SEP 1      2                               -3
  SINCE JUL 1      2                               -3

 COOLING
  YESTERDAY        8                                2
  MONTH TO DATE  203                              -47
  SINCE SEP 1    203                              -47
  SINCE JAN 1   2065                              256
...............................................................


WIND (MPH)
  HIGHEST WIND SPEED    17   HIGHEST WIND DIRECTION    NE (60)
  HIGHEST GUST SPEED    22   HIGHEST GUST DIRECTION     E (80)
  AVERAGE WIND SPEED     6.0




RELATIVE HUMIDITY (PERCENT)
 HIGHEST    28
 LOWEST     10
 AVERAGE    19

..........................................................


THE LANCASTER FOX FIELD CA CLIMATE NORMALS FOR TODAY
                         NORMAL    RECORD    YEAR
 MAXIMUM TEMPERATURE (F)   87       103      2010
                                             2003
 MINIMUM TEMPERATURE (F)   53        30      1948


SUNRISE AND SUNSET
SEPTEMBER 27 2016.....SUNRISE   645 AM PDT   SUNSET   642 PM PDT
SEPTEMBER 28 2016.....SUNRISE   646 AM PDT   SUNSET   640 PM PDT


-  INDICATES NEGATIVE NUMBERS.
R  INDICATES RECORD WAS SET OR TIED.
MM INDICATES DATA IS MISSING.
T  INDICATES TRACE AMOUNT.




$$
