000
CDUS46 KLOX 100909
CLIWJF


CLIMATE REPORT
NATIONAL WEATHER SERVICE LOS ANGELES/OXNARD CA
108 AM PST SAT DEC 10 2016


...................................

...THE LANCASTER FOX FIELD CA CLIMATE SUMMARY FOR DECEMBER 9 2016...

CLIMATE NORMAL PERIOD 1981 TO 2010
CLIMATE RECORD PERIOD 1948 TO 2016


WEATHER ITEM   OBSERVED TIME   RECORD YEAR NORMAL DEPARTURE
                VALUE   (LST)  VALUE       VALUE  FROM
                                                  NORMAL
...............................................................
TEMPERATURE (F)
 YESTERDAY
  MAXIMUM         67    246 PM  79    2015  58      9
  MINIMUM         43   1008 PM  11    1956  30     13
  AVERAGE         55                        44     11

PRECIPITATION (IN)
  YESTERDAY        0.00          0.24 1965   0.03  -0.03
  MONTH TO DATE    T                         0.25  -0.25
  SINCE OCT 1      0.40                      1.23  -0.83
  SINCE JAN 1      2.93                      6.48  -3.55

SNOWFALL (IN)
  YESTERDAY        0.0           0.0    MM
  MONTH TO DATE    0.0
  SINCE DEC 1      0.0
  SINCE JUL 1      0.0
  SNOW DEPTH       0

DEGREE DAYS
 HEATING
  YESTERDAY       10                              -11
  MONTH TO DATE  152                              -29
  SINCE DEC 1    152                              -29
  SINCE JUL 1    578                             -148

 COOLING
  YESTERDAY        0                                0
  MONTH TO DATE    0                                0
  SINCE DEC 1      0                                0
  SINCE JAN 1   2148                              266
...............................................................


WIND (MPH)
  HIGHEST WIND SPEED    26   HIGHEST WIND DIRECTION     W (280)
  HIGHEST GUST SPEED    31   HIGHEST GUST DIRECTION     W (270)
  AVERAGE WIND SPEED    10.5




RELATIVE HUMIDITY (PERCENT)
 HIGHEST    82
 LOWEST     45
 AVERAGE    64

..........................................................


THE LANCASTER FOX FIELD CA CLIMATE NORMALS FOR TODAY
                         NORMAL    RECORD    YEAR
 MAXIMUM TEMPERATURE (F)   58        74      1975
 MINIMUM TEMPERATURE (F)   30        12      1956


SUNRISE AND SUNSET
DECEMBER 10 2016......SUNRISE   650 AM PST   SUNSET   442 PM PST
DECEMBER 11 2016......SUNRISE   650 AM PST   SUNSET   442 PM PST


-  INDICATES NEGATIVE NUMBERS.
R  INDICATES RECORD WAS SET OR TIED.
MM INDICATES DATA IS MISSING.
T  INDICATES TRACE AMOUNT.




$$
