000
CDUS46 KLOX 230111
CLIWJF


CLIMATE REPORT
NATIONAL WEATHER SERVICE LOS ANGELES/OXNARD CA
611 PM PDT TUE APR 22 2014


...................................

...THE LANCASTER CLIMATE SUMMARY FOR APRIL 22 2014...
VALID TODAY AS OF 0600 PM LOCAL TIME.

CLIMATE NORMAL PERIOD 1981 TO 2010
CLIMATE RECORD PERIOD 1948 TO 2014


WEATHER ITEM   OBSERVED TIME   RECORD YEAR NORMAL DEPARTURE LAST
                VALUE   (LST)  VALUE       VALUE  FROM      YEAR
                                                  NORMAL
..................................................................
TEMPERATURE (F)
 TODAY
  MAXIMUM         67    249 PM  98    1949  75     -8       89
  MINIMUM         56    613 AM  30    1982  47      9       59
  AVERAGE         62                        61      1       74

PRECIPITATION (IN)
  TODAY            0.00          0.20 1967   0.01  -0.01     0.00
  MONTH TO DATE    0.09                      0.29  -0.20     0.00
  SINCE JUL 1      3.79                      7.18  -3.39     1.11
  SINCE JAN 1      2.18                      4.71  -2.53     0.95

SNOWFALL (IN)
  TODAY            0.0           0.0    MM   0.0             0.0
  MONTH TO DATE    0.0                       0.0             0.0
  SINCE MAR 1      0.0                       0.0             0.0
  SINCE JUL 1      0.0                       2.3             0.0
  SNOW DEPTH       0

DEGREE DAYS
 HEATING
  TODAY            3                         5     -2        0
  MONTH TO DATE  103                       171    -68      107
  SINCE MAR 1    390                       539   -149      313
  SINCE JUL 1   2627                      2832   -205     2685

 COOLING
  TODAY            0                         1     -1        9
  MONTH TO DATE   22                        13      9       27
  SINCE MAR 1     22                        15      7       39
  SINCE JAN 1     28                        15     13       39
..................................................................


WIND (MPH)
  HIGHEST WIND SPEED    37   HIGHEST WIND DIRECTION     W (280)
  HIGHEST GUST SPEED    44   HIGHEST GUST DIRECTION     W (290)
  AVERAGE WIND SPEED    21.9


SKY COVER
  POSSIBLE SUNSHINE  MM
  AVERAGE SKY COVER 0.0


WEATHER CONDITIONS
 THE FOLLOWING WEATHER WAS RECORDED TODAY.
  NO SIGNIFICANT WEATHER WAS OBSERVED.


RELATIVE HUMIDITY (PERCENT)
 HIGHEST    55           500 AM
 LOWEST     18          1000 AM
 AVERAGE    37

..........................................................


THE LANCASTER CLIMATE NORMALS FOR TOMORROW
                         NORMAL    RECORD    YEAR
 MAXIMUM TEMPERATURE (F)   75        98      1949
 MINIMUM TEMPERATURE (F)   47        30      1968


SUNRISE AND SUNSET
APRIL 22 2014.........SUNRISE   612 AM PDT   SUNSET   731 PM PDT
APRIL 23 2014.........SUNRISE   611 AM PDT   SUNSET   732 PM PDT


-  INDICATES NEGATIVE NUMBERS.
R  INDICATES RECORD WAS SET OR TIED.
MM INDICATES DATA IS MISSING.
T  INDICATES TRACE AMOUNT.




$$
