000
CDUS46 KLOX 160117
CLIWJF


CLIMATE REPORT
NATIONAL WEATHER SERVICE LOS ANGELES/OXNARD CA
616 PM PDT TUE APR 15 2014


...................................

...THE LANCASTER CLIMATE SUMMARY FOR APRIL 15 2014...
VALID TODAY AS OF 0600 PM LOCAL TIME.

CLIMATE NORMAL PERIOD 1981 TO 2010
CLIMATE RECORD PERIOD 1948 TO 2014


WEATHER ITEM   OBSERVED TIME   RECORD YEAR NORMAL DEPARTURE LAST
                VALUE   (LST)  VALUE       VALUE  FROM      YEAR
                                                  NORMAL
..................................................................
TEMPERATURE (F)
 TODAY
  MAXIMUM         83    228 PM  92    1954  73     10       64
  MINIMUM         46    558 AM  30    1970  45      1       47
  AVERAGE         65                        59      6       56

PRECIPITATION (IN)
  TODAY            0.00          0.27 1976   0.01  -0.01     0.00
  MONTH TO DATE    0.09                      0.22  -0.13     0.00
  SINCE JUL 1      3.79                      7.11  -3.32     1.11
  SINCE JAN 1      2.18                      4.64  -2.46     0.95

SNOWFALL (IN)
  TODAY            0.0           0.0    MM   0.0             0.0
  MONTH TO DATE    0.0                       0.0             0.0
  SINCE MAR 1      0.0                       0.0             0.0
  SINCE JUL 1      0.0                       2.3             0.0
  SNOW DEPTH       0

DEGREE DAYS
 HEATING
  TODAY            0                         7     -7        9
  MONTH TO DATE   99                       128    -29       57
  SINCE MAR 1    386                       496   -110      263
  SINCE JUL 1   2623                      2789   -166     2635

 COOLING
  TODAY            0                         1     -1        0
  MONTH TO DATE    6                         6      0       11
  SINCE MAR 1      6                         8     -2       23
  SINCE JAN 1     12                         8      4       23
..................................................................


WIND (MPH)
  HIGHEST WIND SPEED    28   HIGHEST WIND DIRECTION     W (270)
  HIGHEST GUST SPEED    32   HIGHEST GUST DIRECTION     W (270)
  AVERAGE WIND SPEED    13.5


SKY COVER
  POSSIBLE SUNSHINE  MM
  AVERAGE SKY COVER 0.0


WEATHER CONDITIONS
 THE FOLLOWING WEATHER WAS RECORDED TODAY.
  NO SIGNIFICANT WEATHER WAS OBSERVED.


RELATIVE HUMIDITY (PERCENT)
 HIGHEST    49           600 AM
 LOWEST     14           200 PM
 AVERAGE    32

..........................................................


THE LANCASTER CLIMATE NORMALS FOR TOMORROW
                         NORMAL    RECORD    YEAR
 MAXIMUM TEMPERATURE (F)   73        94      1954
 MINIMUM TEMPERATURE (F)   45        32      1983


SUNRISE AND SUNSET
APRIL 15 2014.........SUNRISE   621 AM PDT   SUNSET   725 PM PDT
APRIL 16 2014.........SUNRISE   620 AM PDT   SUNSET   726 PM PDT


-  INDICATES NEGATIVE NUMBERS.
R  INDICATES RECORD WAS SET OR TIED.
MM INDICATES DATA IS MISSING.
T  INDICATES TRACE AMOUNT.




$$
