000
CDUS46 KLOX 240112
CLIWJF


CLIMATE REPORT
NATIONAL WEATHER SERVICE LOS ANGELES/OXNARD CA
612 PM PDT THU OCT 23 2014


...................................

...THE LANCASTER CLIMATE SUMMARY FOR OCTOBER 23 2014...
VALID TODAY AS OF 0600 PM LOCAL TIME.

CLIMATE NORMAL PERIOD 1981 TO 2010
CLIMATE RECORD PERIOD 1948 TO 2014


WEATHER ITEM   OBSERVED TIME   RECORD YEAR NORMAL DEPARTURE LAST
                VALUE   (LST)  VALUE       VALUE  FROM      YEAR
                                                  NORMAL
..................................................................
TEMPERATURE (F)
 TODAY
  MAXIMUM         87    202 PM  93    1959  77     10       83
  MINIMUM         41    529 AM  30    1984  44     -3       39
  AVERAGE         64                        60      4       61

PRECIPITATION (IN)
  TODAY            0.00          0.30 1992   0.01  -0.01     0.00
  MONTH TO DATE    0.00                      0.28  -0.28     0.02
  SINCE JUL 1      0.03                      0.62  -0.59     0.04
  SINCE JAN 1      2.35                      5.53  -3.18     1.14

SNOWFALL (IN)
  TODAY            0.0           0.0    MM   0.0             0.0
  MONTH TO DATE    0.0                       0.0             0.0
  SINCE SEP 1      0.0                       0.0             0.0
  SINCE JUL 1      0.0                       0.0             0.0
  SNOW DEPTH       0

DEGREE DAYS
 HEATING
  TODAY            1                         5     -4        4
  MONTH TO DATE   12                        70    -58      153
  SINCE SEP 1     14                        82    -68      174
  SINCE JUL 1     14                        82    -68      174

 COOLING
  TODAY            0                         1     -1        0
  MONTH TO DATE   71                        49     22       16
  SINCE SEP 1    401                       320     81      333
  SINCE JAN 1   2052                      1879    173     2204
..................................................................


WIND (MPH)
  HIGHEST WIND SPEED    17   HIGHEST WIND DIRECTION     W (260)
  HIGHEST GUST SPEED    22   HIGHEST GUST DIRECTION     W (270)
  AVERAGE WIND SPEED     3.8


SKY COVER
  POSSIBLE SUNSHINE  MM
  AVERAGE SKY COVER 0.0


WEATHER CONDITIONS
 THE FOLLOWING WEATHER WAS RECORDED TODAY.
  NO SIGNIFICANT WEATHER WAS OBSERVED.


RELATIVE HUMIDITY (PERCENT)
 HIGHEST    53           500 AM
 LOWEST     11           300 PM
 AVERAGE    32

..........................................................


THE LANCASTER CLIMATE NORMALS FOR TOMORROW
                         NORMAL    RECORD    YEAR
 MAXIMUM TEMPERATURE (F)   76        96      1959
 MINIMUM TEMPERATURE (F)   43        26      1975


SUNRISE AND SUNSET
OCTOBER 23 2014.......SUNRISE   705 AM PDT   SUNSET   608 PM PDT
OCTOBER 24 2014.......SUNRISE   706 AM PDT   SUNSET   607 PM PDT


-  INDICATES NEGATIVE NUMBERS.
R  INDICATES RECORD WAS SET OR TIED.
MM INDICATES DATA IS MISSING.
T  INDICATES TRACE AMOUNT.




$$
