000
CDUS46 KLOX 220140
CLIWJF


CLIMATE REPORT
NATIONAL WEATHER SERVICE LOS ANGELES/OXNARD CA
640 PM PDT MON AUG 21 2017


...................................

...THE LANCASTER CLIMATE SUMMARY FOR AUGUST 21 2017...
VALID TODAY AS OF 0600 PM LOCAL TIME.

CLIMATE NORMAL PERIOD 1981 TO 2010
CLIMATE RECORD PERIOD 1948 TO 2017


WEATHER ITEM   OBSERVED TIME   RECORD YEAR NORMAL DEPARTURE LAST
                VALUE   (LST)  VALUE       VALUE  FROM      YEAR
                                                  NORMAL
..................................................................
TEMPERATURE (F)
 TODAY
  MAXIMUM         95    204 PM 107    1950  97     -2       97
  MINIMUM         58    522 AM  44    1959  64     -6       71
  AVERAGE         77                        80     -3       84

PRECIPITATION (IN)
  TODAY            0.00          T    1982   0.00   0.00     0.00
  MONTH TO DATE    0.03                      0.06  -0.03     0.00
  SINCE OCT 1      6.54                      7.19  -0.65     3.82
  SINCE JAN 1      4.55                      5.06  -0.51     2.53

SNOWFALL (IN)
  TODAY            0.0           0.0    MM   0.0             0.0
  MONTH TO DATE    0.0                       0.0             0.0
  SINCE JUN 1      0.0                       0.0             0.0
  SINCE JUL 1      0.0                       0.0             0.0
  SNOW DEPTH       0

DEGREE DAYS
 HEATING
  TODAY            0                         0      0        0
  MONTH TO DATE    0                         0      0        0
  SINCE JUN 1      9                         8      1        0
  SINCE JUL 1      0                         0      0        0

 COOLING
  TODAY           12                        15     -3       19
  MONTH TO DATE  377                       349     28      379
  SINCE JUN 1   1542                      1226    316     1525
  SINCE JAN 1   1703                      1415    288     1693
..................................................................


WIND (MPH)
  HIGHEST WIND SPEED    24   HIGHEST WIND DIRECTION    SW (240)
  HIGHEST GUST SPEED    29   HIGHEST GUST DIRECTION    SW (240)
  AVERAGE WIND SPEED     8.2


SKY COVER
  POSSIBLE SUNSHINE  MM
  AVERAGE SKY COVER 0.0


WEATHER CONDITIONS
 THE FOLLOWING WEATHER WAS RECORDED TODAY.
  NO SIGNIFICANT WEATHER WAS OBSERVED.


RELATIVE HUMIDITY (PERCENT)
 HIGHEST    55           500 AM
 LOWEST     14           100 PM
 AVERAGE    35

..........................................................


THE LANCASTER CLIMATE NORMALS FOR TOMORROW
                         NORMAL    RECORD    YEAR
 MAXIMUM TEMPERATURE (F)   97       105      1961
 MINIMUM TEMPERATURE (F)   63        48      1959


SUNRISE AND SUNSET
AUGUST 21 2017........SUNRISE   618 AM PDT   SUNSET   733 PM PDT
AUGUST 22 2017........SUNRISE   619 AM PDT   SUNSET   732 PM PDT


-  INDICATES NEGATIVE NUMBERS.
R  INDICATES RECORD WAS SET OR TIED.
MM INDICATES DATA IS MISSING.
T  INDICATES TRACE AMOUNT.




$$
