000
CDUS46 KLOX 250909
CLIWJF


CLIMATE REPORT
NATIONAL WEATHER SERVICE LOS ANGELES/OXNARD CA
208 AM PDT MON MAY 25 2015


...................................

...THE LANCASTER FOX FIELD CA CLIMATE SUMMARY FOR MAY 24 2015...

CLIMATE NORMAL PERIOD 1981 TO 2010
CLIMATE RECORD PERIOD 1948 TO 2015


WEATHER ITEM   OBSERVED TIME   RECORD YEAR NORMAL DEPARTURE
                VALUE   (LST)  VALUE       VALUE  FROM
                                                  NORMAL
...............................................................
TEMPERATURE (F)
 YESTERDAY
  MAXIMUM         81   1254 PM  99    2001  85     -4
  MINIMUM         54    530 AM  39    2008  56     -2
  AVERAGE         68                        70     -2

PRECIPITATION (IN)
  YESTERDAY        0.00          T    1999   0.01  -0.01
  MONTH TO DATE    0.28                      0.08   0.20
  SINCE OCT 1      4.61                      6.98  -2.37
  SINCE JAN 1      1.69                      4.85  -3.16

SNOWFALL (IN)
  YESTERDAY        0.0           0.0    MM
  MONTH TO DATE    0.0
  SINCE MAR 1      0.0
  SINCE JUL 1      0.0
  SNOW DEPTH       0

DEGREE DAYS
 HEATING
  YESTERDAY        0                               -1
  MONTH TO DATE  105                               52
  SINCE MAR 1    507                             -121
  SINCE JUL 1   2376                             -545

 COOLING
  YESTERDAY        3                               -3
  MONTH TO DATE   16                              -91
  SINCE MAR 1     44                              -93
  SINCE JAN 1     44                              -93
...............................................................


WIND (MPH)
  HIGHEST WIND SPEED    28   HIGHEST WIND DIRECTION     W (250)
  HIGHEST GUST SPEED    33   HIGHEST GUST DIRECTION    SW (240)
  AVERAGE WIND SPEED    13.9




RELATIVE HUMIDITY (PERCENT)
 HIGHEST    72
 LOWEST     28
 AVERAGE    50

..........................................................


THE LANCASTER FOX FIELD CA CLIMATE NORMALS FOR TODAY
                         NORMAL    RECORD    YEAR
 MAXIMUM TEMPERATURE (F)   85       105      1951
 MINIMUM TEMPERATURE (F)   56        41      2010
                                             1953


SUNRISE AND SUNSET
MAY 25 2015...........SUNRISE   544 AM PDT   SUNSET   756 PM PDT
MAY 26 2015...........SUNRISE   543 AM PDT   SUNSET   757 PM PDT


-  INDICATES NEGATIVE NUMBERS.
R  INDICATES RECORD WAS SET OR TIED.
MM INDICATES DATA IS MISSING.
T  INDICATES TRACE AMOUNT.




$$
