000
CDUS46 KLOX 260115
CLIWJF


CLIMATE REPORT
NATIONAL WEATHER SERVICE LOS ANGELES/OXNARD CA
515 PM PST THU DEC 25 2014


...................................

...THE LANCASTER CLIMATE SUMMARY FOR DECEMBER 25 2014...
VALID TODAY AS OF 0500 PM LOCAL TIME.

CLIMATE NORMAL PERIOD 1981 TO 2010
CLIMATE RECORD PERIOD 1948 TO 2014


WEATHER ITEM   OBSERVED TIME   RECORD YEAR NORMAL DEPARTURE LAST
                VALUE   (LST)  VALUE       VALUE  FROM      YEAR
                                                  NORMAL
..................................................................
TEMPERATURE (F)
 TODAY
  MAXIMUM         49    252 PM  73    2005  57     -8       63
  MINIMUM         38    538 AM   5    1990  29      9       24
  AVERAGE         44                        43      1       44

PRECIPITATION (IN)
  TODAY            0.00          1.84 1983   0.04  -0.04     0.00
  MONTH TO DATE    2.62                      0.85   1.77     0.09
  SINCE JUL 1      2.95                      2.17   0.78     1.61
  SINCE JAN 1      5.27                      7.08  -1.81     2.71

SNOWFALL (IN)
  TODAY            0.0           0.0    MM   0.0             0.0
  MONTH TO DATE    0.0                       1.0             0.0
  SINCE DEC 1      0.0                       1.0             0.0
  SINCE JUL 1      0.0                       1.0             0.0
  SNOW DEPTH       0

DEGREE DAYS
 HEATING
  TODAY           21                        22     -1       21
  MONTH TO DATE  408                       529   -121      575
  SINCE DEC 1    408                       529   -121      575
  SINCE JUL 1    805                      1074   -269     1226

 COOLING
  TODAY            0                         0      0        0
  MONTH TO DATE    0                         0      0        0
  SINCE DEC 1      0                         0      0        0
  SINCE JAN 1   2055                      1882    173     2204
..................................................................


WIND (MPH)
  HIGHEST WIND SPEED    43   HIGHEST WIND DIRECTION     W (290)
  HIGHEST GUST SPEED    51   HIGHEST GUST DIRECTION     W (290)
  AVERAGE WIND SPEED    17.7


SKY COVER
  POSSIBLE SUNSHINE  MM
  AVERAGE SKY COVER 0.2


WEATHER CONDITIONS
 THE FOLLOWING WEATHER WAS RECORDED TODAY.
  HAZE


RELATIVE HUMIDITY (PERCENT)
 HIGHEST    76           100 AM
 LOWEST     34           100 PM
 AVERAGE    55

..........................................................


THE LANCASTER CLIMATE NORMALS FOR TOMORROW
                         NORMAL    RECORD    YEAR
 MAXIMUM TEMPERATURE (F)   57        72      1980
 MINIMUM TEMPERATURE (F)   29        11      1962


SUNRISE AND SUNSET
DECEMBER 25 2014......SUNRISE   658 AM PST   SUNSET   448 PM PST
DECEMBER 26 2014......SUNRISE   658 AM PST   SUNSET   449 PM PST


-  INDICATES NEGATIVE NUMBERS.
R  INDICATES RECORD WAS SET OR TIED.
MM INDICATES DATA IS MISSING.
T  INDICATES TRACE AMOUNT.




$$
