342
CDUS46 KLOX 120908
CLIWJF


CLIMATE REPORT
NATIONAL WEATHER SERVICE LOS ANGELES/OXNARD CA
107 AM PST FRI FEB 12 2016


...................................

...THE LANCASTER FOX FIELD CA CLIMATE SUMMARY FOR FEBRUARY 11 2016...

CLIMATE NORMAL PERIOD 1981 TO 2010
CLIMATE RECORD PERIOD 1948 TO 2016


WEATHER ITEM   OBSERVED TIME   RECORD YEAR NORMAL DEPARTURE
                VALUE   (LST)  VALUE       VALUE  FROM
                                                  NORMAL
...............................................................
TEMPERATURE (F)
 YESTERDAY
  MAXIMUM         75    403 PM  79    1971  61     14
  MINIMUM         29    547 AM  17    2002  34     -5
  AVERAGE         52                        48      4

PRECIPITATION (IN)
  YESTERDAY        0.00          1.32 2005   0.06  -0.06
  MONTH TO DATE    T                         0.68  -0.68
  SINCE OCT 1      3.02                      4.31  -1.29
  SINCE JAN 1      1.73                      2.18  -0.45

SNOWFALL (IN)
  YESTERDAY        0.0           0.0    MM
  MONTH TO DATE    0.0
  SINCE DEC 1      0.0
  SINCE JUL 1      0.0
  SNOW DEPTH       0

DEGREE DAYS
 HEATING
  YESTERDAY       13                               -4
  MONTH TO DATE  208                                9
  SINCE DEC 1   1488                                9
  SINCE JUL 1   2068                               44

 COOLING
  YESTERDAY        0                                0
  MONTH TO DATE    0                                0
  SINCE DEC 1      0                                0
  SINCE JAN 1      0                                0
...............................................................


WIND (MPH)
  HIGHEST WIND SPEED     8   HIGHEST WIND DIRECTION     W (280)
  HIGHEST GUST SPEED    11   HIGHEST GUST DIRECTION     W (260)
  AVERAGE WIND SPEED     2.4




RELATIVE HUMIDITY (PERCENT)
 HIGHEST    75
 LOWEST     15
 AVERAGE    45

..........................................................


THE LANCASTER FOX FIELD CA CLIMATE NORMALS FOR TODAY
                         NORMAL    RECORD    YEAR
 MAXIMUM TEMPERATURE (F)   61        82      2014
 MINIMUM TEMPERATURE (F)   34        14      1965


SUNRISE AND SUNSET
FEBRUARY 12 2016......SUNRISE   642 AM PST   SUNSET   533 PM PST
FEBRUARY 13 2016......SUNRISE   641 AM PST   SUNSET   534 PM PST


-  INDICATES NEGATIVE NUMBERS.
R  INDICATES RECORD WAS SET OR TIED.
MM INDICATES DATA IS MISSING.
T  INDICATES TRACE AMOUNT.




$$
