000
CDUS46 KLOX 291007
CLIWJF


CLIMATE REPORT
NATIONAL WEATHER SERVICE LOS ANGELES/OXNARD CA
306 AM PDT SUN MAR 29 2015


...................................

...THE LANCASTER FOX FIELD CA CLIMATE SUMMARY FOR MARCH 28 2015...

CLIMATE NORMAL PERIOD 1981 TO 2010
CLIMATE RECORD PERIOD 1948 TO 2015


WEATHER ITEM   OBSERVED TIME   RECORD YEAR NORMAL DEPARTURE
                VALUE   (LST)  VALUE       VALUE  FROM
                                                  NORMAL
...............................................................
TEMPERATURE (F)
 YESTERDAY
  MAXIMUM         85R   208 PM  84    1966  69     16
  MINIMUM         55    646 AM  28    1975  41     14
  AVERAGE         70                        55     15

PRECIPITATION (IN)
  YESTERDAY        0.00          0.62 1979   0.03  -0.03
  MONTH TO DATE    0.04                      1.07  -1.03
  SINCE OCT 1      4.32                      6.48  -2.16
  SINCE JAN 1      1.40                      4.35  -2.95

SNOWFALL (IN)
  YESTERDAY        0.0           T    1998
  MONTH TO DATE    0.0
  SINCE MAR 1      0.0
  SINCE JUL 1      0.0
  SNOW DEPTH       0

DEGREE DAYS
 HEATING
  YESTERDAY        0                              -10
  MONTH TO DATE  216                             -121
  SINCE MAR 1    216                             -121
  SINCE JUL 1   2085                             -545

 COOLING
  YESTERDAY        5                                5
  MONTH TO DATE    5                                5
  SINCE MAR 1      5                                5
  SINCE JAN 1      5                                5
...............................................................


WIND (MPH)
  HIGHEST WIND SPEED    21   HIGHEST WIND DIRECTION    SW (220)
  HIGHEST GUST SPEED    27   HIGHEST GUST DIRECTION    SW (220)
  AVERAGE WIND SPEED    11.0




RELATIVE HUMIDITY (PERCENT)
 HIGHEST    57
 LOWEST      9
 AVERAGE    33

..........................................................


THE LANCASTER FOX FIELD CA CLIMATE NORMALS FOR TODAY
                         NORMAL    RECORD    YEAR
 MAXIMUM TEMPERATURE (F)   69        87      1969
 MINIMUM TEMPERATURE (F)   41        27      1988


SUNRISE AND SUNSET
MARCH 29 2015.........SUNRISE   644 AM PDT   SUNSET   712 PM PDT
MARCH 30 2015.........SUNRISE   643 AM PDT   SUNSET   712 PM PDT


-  INDICATES NEGATIVE NUMBERS.
R  INDICATES RECORD WAS SET OR TIED.
MM INDICATES DATA IS MISSING.
T  INDICATES TRACE AMOUNT.




$$
