197
CDUS46 KLOX 260115
CLIWJF


CLIMATE REPORT
NATIONAL WEATHER SERVICE LOS ANGELES/OXNARD CA
615 PM PDT SAT MAR 25 2017


...................................

...THE LANCASTER CLIMATE SUMMARY FOR MARCH 25 2017...
VALID TODAY AS OF 0600 PM LOCAL TIME.

CLIMATE NORMAL PERIOD 1981 TO 2010
CLIMATE RECORD PERIOD 1948 TO 2017


WEATHER ITEM   OBSERVED TIME   RECORD YEAR NORMAL DEPARTURE LAST
                VALUE   (LST)  VALUE       VALUE  FROM      YEAR
                                                  NORMAL
..................................................................
TEMPERATURE (F)
 TODAY
  MAXIMUM         67   1247 PM  84    1988  69     -2       76
  MINIMUM         47    458 AM  28    1987  40      7       46
  AVERAGE         57                        54      3       61

PRECIPITATION (IN)
  TODAY            T             1.04 1998   0.03  -0.03     0.00
  MONTH TO DATE    0.17                      0.99  -0.82     0.62
  SINCE OCT 1      6.51                      6.40   0.11     3.67
  SINCE JAN 1      4.52                      4.27   0.25     2.38

SNOWFALL (IN)
  TODAY           MM             0.8  1977   0.0             0.0
  MONTH TO DATE    0.0                       0.0             0.0
  SINCE MAR 1      0.0                       0.0             0.0
  SINCE JUL 1      0.0                       2.3             0.0
  SNOW DEPTH       0

DEGREE DAYS
 HEATING
  TODAY            8                        11     -3        4
  MONTH TO DATE  227                       307    -80      199
  SINCE MAR 1    227                       307    -80      199
  SINCE JUL 1   2226                      2600   -374     2450

 COOLING
  TODAY            0                         0      0        0
  MONTH TO DATE    4                         0      4        3
  SINCE MAR 1      4                         0      4        3
  SINCE JAN 1      4                         0      4        6
..................................................................


WIND (MPH)
  HIGHEST WIND SPEED    29   HIGHEST WIND DIRECTION     W (270)
  HIGHEST GUST SPEED    35   HIGHEST GUST DIRECTION     W (270)
  AVERAGE WIND SPEED    14.8


SKY COVER
  POSSIBLE SUNSHINE  MM
  AVERAGE SKY COVER 0.3


WEATHER CONDITIONS
 THE FOLLOWING WEATHER WAS RECORDED TODAY.
  HAZE


RELATIVE HUMIDITY (PERCENT)
 HIGHEST    82           500 AM
 LOWEST     34           400 PM
 AVERAGE    58

..........................................................


THE LANCASTER CLIMATE NORMALS FOR TOMORROW
                         NORMAL    RECORD    YEAR
 MAXIMUM TEMPERATURE (F)   69        86      1988
 MINIMUM TEMPERATURE (F)   40        28      1976


SUNRISE AND SUNSET
MARCH 25 2017.........SUNRISE   649 AM PDT   SUNSET   709 PM PDT
MARCH 26 2017.........SUNRISE   648 AM PDT   SUNSET   710 PM PDT


-  INDICATES NEGATIVE NUMBERS.
R  INDICATES RECORD WAS SET OR TIED.
MM INDICATES DATA IS MISSING.
T  INDICATES TRACE AMOUNT.




$$
