000
CDUS45 KLKN 180031
CLIWMC


CLIMATE REPORT
NATIONAL WEATHER SERVICE ELKO NV
531 PM PDT THU APR 17 2014


...................................

...THE WINNEMUCCA AIRPORT NV CLIMATE SUMMARY FOR APRIL 17 2014...
VALID TODAY AS OF 0500 PM LOCAL TIME.

CLIMATE NORMAL PERIOD 1981 TO 2010
CLIMATE RECORD PERIOD 1877 TO 2014


WEATHER ITEM   OBSERVED TIME   RECORD YEAR NORMAL DEPARTURE LAST
                VALUE   (LST)  VALUE       VALUE  FROM      YEAR
                                                  NORMAL
..................................................................
TEMPERATURE (F)
 TODAY
  MAXIMUM         78    250 PM  86    1936  63     15       50
  MINIMUM         32    412 AM  16    1991  31      1       19
                                      1976
  AVERAGE         55                        47      8       35

PRECIPITATION (IN)
  TODAY            0.00          0.61 1988   0.03  -0.03     0.00
  MONTH TO DATE    0.11                      0.49  -0.38     0.55
  SINCE OCT 1      5.49                      5.33   0.16     3.75
  SINCE JAN 1      2.83                      2.85  -0.02     1.34

SNOWFALL (IN)
  TODAY            0.0           0.7  1880   0.1   -0.1      0.0
  MONTH TO DATE    1.2                       1.1    0.1       T
  SINCE MAR 1      1.9                       4.3   -2.4       T
  SINCE JUL 1     23.4                      20.3    3.1     21.9
  SNOW DEPTH       0

DEGREE DAYS
 HEATING
  TODAY           10                        18     -8       30
  MONTH TO DATE  301                       339    -38      341
  SINCE MAR 1   1004                      1078    -74     1051
  SINCE JUL 1   5663                      5667     -4     5817

 COOLING
  TODAY            0                         0      0        0
  MONTH TO DATE    0                         0      0        0
  SINCE MAR 1      0                         0      0        0
  SINCE JAN 1      0                         0      0        0
..................................................................


WIND (MPH)
  HIGHEST WIND SPEED    23   HIGHEST WIND DIRECTION    SW (240)
  HIGHEST GUST SPEED    29   HIGHEST GUST DIRECTION    SW (240)



WEATHER CONDITIONS
 THE FOLLOWING WEATHER WAS RECORDED TODAY.
  NO SIGNIFICANT WEATHER WAS OBSERVED.


RELATIVE HUMIDITY (PERCENT)
 HIGHEST    69           300 AM
 LOWEST     15           300 PM
 AVERAGE    42

..........................................................


THE WINNEMUCCA AIRPORT NV CLIMATE NORMALS FOR TOMORROW
                         NORMAL    RECORD    YEAR
 MAXIMUM TEMPERATURE (F)   63        84      1994
 MINIMUM TEMPERATURE (F)   31        13      2013
                                             1970
                                             1959


SUNRISE AND SUNSET
APRIL 17 2014.........SUNRISE   609 AM PDT   SUNSET   733 PM PDT
APRIL 18 2014.........SUNRISE   608 AM PDT   SUNSET   734 PM PDT


-  INDICATES NEGATIVE NUMBERS.
R  INDICATES RECORD WAS SET OR TIED.
MM INDICATES DATA IS MISSING.
T  INDICATES TRACE AMOUNT.




$$
