000
CDUS45 KLKN 210934
CLIWMC


CLIMATE REPORT
NATIONAL WEATHER SERVICE ELKO NV
131 AM PST SAT JAN 21 2017


...................................

...THE WINNEMUCCA AIRPORT NV CLIMATE SUMMARY FOR JANUARY 20 2017...

CLIMATE NORMAL PERIOD 1981 TO 2010
CLIMATE RECORD PERIOD 1877 TO 2017


WEATHER ITEM   OBSERVED TIME   RECORD YEAR NORMAL DEPARTURE LAST
                VALUE   (LST)  VALUE       VALUE  FROM      YEAR
                                                  NORMAL
..................................................................
TEMPERATURE (F)
 YESTERDAY
  MAXIMUM         36   1252 PM  60    1981  42     -6       46
  MINIMUM         28   1152 PM -27    1937  19      9       32
  AVERAGE         32                        30      2       39

PRECIPITATION (IN)
  YESTERDAY        0.10          0.50 1888   0.03   0.07     0.00
  MONTH TO DATE    1.50                      0.60   0.90     1.21
  SINCE OCT 1      6.04                      3.08   2.96     5.49
  SINCE JAN 1      1.50                      0.60   0.90     1.21

SNOWFALL (IN)
  YESTERDAY        0.9           7.0  1888   0.1    0.8      0.0
  MONTH TO DATE    5.1                       2.5    2.6      5.5
  SINCE DEC 1     11.3                       7.8    3.5     14.5
  SINCE JUL 1     11.9                      11.3    0.6     14.8
  SNOW DEPTH       0

DEGREE DAYS
 HEATING
  YESTERDAY       33                        35     -2       26
  MONTH TO DATE  750                       711     39      714
  SINCE DEC 1   1950                      1816    134     1770
  SINCE JUL 1   3285                      3384    -99     3119

 COOLING
  YESTERDAY        0                         0      0        0
  MONTH TO DATE    0                         0      0        0
  SINCE DEC 1      0                         0      0        0
  SINCE JAN 1      0                         0      0        0
..................................................................


WIND (MPH)
  HIGHEST WIND SPEED    20   HIGHEST WIND DIRECTION     S (160)
  HIGHEST GUST SPEED    25   HIGHEST GUST DIRECTION    SE (150)
  AVERAGE WIND SPEED     9.0



WEATHER CONDITIONS
 THE FOLLOWING WEATHER WAS RECORDED YESTERDAY.
  LIGHT SNOW
  FOG
  HAZE


RELATIVE HUMIDITY (PERCENT)
 HIGHEST   100           400 PM
 LOWEST     75           800 AM
 AVERAGE    88

..........................................................


THE WINNEMUCCA AIRPORT NV CLIMATE NORMALS FOR TODAY
                         NORMAL    RECORD    YEAR
 MAXIMUM TEMPERATURE (F)   42        59      1961
                                             1950
 MINIMUM TEMPERATURE (F)   19       -36      1937


SUNRISE AND SUNSET
JANUARY 21 2017.......SUNRISE   710 AM PST   SUNSET   455 PM PST
JANUARY 22 2017.......SUNRISE   710 AM PST   SUNSET   457 PM PST


-  INDICATES NEGATIVE NUMBERS.
R  INDICATES RECORD WAS SET OR TIED.
MM INDICATES DATA IS MISSING.
T  INDICATES TRACE AMOUNT.




$$
