000
CDUS45 KLKN 300030
CLIWMC


CLIMATE REPORT
NATIONAL WEATHER SERVICE ELKO NV
526 PM PDT MON AUG 29 2016


...................................

...THE WINNEMUCCA AIRPORT NV CLIMATE SUMMARY FOR AUGUST 29 2016...
VALID TODAY AS OF 500 PM LOCAL TIME.

CLIMATE NORMAL PERIOD 1981 TO 2010
CLIMATE RECORD PERIOD 1877 TO 2016


WEATHER ITEM   OBSERVED TIME   RECORD YEAR NORMAL DEPARTURE LAST
                VALUE   (LST)  VALUE       VALUE  FROM      YEAR
                                                  NORMAL
..................................................................
TEMPERATURE (F)
 TODAY
  MAXIMUM         94    332 PM 101    1998  88      6       91
                                      1915
  MINIMUM         43    531 AM  33    1964  46     -3       54
                                      1879
  AVERAGE         69                        67      2       73

PRECIPITATION (IN)
  TODAY            0.00          0.53 1979   0.01  -0.01     0.00
  MONTH TO DATE    T                         0.17  -0.17     0.23
  SINCE OCT 1      8.86                      7.83   1.03     9.13
  SINCE JAN 1      4.58                      5.35  -0.77     6.56

SNOWFALL (IN)
  TODAY            0.0           0.0  1877   0.0    0.0      0.0
  MONTH TO DATE    0.0                       0.0    0.0      0.0
  SINCE JUN 1      0.0                       T      0.0      0.0
  SINCE JUL 1      0.0                       0.0    0.0      0.0
  SNOW DEPTH       0

DEGREE DAYS
 HEATING
  TODAY            0                         2     -2        0
  MONTH TO DATE    3                        14    -11        1
  SINCE JUN 1     74                       129    -55       28
  SINCE JUL 1     20                        24     -4        6

 COOLING
  TODAY            4                         3      1        8
  MONTH TO DATE  186                       170     16      178
  SINCE JUN 1    550                       492     58      583
  SINCE JAN 1    550                       503     47      587
..................................................................


WIND (MPH)
  HIGHEST WIND SPEED    17   HIGHEST WIND DIRECTION    SW (240)
  HIGHEST GUST SPEED    28   HIGHEST GUST DIRECTION    SW (240)



WEATHER CONDITIONS
 THE FOLLOWING WEATHER WAS RECORDED TODAY.
  NO SIGNIFICANT WEATHER WAS OBSERVED.


RELATIVE HUMIDITY (PERCENT)
 HIGHEST    37           300 AM
 LOWEST      7           100 PM
 AVERAGE    22

..........................................................


THE WINNEMUCCA AIRPORT NV CLIMATE NORMALS FOR TOMORROW
                         NORMAL    RECORD    YEAR
 MAXIMUM TEMPERATURE (F)   87        99      1955
                                             1950
                                             1940
 MINIMUM TEMPERATURE (F)   45        29      1951


SUNRISE AND SUNSET
AUGUST 29 2016........SUNRISE   616 AM PDT   SUNSET   727 PM PDT
AUGUST 30 2016........SUNRISE   617 AM PDT   SUNSET   726 PM PDT


-  INDICATES NEGATIVE NUMBERS.
R  INDICATES RECORD WAS SET OR TIED.
MM INDICATES DATA IS MISSING.
T  INDICATES TRACE AMOUNT.




$$
