000
CDUS45 KLKN 250931
CLIWMC


CLIMATE REPORT
NATIONAL WEATHER SERVICE ELKO NV
229 AM PDT THU MAY 25 2017


...................................

...THE WINNEMUCCA AIRPORT NV CLIMATE SUMMARY FOR MAY 24 2017...

CLIMATE NORMAL PERIOD 1981 TO 2010
CLIMATE RECORD PERIOD 1877 TO 2017


WEATHER ITEM   OBSERVED TIME   RECORD YEAR NORMAL DEPARTURE LAST
                VALUE   (LST)  VALUE       VALUE  FROM      YEAR
                                                  NORMAL
..................................................................
TEMPERATURE (F)
 YESTERDAY
  MAXIMUM         86    351 PM  97    2001  75     11       66
  MINIMUM         47    214 AM  27    2013  40      7       39
  AVERAGE         67                        57     10       53

PRECIPITATION (IN)
  YESTERDAY        0.03          0.49 1955   0.03   0.00      T
                                      1937
  MONTH TO DATE    0.43                      0.89  -0.46     0.54
  SINCE OCT 1      9.77                      6.62   3.15     8.74
  SINCE JAN 1      5.23                      4.14   1.09     4.46

SNOWFALL (IN)
  YESTERDAY       MM             1.9  1978   0.0   MM        0.0
  MONTH TO DATE    0.2                       0.1    0.1      0.0
  SINCE MAR 1      2.4                       4.9   -2.5      1.7
  SINCE JUL 1     18.5                      20.9   -2.4     21.1
  SNOW DEPTH       0

DEGREE DAYS
 HEATING
  YESTERDAY        0                         8     -8       12
  MONTH TO DATE  269                       268      1      271
  SINCE MAR 1   1460                      1559    -99     1393
  SINCE JUL 1   5899                      6148   -249     5570

 COOLING
  YESTERDAY        2                         1      1        0
  MONTH TO DATE    2                         2      0        0
  SINCE MAR 1      2                         2      0        0
  SINCE JAN 1      2                         2      0        0
..................................................................


WIND (MPH)
  HIGHEST WIND SPEED    45   HIGHEST WIND DIRECTION     W (270)
  HIGHEST GUST SPEED    57   HIGHEST GUST DIRECTION     W (250)
  AVERAGE WIND SPEED    12.2



WEATHER CONDITIONS
 THE FOLLOWING WEATHER WAS RECORDED YESTERDAY.
  THUNDERSTORM
  LIGHT RAIN
  HAZE


RELATIVE HUMIDITY (PERCENT)
 HIGHEST    61           200 AM
 LOWEST     12           300 PM
 AVERAGE    37

..........................................................


THE WINNEMUCCA AIRPORT NV CLIMATE NORMALS FOR TODAY
                         NORMAL    RECORD    YEAR
 MAXIMUM TEMPERATURE (F)   75        94      2001
                                             1992
 MINIMUM TEMPERATURE (F)   40        26      2010


SUNRISE AND SUNSET
MAY 25 2017...........SUNRISE   525 AM PDT   SUNSET   811 PM PDT
MAY 26 2017...........SUNRISE   525 AM PDT   SUNSET   812 PM PDT


-  INDICATES NEGATIVE NUMBERS.
R  INDICATES RECORD WAS SET OR TIED.
MM INDICATES DATA IS MISSING.
T  INDICATES TRACE AMOUNT.




$$
