000
CDUS45 KLKN 130927
CLIWMC


CLIMATE REPORT
NATIONAL WEATHER SERVICE ELKO NV
126 AM PST SAT FEB 13 2016


...................................

...THE WINNEMUCCA AIRPORT NV CLIMATE SUMMARY FOR FEBRUARY 12 2016...

CLIMATE NORMAL PERIOD 1981 TO 2010
CLIMATE RECORD PERIOD 1877 TO 2016


WEATHER ITEM   OBSERVED TIME   RECORD YEAR NORMAL DEPARTURE LAST
                VALUE   (LST)  VALUE       VALUE  FROM      YEAR
                                                  NORMAL
..................................................................
TEMPERATURE (F)
 YESTERDAY
  MAXIMUM         57    205 PM  69    1971  47     10       61
  MINIMUM         26    400 AM  -7    1949  22      4       25
  AVERAGE         42                        34      8       43

PRECIPITATION (IN)
  YESTERDAY        0.00          0.33 1882   0.02  -0.02     0.00
  MONTH TO DATE    0.09                      0.28  -0.19     0.49
  SINCE OCT 1      6.27                      3.63   2.64     3.46
  SINCE JAN 1      1.99                      1.15   0.84     0.89

SNOWFALL (IN)
  YESTERDAY        0.0           3.3  1882   0.1   -0.1      0.0
  MONTH TO DATE    1.2                       1.6   -0.4      0.0
  SINCE DEC 1     19.1                      10.7    8.4       T
  SINCE JUL 1     19.4                      14.2    5.2      2.3
  SNOW DEPTH       0

DEGREE DAYS
 HEATING
  YESTERDAY       23                        30     -7       22
  MONTH TO DATE  370                       380    -10      240
  SINCE DEC 1   2457                      2565   -108     2051
  SINCE JUL 1   3806                      4133   -327     3345

 COOLING
  YESTERDAY        0                         0      0        0
  MONTH TO DATE    0                         0      0        0
  SINCE DEC 1      0                         0      0        0
  SINCE JAN 1      0                         0      0        0
..................................................................


WIND (MPH)
  HIGHEST WIND SPEED    13   HIGHEST WIND DIRECTION    NE (50)
  HIGHEST GUST SPEED    16   HIGHEST GUST DIRECTION    NE (50)
  AVERAGE WIND SPEED     5.8



WEATHER CONDITIONS
 THE FOLLOWING WEATHER WAS RECORDED YESTERDAY.
  NO SIGNIFICANT WEATHER WAS OBSERVED.


RELATIVE HUMIDITY (PERCENT)
 HIGHEST    92           200 AM
 LOWEST     43           200 PM
 AVERAGE    68

..........................................................


THE WINNEMUCCA AIRPORT NV CLIMATE NORMALS FOR TODAY
                         NORMAL    RECORD    YEAR
 MAXIMUM TEMPERATURE (F)   47        68      1971
 MINIMUM TEMPERATURE (F)   23       -21      1903


SUNRISE AND SUNSET
FEBRUARY 13 2016......SUNRISE   648 AM PST   SUNSET   523 PM PST
FEBRUARY 14 2016......SUNRISE   647 AM PST   SUNSET   524 PM PST


-  INDICATES NEGATIVE NUMBERS.
R  INDICATES RECORD WAS SET OR TIED.
MM INDICATES DATA IS MISSING.
T  INDICATES TRACE AMOUNT.




$$
