000
CDUS45 KLKN 040932
CLIWMC


CLIMATE REPORT
NATIONAL WEATHER SERVICE ELKO NV
232 AM PDT WED MAY 4 2016


...................................

...THE WINNEMUCCA AIRPORT NV CLIMATE SUMMARY FOR MAY 3 2016...

CLIMATE NORMAL PERIOD 1981 TO 2010
CLIMATE RECORD PERIOD 1877 TO 2016


WEATHER ITEM   OBSERVED TIME   RECORD YEAR NORMAL DEPARTURE LAST
                VALUE   (LST)  VALUE       VALUE  FROM      YEAR
                                                  NORMAL
..................................................................
TEMPERATURE (F)
 YESTERDAY
  MAXIMUM         75    140 PM  90    1947  68      7       79
  MINIMUM         33    455 AM  16    1959  35     -2       42
  AVERAGE         54                        51      3       61

PRECIPITATION (IN)
  YESTERDAY        0.00          0.78 1930   0.04  -0.04     0.00
  MONTH TO DATE    T                         0.12  -0.12     0.00
  SINCE OCT 1      8.20                      5.85   2.35     5.74
  SINCE JAN 1      3.92                      3.37   0.55     3.17

SNOWFALL (IN)
  YESTERDAY        0.0           2.1  1975   0.0    0.0      0.0
  MONTH TO DATE    0.0                       0.0    0.0      0.0
  SINCE MAR 1      1.7                       4.8   -3.1      2.4
  SINCE JUL 1     21.1                      20.8    0.3      5.3
  SNOW DEPTH       0

DEGREE DAYS
 HEATING
  YESTERDAY       11                        14     -3        4
  MONTH TO DATE   40                        42     -2       18
  SINCE MAR 1   1162                      1333   -171     1193
  SINCE JUL 1   5339                      5922   -583     4975

 COOLING
  YESTERDAY        0                         0      0        0
  MONTH TO DATE    0                         0      0        0
  SINCE MAR 1      0                         0      0        0
  SINCE JAN 1      0                         0      0        0
..................................................................


WIND (MPH)
  HIGHEST WIND SPEED    14   HIGHEST WIND DIRECTION    SE (130)
  HIGHEST GUST SPEED    19   HIGHEST GUST DIRECTION     S (160)
  AVERAGE WIND SPEED     6.6



WEATHER CONDITIONS
 THE FOLLOWING WEATHER WAS RECORDED YESTERDAY.
  NO SIGNIFICANT WEATHER WAS OBSERVED.


RELATIVE HUMIDITY (PERCENT)
 HIGHEST    82           300 AM
 LOWEST     19           400 PM
 AVERAGE    51

..........................................................


THE WINNEMUCCA AIRPORT NV CLIMATE NORMALS FOR TODAY
                         NORMAL    RECORD    YEAR
 MAXIMUM TEMPERATURE (F)   68        89      2004
 MINIMUM TEMPERATURE (F)   35        14      1959


SUNRISE AND SUNSET
MAY  4 2016...........SUNRISE   545 AM PDT   SUNSET   751 PM PDT
MAY  5 2016...........SUNRISE   544 AM PDT   SUNSET   753 PM PDT


-  INDICATES NEGATIVE NUMBERS.
R  INDICATES RECORD WAS SET OR TIED.
MM INDICATES DATA IS MISSING.
T  INDICATES TRACE AMOUNT.




$$
