000
CDUS45 KLKN 300928
CLIWMC


CLIMATE REPORT
NATIONAL WEATHER SERVICE ELKO NV
228 AM PDT THU MAR 30 2017


...................................

...THE WINNEMUCCA AIRPORT NV CLIMATE SUMMARY FOR MARCH 29 2017...

CLIMATE NORMAL PERIOD 1981 TO 2010
CLIMATE RECORD PERIOD 1877 TO 2017


WEATHER ITEM   OBSERVED TIME   RECORD YEAR NORMAL DEPARTURE LAST
                VALUE   (LST)  VALUE       VALUE  FROM      YEAR
                                                  NORMAL
..................................................................
TEMPERATURE (F)
 YESTERDAY
  MAXIMUM         66    157 PM  82    1879  58      8       36
  MINIMUM         24    601 AM  11    1996  28     -4       30
  AVERAGE         45                        43      2       33

PRECIPITATION (IN)
  YESTERDAY        0.05          0.49 1905   0.02   0.03     0.12
  MONTH TO DATE    0.60                      0.77  -0.17     0.74
  SINCE OCT 1      7.73                      4.78   2.95     7.13
  SINCE JAN 1      3.19                      2.30   0.89     2.85

SNOWFALL (IN)
  YESTERDAY        0.0           0.9  1984   0.1   -0.1       T
  MONTH TO DATE    1.4                       3.0   -1.6      1.7
  SINCE MAR 1      1.4                       3.0   -1.6      1.7
  SINCE JUL 1     17.5                      19.0   -1.5     21.1
  SNOW DEPTH       0

DEGREE DAYS
 HEATING
  YESTERDAY       20                        22     -2       32
  MONTH TO DATE  582                       696   -114      616
  SINCE MAR 1    582                       696   -114      616
  SINCE JUL 1   5021                      5285   -264     4793

 COOLING
  YESTERDAY        0                         0      0        0
  MONTH TO DATE    0                         0      0        0
  SINCE MAR 1      0                         0      0        0
  SINCE JAN 1      0                         0      0        0
..................................................................


WIND (MPH)
  HIGHEST WIND SPEED    25   HIGHEST WIND DIRECTION     W (250)
  HIGHEST GUST SPEED    32   HIGHEST GUST DIRECTION     W (250)
  AVERAGE WIND SPEED     6.9



WEATHER CONDITIONS
 THE FOLLOWING WEATHER WAS RECORDED YESTERDAY.
  LIGHT RAIN
  FOG


RELATIVE HUMIDITY (PERCENT)
 HIGHEST   100           200 AM
 LOWEST     34           200 PM
 AVERAGE    67

..........................................................


THE WINNEMUCCA AIRPORT NV CLIMATE NORMALS FOR TODAY
                         NORMAL    RECORD    YEAR
 MAXIMUM TEMPERATURE (F)   59        79      1966
 MINIMUM TEMPERATURE (F)   28         3      1905


SUNRISE AND SUNSET
MARCH 30 2017.........SUNRISE   637 AM PDT   SUNSET   714 PM PDT
MARCH 31 2017.........SUNRISE   636 AM PDT   SUNSET   715 PM PDT


-  INDICATES NEGATIVE NUMBERS.
R  INDICATES RECORD WAS SET OR TIED.
MM INDICATES DATA IS MISSING.
T  INDICATES TRACE AMOUNT.




$$
