000
CDUS45 KRIW 280735
CLIWRL


CLIMATE REPORT
NATIONAL WEATHER SERVICE RIVERTON WY
135 AM MDT MON JUL 28 2014


...................................

...THE WORLAND WY CLIMATE SUMMARY FOR JULY 27 2014...

CLIMATE NORMAL PERIOD 1981 TO 2010
CLIMATE RECORD PERIOD 1947 TO 2014


WEATHER ITEM   OBSERVED TIME   RECORD YEAR NORMAL DEPARTURE LAST
                VALUE   (LST)  VALUE       VALUE  FROM      YEAR
                                                  NORMAL
..................................................................
TEMPERATURE (F)
 YESTERDAY
  MAXIMUM         92    512 PM 104    1975  90      2       86
  MINIMUM         50    441 AM  44    1993  56     -6       63
  AVERAGE         71                        73     -2       75

PRECIPITATION (IN)
  YESTERDAY        0.00          0.03 2012   0.03  -0.03     0.00
  MONTH TO DATE    0.08                      0.62  -0.54     0.20
  SINCE JUN 1      1.70                      1.77  -0.07     0.29
  SINCE JAN 1      3.91                      4.93  -1.02     2.98

DEGREE DAYS
 HEATING
  YESTERDAY        0                         0      0        0
  MONTH TO DATE    1                        10     -9        0
  SINCE JUN 1     91                       103    -12       45
  SINCE JUL 1      1                        10     -9        0

 COOLING
  YESTERDAY        6                         8     -2       10
  MONTH TO DATE  256                       196     60      311
  SINCE JUN 1    285                       280      5      444
  SINCE JAN 1    315                       292     23      461
..................................................................


WIND (MPH)
  HIGHEST WIND SPEED    13   HIGHEST WIND DIRECTION    SE (120)
  HIGHEST GUST SPEED    16   HIGHEST GUST DIRECTION    SE (120)
  AVERAGE WIND SPEED     5.1


SKY COVER
  POSSIBLE SUNSHINE  MM
  AVERAGE SKY COVER 0.0


WEATHER CONDITIONS
 THE FOLLOWING WEATHER WAS RECORDED YESTERDAY.
  NO SIGNIFICANT WEATHER WAS OBSERVED.


RELATIVE HUMIDITY (PERCENT)
 HIGHEST    48           500 AM
 LOWEST      9           500 PM
 AVERAGE    29

..........................................................


THE WORLAND WY CLIMATE NORMALS FOR TODAY
                         NORMAL    RECORD    YEAR
 MAXIMUM TEMPERATURE (F)   90       106      1975
 MINIMUM TEMPERATURE (F)   56        47      1993


SUNRISE AND SUNSET
JULY 28 2014..........SUNRISE   556 AM MDT   SUNSET   840 PM MDT
JULY 29 2014..........SUNRISE   557 AM MDT   SUNSET   839 PM MDT


-  INDICATES NEGATIVE NUMBERS.
R  INDICATES RECORD WAS SET OR TIED.
MM INDICATES DATA IS MISSING.
T  INDICATES TRACE AMOUNT.




$$
