000
CDUS45 KRIW 010739
CLIWRL


CLIMATE REPORT
NATIONAL WEATHER SERVICE RIVERTON WY
127 AM MDT WED JUN 1 2016


...................................

...THE WORLAND WY CLIMATE SUMMARY FOR MAY 31 2016...

CLIMATE NORMAL PERIOD 1981 TO 2010
CLIMATE RECORD PERIOD 1947 TO 2016


WEATHER ITEM   OBSERVED TIME   RECORD YEAR NORMAL DEPARTURE LAST
                VALUE   (LST)  VALUE       VALUE  FROM      YEAR
                                                  NORMAL
..................................................................
TEMPERATURE (F)
 YESTERDAY
  MAXIMUM         69    328 PM  93    1986  75     -6       81
  MINIMUM         45   1159 PM  37    2011  45      0       53
                                      2006
                                      1983
  AVERAGE         57                        60     -3       67

PRECIPITATION (IN)
  YESTERDAY        0.00          0.45 1995   0.05  -0.05     0.01
  MONTH TO DATE    1.42                      1.42   0.00     3.06
  SINCE MAR 1      3.73                      2.74   0.99     3.41
  SINCE JAN 1      3.76                      3.16   0.60     4.18

DEGREE DAYS
 HEATING
  YESTERDAY        8                         6      2        0
  MONTH TO DATE  313                       308      5      341
  SINCE MAR 1   1606                      1775   -169     1606
  SINCE JUL 1   6991                      7776   -785     7515

 COOLING
  YESTERDAY        0                         1     -1        2
  MONTH TO DATE    2                        11     -9        2
  SINCE MAR 1      2                        12    -10        2
  SINCE JAN 1      2                        12    -10        2
..................................................................


WIND (MPH)
  HIGHEST WIND SPEED    22   HIGHEST WIND DIRECTION     N (340)
  HIGHEST GUST SPEED    28   HIGHEST GUST DIRECTION     N (350)
  AVERAGE WIND SPEED     8.9


SKY COVER
  POSSIBLE SUNSHINE  MM
  AVERAGE SKY COVER 0.4


WEATHER CONDITIONS
 THE FOLLOWING WEATHER WAS RECORDED YESTERDAY.
  NO SIGNIFICANT WEATHER WAS OBSERVED.


RELATIVE HUMIDITY (PERCENT)
 HIGHEST    71           500 AM
 LOWEST     18           300 PM
 AVERAGE    45

..........................................................


THE WORLAND WY CLIMATE NORMALS FOR TODAY
                         NORMAL    RECORD    YEAR
 MAXIMUM TEMPERATURE (F)   75        96      1977
 MINIMUM TEMPERATURE (F)   46        36      1969


SUNRISE AND SUNSET
JUNE  1 2016..........SUNRISE   532 AM MDT   SUNSET   848 PM MDT
JUNE  2 2016..........SUNRISE   531 AM MDT   SUNSET   849 PM MDT


-  INDICATES NEGATIVE NUMBERS.
R  INDICATES RECORD WAS SET OR TIED.
MM INDICATES DATA IS MISSING.
T  INDICATES TRACE AMOUNT.




$$
