507
CDUS45 KRIW 010758
CLIWRL


CLIMATE REPORT
NATIONAL WEATHER SERVICE RIVERTON WY
145 AM MDT SAT OCT 1 2016


...................................

...THE WORLAND WY CLIMATE SUMMARY FOR SEPTEMBER 30 2016...

CLIMATE NORMAL PERIOD 1981 TO 2010
CLIMATE RECORD PERIOD 1947 TO 2016


WEATHER ITEM   OBSERVED TIME   RECORD YEAR NORMAL DEPARTURE LAST
                VALUE   (LST)  VALUE       VALUE  FROM      YEAR
                                                  NORMAL
..................................................................
TEMPERATURE (F)
 YESTERDAY
  MAXIMUM         78    404 PM  90    1963  67     11       87
  MINIMUM         45    558 AM  22    1985  37      8       40
  AVERAGE         62                        52     10       64

PRECIPITATION (IN)
  YESTERDAY        0.00          0.49 1995   0.03  -0.03     0.00
  MONTH TO DATE    1.97                      0.85   1.12     0.13
  SINCE SEP 1      1.97                      0.85   1.12     0.13
  SINCE JAN 1      6.44                      6.30   0.14     6.25

DEGREE DAYS
 HEATING
  YESTERDAY        3                        13    -10        1
  MONTH TO DATE  185                       221    -36       77
  SINCE SEP 1    185                       221    -36       77
  SINCE JUL 1    216                       257    -41      114

 COOLING
  YESTERDAY        0                         0      0        0
  MONTH TO DATE   25                        29     -4       55
  SINCE SEP 1     25                        29     -4       55
  SINCE JAN 1    690                       535    155      631
..................................................................


WIND (MPH)
  HIGHEST WIND SPEED    10   HIGHEST WIND DIRECTION     S (160)
  HIGHEST GUST SPEED    11   HIGHEST GUST DIRECTION     S (180)
  AVERAGE WIND SPEED     3.8


SKY COVER
  POSSIBLE SUNSHINE  MM
  AVERAGE SKY COVER 0.0


WEATHER CONDITIONS
 THE FOLLOWING WEATHER WAS RECORDED YESTERDAY.
  HAZE


RELATIVE HUMIDITY (PERCENT)
 HIGHEST    93           500 AM
 LOWEST     29           200 PM
 AVERAGE    61

..........................................................


THE WORLAND WY CLIMATE NORMALS FOR TODAY
                         NORMAL    RECORD    YEAR
 MAXIMUM TEMPERATURE (F)   66        91      2011
 MINIMUM TEMPERATURE (F)   36        24      1985


SUNRISE AND SUNSET
OCTOBER  1 2016.......SUNRISE   710 AM MDT   SUNSET   652 PM MDT
OCTOBER  2 2016.......SUNRISE   711 AM MDT   SUNSET   650 PM MDT


-  INDICATES NEGATIVE NUMBERS.
R  INDICATES RECORD WAS SET OR TIED.
MM INDICATES DATA IS MISSING.
T  INDICATES TRACE AMOUNT.




$$
