000
CDUS45 KRIW 160739
CLIWRL


CLIMATE REPORT
NATIONAL WEATHER SERVICE RIVERTON WY
138 AM MDT TUE SEP 16 2014


...................................

...THE WORLAND WY CLIMATE SUMMARY FOR SEPTEMBER 15 2014...

CLIMATE NORMAL PERIOD 1981 TO 2010
CLIMATE RECORD PERIOD 1947 TO 2014


WEATHER ITEM   OBSERVED TIME   RECORD YEAR NORMAL DEPARTURE LAST
                VALUE   (LST)  VALUE       VALUE  FROM      YEAR
                                                  NORMAL
..................................................................
TEMPERATURE (F)
 YESTERDAY
  MAXIMUM         80    355 PM  94    2000  75      5       75
  MINIMUM         37    614 AM  30    1965  43     -6       56
  AVERAGE         59                        59      0       66

PRECIPITATION (IN)
  YESTERDAY        0.00          0.41 1960   0.03  -0.03     0.00
  MONTH TO DATE    0.68                      0.37   0.31     0.37
  SINCE SEP 1      0.68                      0.37   0.31     0.37
  SINCE JAN 1      6.27                      5.82   0.45     3.58

DEGREE DAYS
 HEATING
  YESTERDAY        6                         7     -1        0
  MONTH TO DATE  131                        67     64       17
  SINCE SEP 1    131                        67     64       17
  SINCE JUL 1    165                       103     62       17

 COOLING
  YESTERDAY        0                         1     -1        1
  MONTH TO DATE    7                        25    -18       80
  SINCE SEP 1      7                        25    -18       80
  SINCE JAN 1    516                       531    -15      841
..................................................................


WIND (MPH)
  HIGHEST WIND SPEED    10   HIGHEST WIND DIRECTION     S (170)
  HIGHEST GUST SPEED    12   HIGHEST GUST DIRECTION     N (20)
  AVERAGE WIND SPEED     3.9


SKY COVER
  POSSIBLE SUNSHINE  MM
  AVERAGE SKY COVER 0.0


WEATHER CONDITIONS
 THE FOLLOWING WEATHER WAS RECORDED YESTERDAY.
  NO SIGNIFICANT WEATHER WAS OBSERVED.


RELATIVE HUMIDITY (PERCENT)
 HIGHEST    92           300 AM
 LOWEST     26           400 PM
 AVERAGE    59

..........................................................


THE WORLAND WY CLIMATE NORMALS FOR TODAY
                         NORMAL    RECORD    YEAR
 MAXIMUM TEMPERATURE (F)   74        98      2000
 MINIMUM TEMPERATURE (F)   43        28      1965


SUNRISE AND SUNSET
SEPTEMBER 16 2014.....SUNRISE   652 AM MDT   SUNSET   720 PM MDT
SEPTEMBER 17 2014.....SUNRISE   653 AM MDT   SUNSET   718 PM MDT


-  INDICATES NEGATIVE NUMBERS.
R  INDICATES RECORD WAS SET OR TIED.
MM INDICATES DATA IS MISSING.
T  INDICATES TRACE AMOUNT.




$$
