000
CDUS45 KRIW 010735
CLIWRL


CLIMATE REPORT
NATIONAL WEATHER SERVICE RIVERTON WY
135 AM MDT SAT NOV 1 2014


...................................

...THE WORLAND WY CLIMATE SUMMARY FOR OCTOBER 31 2014...

CLIMATE NORMAL PERIOD 1981 TO 2010
CLIMATE RECORD PERIOD 1947 TO 2014


WEATHER ITEM   OBSERVED TIME   RECORD YEAR NORMAL DEPARTURE LAST
                VALUE   (LST)  VALUE       VALUE  FROM      YEAR
                                                  NORMAL
..................................................................
TEMPERATURE (F)
 YESTERDAY
  MAXIMUM         74    349 PM  77    1999  54     20       54
  MINIMUM         30    659 AM  -3    1991  25      5       24
  AVERAGE         52                        39     13       39

PRECIPITATION (IN)
  YESTERDAY        0.00          0.30 1974   0.01  -0.01     0.00
  MONTH TO DATE    0.27                      0.69  -0.42     1.78
  SINCE SEP 1      1.40                      1.54  -0.14     4.41
  SINCE JAN 1      6.99                      6.99   0.00     7.62

DEGREE DAYS
 HEATING
  YESTERDAY       13                        26    -13       26
  MONTH TO DATE  434                       605   -171      687
  SINCE SEP 1    612                       826   -214      833
  SINCE JUL 1    646                       862   -216      833

 COOLING
  YESTERDAY        0                         0      0        0
  MONTH TO DATE    0                         0      0        0
  SINCE SEP 1     34                        29      5       91
  SINCE JAN 1    543                       535      8      852
..................................................................


WIND (MPH)
  HIGHEST WIND SPEED    16   HIGHEST WIND DIRECTION     S (190)
  HIGHEST GUST SPEED    21   HIGHEST GUST DIRECTION     S (190)
  AVERAGE WIND SPEED     5.1


SKY COVER
  POSSIBLE SUNSHINE  MM
  AVERAGE SKY COVER 0.0


WEATHER CONDITIONS
 THE FOLLOWING WEATHER WAS RECORDED YESTERDAY.
  HAZE


RELATIVE HUMIDITY (PERCENT)
 HIGHEST    69           600 AM
 LOWEST     19           300 PM
 AVERAGE    44

..........................................................


THE WORLAND WY CLIMATE NORMALS FOR TODAY
                         NORMAL    RECORD    YEAR
 MAXIMUM TEMPERATURE (F)   53        75      1988
 MINIMUM TEMPERATURE (F)   25         8      1995


SUNRISE AND SUNSET
NOVEMBER  1 2014......SUNRISE   748 AM MDT   SUNSET   602 PM MDT
NOVEMBER  2 2014......SUNRISE   650 AM MST   SUNSET   501 PM MST


-  INDICATES NEGATIVE NUMBERS.
R  INDICATES RECORD WAS SET OR TIED.
MM INDICATES DATA IS MISSING.
T  INDICATES TRACE AMOUNT.




$$
