000
CDUS45 KRIW 200731
CLIWRL


CLIMATE REPORT
NATIONAL WEATHER SERVICE RIVERTON WY
128 AM MDT FRI OCT 20 2017


...................................

...THE WORLAND WY CLIMATE SUMMARY FOR OCTOBER 19 2017...

CLIMATE NORMAL PERIOD 1981 TO 2010
CLIMATE RECORD PERIOD 1947 TO 2017


WEATHER ITEM   OBSERVED TIME   RECORD YEAR NORMAL DEPARTURE LAST
                VALUE   (LST)  VALUE       VALUE  FROM      YEAR
                                                  NORMAL
..................................................................
TEMPERATURE (F)
 YESTERDAY
  MAXIMUM         77    256 PM  85    2003  59     18       52
  MINIMUM         29    606 AM  18    1976  30     -1       30
  AVERAGE         53                        44      9       41

PRECIPITATION (IN)
  YESTERDAY        0.00          0.03 2016   0.02  -0.02     0.03
  MONTH TO DATE    0.23                      0.51  -0.28     2.26
  SINCE SEP 1      2.30                      1.36   0.94     4.23
  SINCE JAN 1      7.80                      6.81   0.99     8.70

DEGREE DAYS
 HEATING
  YESTERDAY       12                        21     -9       24
  MONTH TO DATE  386                       326     60      295
  SINCE SEP 1    654                       547    107      480
  SINCE JUL 1    655                       583     72      511

 COOLING
  YESTERDAY        0                         0      0        0
  MONTH TO DATE    0                         0      0        0
  SINCE SEP 1     52                        29     23       25
  SINCE JAN 1    588                       535     53      690
..................................................................


WIND (MPH)
  HIGHEST WIND SPEED    17   HIGHEST WIND DIRECTION     S (200)
  HIGHEST GUST SPEED    19   HIGHEST GUST DIRECTION     S (200)
  AVERAGE WIND SPEED     6.2


SKY COVER
  POSSIBLE SUNSHINE  MM
  AVERAGE SKY COVER 0.0


WEATHER CONDITIONS
 THE FOLLOWING WEATHER WAS RECORDED YESTERDAY.
  NO SIGNIFICANT WEATHER WAS OBSERVED.


RELATIVE HUMIDITY (PERCENT)
 HIGHEST    85           600 AM
 LOWEST     10           300 PM
 AVERAGE    48

..........................................................


THE WORLAND WY CLIMATE NORMALS FOR TODAY
                         NORMAL    RECORD    YEAR
 MAXIMUM TEMPERATURE (F)   59        80      2003
 MINIMUM TEMPERATURE (F)   29        19      1987


SUNRISE AND SUNSET
OCTOBER 20 2017.......SUNRISE   733 AM MDT   SUNSET   619 PM MDT
OCTOBER 21 2017.......SUNRISE   734 AM MDT   SUNSET   618 PM MDT


-  INDICATES NEGATIVE NUMBERS.
R  INDICATES RECORD WAS SET OR TIED.
MM INDICATES DATA IS MISSING.
T  INDICATES TRACE AMOUNT.




$$
