000
CDUS45 KRIW 300753
CLIWRL


CLIMATE REPORT
NATIONAL WEATHER SERVICE RIVERTON WY
151 AM MDT SAT MAY 30 2015


...................................

...THE WORLAND WY CLIMATE SUMMARY FOR MAY 29 2015...

CLIMATE NORMAL PERIOD 1981 TO 2010
CLIMATE RECORD PERIOD 1947 TO 2015


WEATHER ITEM   OBSERVED TIME   RECORD YEAR NORMAL DEPARTURE LAST
                VALUE   (LST)  VALUE       VALUE  FROM      YEAR
                                                  NORMAL
..................................................................
TEMPERATURE (F)
 YESTERDAY
  MAXIMUM         68    459 PM  94    2003  74     -6       81
  MINIMUM         50    635 AM  33    1979  45      5       58
  AVERAGE         59                        59      0       70

PRECIPITATION (IN)
  YESTERDAY        0.01          0.88 1979   0.05  -0.04     0.03
  MONTH TO DATE    3.01                      1.32   1.69     1.13
  SINCE MAR 1      3.36                      2.64   0.72     1.82
  SINCE JAN 1      4.13                      3.06   1.07     2.20

DEGREE DAYS
 HEATING
  YESTERDAY        6                         6      0        0
  MONTH TO DATE  339                       296     43      283
  SINCE MAR 1   1604                      1762   -158     1805
  SINCE JUL 1   7513                      7763   -250     8185

 COOLING
  YESTERDAY        0                         1     -1        5
  MONTH TO DATE    0                         3     -3       26
  SINCE MAR 1      0                         4     -4       26
  SINCE JAN 1      0                         4     -4       26
..................................................................


WIND (MPH)
  HIGHEST WIND SPEED    15   HIGHEST WIND DIRECTION    SE (150)
  HIGHEST GUST SPEED    19   HIGHEST GUST DIRECTION     S (170)
  AVERAGE WIND SPEED     7.9


SKY COVER
  POSSIBLE SUNSHINE  MM
  AVERAGE SKY COVER 0.5


WEATHER CONDITIONS
 THE FOLLOWING WEATHER WAS RECORDED YESTERDAY.
  LIGHT RAIN


RELATIVE HUMIDITY (PERCENT)
 HIGHEST    89           200 AM
 LOWEST     42           400 PM
 AVERAGE    66

..........................................................


THE WORLAND WY CLIMATE NORMALS FOR TODAY
                         NORMAL    RECORD    YEAR
 MAXIMUM TEMPERATURE (F)   74        94      1966
 MINIMUM TEMPERATURE (F)   45        32      1982


SUNRISE AND SUNSET
MAY 30 2015...........SUNRISE   533 AM MDT   SUNSET   846 PM MDT
MAY 31 2015...........SUNRISE   533 AM MDT   SUNSET   847 PM MDT


-  INDICATES NEGATIVE NUMBERS.
R  INDICATES RECORD WAS SET OR TIED.
MM INDICATES DATA IS MISSING.
T  INDICATES TRACE AMOUNT.




$$
